-- Table structure for table `failed_jobs`
--

CREATE TABLE `failed_jobs` (
  `id` bigint unsigned NOT NULL AUTO_INCREMENT,
  `uuid` varchar(255) CHARACTER SET utf8mb4 COLLATE utf8mb4_unicode_ci NOT NULL,
  `connection` text CHARACTER SET utf8mb4 COLLATE utf8mb4_unicode_ci NOT NULL,
  `queue` text CHARACTER SET utf8mb4 COLLATE utf8mb4_unicode_ci NOT NULL,
  `payload` longtext CHARACTER SET utf8mb4 COLLATE utf8mb4_unicode_ci NOT NULL,
  `exception` longtext CHARACTER SET utf8mb4 COLLATE utf8mb4_unicode_ci NOT NULL,
  `failed_at` timestamp NOT NULL DEFAULT CURRENT_TIMESTAMP,
  PRIMARY KEY (`id`),
  UNIQUE KEY `failed_jobs_uuid_unique` (`uuid`)
) ENGINE=InnoDB DEFAULT CHARSET=utf8mb4 COLLATE=utf8mb4_unicode_ci;

--
-- Dumping data for table `failed_jobs`
--


--
-- Table structure for table `faq_jurusan`
--

CREATE TABLE `faq_jurusan` (
  `id` bigint unsigned NOT NULL AUTO_INCREMENT,
  `jurusan_id` bigint unsigned NOT NULL,
  `question` text CHARACTER SET utf8mb4 COLLATE utf8mb4_unicode_ci NOT NULL,
  `answer` text CHARACTER SET utf8mb4 COLLATE utf8mb4_unicode_ci NOT NULL,
  `created_at` timestamp NULL DEFAULT NULL,
  `updated_at` timestamp NULL DEFAULT NULL,
  PRIMARY KEY (`id`),
  KEY `faq_jurusan_jurusan_id_foreign` (`jurusan_id`),
  CONSTRAINT `faq_jurusan_jurusan_id_foreign` FOREIGN KEY (`jurusan_id`) REFERENCES `jurusan` (`id`) ON DELETE CASCADE ON UPDATE CASCADE
) ENGINE=InnoDB AUTO_INCREMENT=22 DEFAULT CHARSET=utf8mb4 COLLATE=utf8mb4_unicode_ci;

--
-- Dumping data for table `faq_jurusan`
--

INSERT INTO `faq_jurusan` VALUES (1,3,'Apa Yang Diajarkan Dalam Jurusan Rekayasa Perangkat Lunak','Jurusan Rekayasa Perangkat Lunak mengajarkan keterampilan dasar dalam pengembangan perangkat lunak. Mata pelajaran meliputi pemrograman, analisis kebutuhan perangkat lunak, pengujian perangkat lunak, manajemen proyek, dan dasar-dasar desain antarmuka pengguna.','2024-01-26 21:13:29','2024-01-26 21:13:29'),(2,3,'Tantangan Utama yang Dihadapi Siswa dalam Jurusan Ini?','Siswa dalam jurusan ini mungkin menghadapi tantangan seperti kompleksitas pemrograman, pemahaman konsep-konsep teknis yang mendalam, serta tuntutan proyek yang memerlukan kerja tim dan manajemen waktu yang baik. Selain itu, mereka juga perlu terus mengikuti perkembangan teknologi terkini.','2024-01-26 21:13:29','2024-01-26 21:13:29'),(3,3,'Peluang Karir Setelah Lulus dari Jurusan Rekayasa Perangkat Lunak?','Lulusan jurusan ini memiliki peluang untuk bekerja sebagai pengembang perangkat lunak, analis sistem, atau spesialis pengujian perangkat lunak. Mereka juga dapat melanjutkan pendidikan ke jenjang yang lebih tinggi atau memilih untuk menjadi wirausaha dan membuka usaha pengembangan perangkat lunak sendiri.','2024-01-26 21:13:29','2024-01-26 21:13:29'),(4,3,'Apakah Diperlukan Keterampilan Khusus Sebelum Masuk Jurusan Ini?','Meskipun tidak selalu diperlukan, memiliki pemahaman dasar tentang pemrograman atau keterampilan komputer dasar akan memberikan keuntungan tambahan. Siswa yang memiliki minat dan keterampilan dalam matematika dan logika juga dapat lebih mudah beradaptasi dengan materi pelajaran dalam jurusan Rekayasa Perangkat Lunak.','2024-01-26 21:13:29','2024-01-26 21:13:29'),(5,1,'Apa yang Diajarkan dalam Jurusan Akuntansi?','Di Jurusan Akuntansi, siswa mempelajari dasar-dasar akuntansi seperti pembukuan, analisis laporan keuangan, serta penerapan prinsip-prinsip akuntansi.','2024-01-26 21:13:29','2024-01-26 21:13:29'),(6,1,'Tantangan Utama yang Dihadapi Siswa dalam Jurusan Ini?','Siswa dalam jurusan akuntansi seringkali menghadapi tantangan dalam memahami konsep-konsep akuntansi yang kompleks dan teknis. Materi pembelajaran yang melibatkan prinsip-prinsip akuntansi dapat menjadi rumit, memerlukan pemahaman yang mendalam untuk mengaplikasikannya dengan benar.','2024-01-26 21:13:29','2024-01-26 21:13:29'),(7,1,'Peluang Karir Setelah Lulus dari Jurusan Akuntansi?','Lulusan Jurusan Akuntansi memiliki berbagai peluang karir, termasuk menjadi akuntan, auditor, atau staf keuangan di berbagai perusahaan dan lembaga. Mereka juga dapat melanjutkan pendidikan ke jenjang yang lebih tinggi untuk memperluas peluang karir mereka.','2024-01-26 21:13:29','2024-01-26 21:13:29'),(8,1,'Bagaimana sekolah mendukung proses pembelajaran pada jurusan Akuntansi?','Kami menyediakan fasilitas dan sarana untuk mendukung pengembangan keterampilan praktis siswa dalam bidang Akuntansi. Ini melibatkan penggunaan perangkat lunak akuntansi terkini, proyek praktik langsung, serta kolaborasi dengan industri atau perusahaan terkait untuk memastikan bahwa siswa memiliki keterampilan yang sesuai dengan tuntutan dunia kerja.','2024-01-26 21:13:29','2024-01-26 21:13:29'),(9,2,'Bagaimana kurikulum di jurusan ini disesuaikan dengan perkembangan teknologi dan tren bisnis terkini?','Kurikulum di jurusan Bisnis Daring & Pemasaran di SMK Taruna Harapan 1 Cipatat terus disesuaikan dengan perkembangan teknologi dan tren bisnis terkini. Siswa akan belajar tentang penggunaan platform online, analisis data pemasaran, dan strategi bisnis berbasis teknologi untuk mempersiapkan mereka menghadapi tantangan di dunia bisnis yang terus berubah.','2024-01-26 21:13:29','2024-01-26 21:13:29'),(10,2,'Apa saja keterampilan praktis yang akan dikuasai siswa dalam jurusan ini?','Siswa dalam jurusan Bisnis Daring & Pemasaran di SMK Taruna Harapan 1 Cipatat akan menguasai keterampilan praktis seperti membuat strategi pemasaran online, analisis data konsumen, manajemen media sosial, dan pengelolaan toko online. Hal ini bertujuan untuk memberikan bekal keterampilan yang sesuai dengan kebutuhan industri.','2024-01-26 21:13:29','2024-01-26 21:13:29'),(11,2,'Bagaimana sekolah mendukung pengembangan jiwa kewirausahaan siswa di jurusan ini?','Kami mendukung pengembangan jiwa kewirausahaan siswa dengan menyelenggarakan kegiatan seperti pelatihan kewirausahaan, simulasi bisnis, dan kolaborasi dengan pelaku industri. Ini memberikan siswa pengalaman praktis dalam mengelola bisnis serta meningkatkan kemampuan berpikir kreatif dan inovatif.','2024-01-26 21:13:29','2024-01-26 21:13:29'),(12,2,'Apa peluang karir yang dapat dikejar siswa lulusan dari jurusan Bisnis Daring & Pemasaran?','Lulusan jurusan Bisnis Daring & Pemasaran di SMK memiliki peluang karir yang luas, termasuk menjadi spesialis pemasaran online, manajer e-commerce, analis data pemasaran, atau bahkan membuka bisnis sendiri. Pelatihan yang komprehensif dalam jurusan ini memberikan siswa keunggulan dalam menghadapi berbagai peluang di dunia bisnis saat ini.','2024-01-26 21:13:29','2024-01-26 21:13:29'),(13,2,'Apa saja mata pelajaran yang diajarkan dalam jurusan Teknik & Bisnis Sepeda Motor?','Dalam program ini, siswa biasanya akan belajar tentang dasar-dasar mekanika sepeda motor, teknologi terkini dalam industri, dan keterampilan bisnis yang berkaitan dengan perawatan dan penjualan sepeda motor.','2024-01-26 21:13:29','2024-01-26 21:13:29'),(14,4,'Apa jenis keterampilan praktis yang dapat dipelajari dalam jurusan ini?','Siswa akan memperoleh keterampilan praktis dalam memahami sistem mekanika sepeda motor, pemeliharaan rutin, perbaikan, dan diagnosis masalah. Mereka juga mungkin belajar cara mengelola bisnis sepeda motor, termasuk strategi pemasaran dan manajemen stok.','2024-01-26 21:13:29','2024-01-26 21:13:29'),(15,4,'Apakah terdapat program magang atau kerja praktik dalam jurusan ini?','Banyak program SMK menawarkan peluang magang atau kerja praktik di bengkel sepeda motor, dealer, atau perusahaan terkait lainnya. Hal ini memungkinkan siswa untuk mengaplikasikan pengetahuan dan keterampilan mereka di lingkungan nyata serta membangun pengalaman kerja.','2024-01-26 21:13:29','2024-01-26 21:13:29'),(16,4,'Bagaimana peluang karir setelah lulus dari jurusan ini?','Lulusan jurusan Teknik & Bisnis Sepeda Motor dapat mengejar berbagai karir, termasuk menjadi mekanik sepeda motor, pemilik bengkel, penjual sepeda motor, atau bahkan menjadi wirausaha di industri sepeda motor.','2024-01-26 21:13:29','2024-01-26 21:13:29'),(17,4,'Apakah terdapat sertifikasi atau lisensi yang dapat diperoleh setelah menyelesaikan program ini?','Beberapa program SMK mungkin menawarkan peluang untuk mendapatkan sertifikasi atau lisensi tertentu yang dapat meningkatkan kredibilitas dan peluang pekerjaan siswa. Ini bisa mencakup sertifikasi dalam perawatan sepeda motor, teknologi terkini, atau keterampilan bisnis terkait.','2024-01-26 21:13:29','2024-01-26 21:13:29'),(18,5,'Bagaimana kurikulum di jurusan ini disusun untuk mengintegrasikan teknologi terbaru dalam industri otomotif?','Kurikulum di jurusan Teknik Kendaraan Ringan di SMK Taruna Harapan 1 Cipatat dirancang dengan memperhatikan perkembangan terbaru dalam industri otomotif. Siswa akan belajar tentang teknologi terkini dalam sistem kendaraan, termasuk diagnosis komputer, pemeliharaan kendaraan berbasis teknologi tinggi, dan integrasi teknologi ramah lingkungan.','2024-01-26 21:13:29','2024-01-26 21:13:29'),(19,5,'Apa saja keterampilan praktis yang akan dikuasai siswa dalam jurusan ini?','Siswa dalam jurusan Teknik Kendaraan Ringan di SMK Taruna Harapan 1 Cipatat akan menguasai keterampilan praktis seperti perawatan mesin, perbaikan sistem kelistrikan, analisis kerusakan kendaraan, dan penerapan teknologi terkini dalam industri otomotif. Hal ini bertujuan untuk mempersiapkan mereka untuk masuk ke dunia kerja atau melanjutkan studi ke jenjang yang lebih tinggi.','2024-01-26 21:13:29','2024-01-26 21:13:29'),(20,5,'Bagaimana sekolah mendukung pengalaman praktis siswa di jurusan ini, seperti magang industri atau proyek nyata?','Kami mendukung pengalaman praktis siswa di jurusan Teknik Kendaraan Ringan dengan menyelenggarakan magang industri, kunjungan ke bengkel otomotif, dan proyek-proyek nyata dalam kerjasama dengan industri otomotif lokal. Hal ini membantu siswa mengaplikasikan pengetahuan teoritis mereka dalam situasi kerja nyata.','2024-01-26 21:13:29','2024-01-26 21:13:29'),(21,5,'Apa peluang karir yang dapat dikejar siswa setelah lulus dari jurusan Teknik Kendaraan Ringan di SMK?','Lulusan jurusan Teknik Kendaraan Ringan memiliki peluang karir sebagai mekanik kendaraan bermotor, teknisi otomotif, atau spesialis servis di bengkel otomotif. Mereka juga dapat bekerja di dealer mobil, industri suku cadang, atau memilih untuk membuka bengkel sendiri. Pendidikan komprehensif dalam jurusan ini membuka pintu untuk berbagai karir dalam industri otomotif.','2024-01-26 21:13:29','2024-01-26 21:13:29');

--
-- Table structure for table `fasilitas`
--

CREATE TABLE `fasilitas` (
  `id` bigint unsigned NOT NULL AUTO_INCREMENT,
  `gambar_fasilitas` varchar(255) CHARACTER SET utf8mb4 COLLATE utf8mb4_unicode_ci NOT NULL,
  `nama_fasilitas` varchar(255) CHARACTER SET utf8mb4 COLLATE utf8mb4_unicode_ci NOT NULL,
  `deskripsi` varchar(255) CHARACTER SET utf8mb4 COLLATE utf8mb4_unicode_ci NOT NULL,
  `created_at` timestamp NULL DEFAULT NULL,
  `updated_at` timestamp NULL DEFAULT NULL,
  PRIMARY KEY (`id`)
) ENGINE=InnoDB AUTO_INCREMENT=4 DEFAULT CHARSET=utf8mb4 COLLATE=utf8mb4_unicode_ci;

--
-- Dumping data for table `fasilitas`
--

INSERT INTO `fasilitas` VALUES (1,'01HNPRED5X3T4JXC6B8F387J31.webp','Taman Sekolah','Suasana belajar dilengkapi dengan taman yang hijau dan nyaman. Taman ini tidak hanya menjadi tempat rekreasi, tetapi juga menjadi ruang terbuka yang mendukung kreativitas dan kegiatan fisik anak-anak. Di sini, mereka dapat bermain, dan belajar dengan cara','2024-02-03 05:53:13','2024-02-03 05:53:13'),(2,'01HNPRT4XKNEDG7SGA78PFCZQG.webp','Kahfimart','Memahami kebutuhan harian, kami menyediakan minimarket (Kahfimart) di dalam sekolah. Ini memberikan kemudahan bagi siswa untuk mendapatkan kebutuhan sekolah tanpa harus meninggalkan lingkungan sekolah. Minimarket ini menawarkan berbagai barang dengan kual','2024-02-03 05:59:38','2024-02-03 05:59:38'),(3,'01HNPRVJ78AYD5VD8STQ12WBY6.jpg','WiFi Gratis','Kami mengakui pentingnya konektivitas dan akses internet dalam era digital ini. Oleh karena itu, di SMK Taruna Harapan 1 Cipatat, kami menyediakan Wi-Fi gratis di seluruh area sekolah. Siswa dapat dengan mudah mengakses sumber daya online, mencari informa','2024-02-03 06:00:25','2024-02-03 06:00:25');

--
-- Table structure for table `galeries`
--

CREATE TABLE `galeries` (
  `id` bigint unsigned NOT NULL AUTO_INCREMENT,
  `title` varchar(255) CHARACTER SET utf8mb4 COLLATE utf8mb4_unicode_ci DEFAULT NULL,
  `description` text CHARACTER SET utf8mb4 COLLATE utf8mb4_unicode_ci,
  `image` varchar(255) CHARACTER SET utf8mb4 COLLATE utf8mb4_unicode_ci NOT NULL,
  `created_at` timestamp NULL DEFAULT NULL,
  `updated_at` timestamp NULL DEFAULT NULL,
  PRIMARY KEY (`id`)
) ENGINE=InnoDB AUTO_INCREMENT=9 DEFAULT CHARSET=utf8mb4 COLLATE=utf8mb4_unicode_ci;

--
-- Dumping data for table `galeries`
--

INSERT INTO `galeries` VALUES (1,NULL,NULL,'01HNPSFHZHD9W0V9A6N0EP61GA.jpg','2024-02-03 06:11:20','2024-02-03 06:11:20'),(2,NULL,NULL,'01HNPSFHZK263HR8GB3XFCR2F9.jpg','2024-02-03 06:11:20','2024-02-03 06:11:20'),(3,NULL,NULL,'01HNPTJ8J7B372NHWECH8AGH9D.jpg','2024-02-03 06:30:17','2024-02-03 06:30:17'),(4,NULL,NULL,'01HNPTJ8JAXM13RDACMD5WXVQQ.jpg','2024-02-03 06:30:17','2024-02-03 06:30:17'),(5,NULL,NULL,'01HNPTJ8JCCEYPNX1CP5QQSGJF.jpg','2024-02-03 06:30:17','2024-02-03 06:30:17'),(6,NULL,NULL,'01HNPTJ8JDQBTSV0YP2F57SP2Q.jpg','2024-02-03 06:30:17','2024-02-03 06:30:17'),(7,NULL,NULL,'01HNPTJ8JFZ35GQ9SW33NRSMQH.jpg','2024-02-03 06:30:17','2024-02-03 06:30:17'),(8,NULL,NULL,'01HNPTJ8JHK9PFJE4MF616C2SJ.jpg','2024-02-03 06:30:17','2024-02-03 06:30:17');

--
-- Table structure for table `guru`
--

CREATE TABLE `guru` (
  `id` bigint unsigned NOT NULL AUTO_INCREMENT,
  `uuid` char(36) CHARACTER SET utf8mb4 COLLATE utf8mb4_unicode_ci NOT NULL,
  `nama_lengkap` varchar(255) CHARACTER SET utf8mb4 COLLATE utf8mb4_unicode_ci NOT NULL,
  `nuptk` varchar(255) CHARACTER SET utf8mb4 COLLATE utf8mb4_unicode_ci DEFAULT NULL,
  `agama` varchar(255) CHARACTER SET utf8mb4 COLLATE utf8mb4_unicode_ci NOT NULL,
  `jenis_kelamin` varchar(255) CHARACTER SET utf8mb4 COLLATE utf8mb4_unicode_ci NOT NULL,
  `tempat_lahir` varchar(255) CHARACTER SET utf8mb4 COLLATE utf8mb4_unicode_ci NOT NULL,
  `nama_ibu_kandung` varchar(255) CHARACTER SET utf8mb4 COLLATE utf8mb4_unicode_ci DEFAULT NULL,
  `no_hp` varchar(255) CHARACTER SET utf8mb4 COLLATE utf8mb4_unicode_ci NOT NULL,
  `email` varchar(255) CHARACTER SET utf8mb4 COLLATE utf8mb4_unicode_ci NOT NULL,
  `alamat_guru` varchar(255) CHARACTER SET utf8mb4 COLLATE utf8mb4_unicode_ci DEFAULT NULL,
  `status_perkawinan` varchar(255) CHARACTER SET utf8mb4 COLLATE utf8mb4_unicode_ci NOT NULL,
  `nama_suami_istri` varchar(255) CHARACTER SET utf8mb4 COLLATE utf8mb4_unicode_ci DEFAULT NULL,
  `pekerjaan_suami_istri` varchar(255) CHARACTER SET utf8mb4 COLLATE utf8mb4_unicode_ci DEFAULT NULL,
  `status_kepegawaian` varchar(255) CHARACTER SET utf8mb4 COLLATE utf8mb4_unicode_ci DEFAULT NULL,
  `status_sekolah` varchar(255) CHARACTER SET utf8mb4 COLLATE utf8mb4_unicode_ci DEFAULT NULL,
  `tmt_awal` varchar(255) CHARACTER SET utf8mb4 COLLATE utf8mb4_unicode_ci DEFAULT NULL,
  `lama_bertugas` varchar(255) CHARACTER SET utf8mb4 COLLATE utf8mb4_unicode_ci DEFAULT NULL,
  `bidang_studi` varchar(255) CHARACTER SET utf8mb4 COLLATE utf8mb4_unicode_ci DEFAULT NULL,
  `jenjang_pendidikan` varchar(255) CHARACTER SET utf8mb4 COLLATE utf8mb4_unicode_ci DEFAULT NULL,
  `gelar_akademik` varchar(255) CHARACTER SET utf8mb4 COLLATE utf8mb4_unicode_ci DEFAULT NULL,
  `satuan_pendidikan_formal` varchar(255) CHARACTER SET utf8mb4 COLLATE utf8mb4_unicode_ci DEFAULT NULL,
  `tahun_masuk` varchar(255) CHARACTER SET utf8mb4 COLLATE utf8mb4_unicode_ci DEFAULT NULL,
  `tahun_lulus` varchar(255) CHARACTER SET utf8mb4 COLLATE utf8mb4_unicode_ci DEFAULT NULL,
  `nim` varchar(255) CHARACTER SET utf8mb4 COLLATE utf8mb4_unicode_ci DEFAULT NULL,
  `deleted_at` timestamp NULL DEFAULT NULL,
  `created_at` timestamp NULL DEFAULT NULL,
  `updated_at` timestamp NULL DEFAULT NULL,
  `gambar` varchar(255) CHARACTER SET utf8mb4 COLLATE utf8mb4_unicode_ci DEFAULT NULL,
  `nip` varchar(255) CHARACTER SET utf8mb4 COLLATE utf8mb4_unicode_ci DEFAULT NULL,
  `jabatan` varchar(255) CHARACTER SET utf8mb4 COLLATE utf8mb4_unicode_ci NOT NULL,
  `gambar_url` text CHARACTER SET utf8mb4 COLLATE utf8mb4_unicode_ci,
  PRIMARY KEY (`id`)
) ENGINE=InnoDB AUTO_INCREMENT=102 DEFAULT CHARSET=utf8mb4 COLLATE=utf8mb4_unicode_ci;

--
-- Dumping data for table `guru`
--

INSERT INTO `guru` VALUES (1,'a5db0581-250e-4ede-8799-169be3f92cf2','Eki Jarul Alam',NULL,'Islam','L','Garut','Siti Masitoh','081398161612','kurikulum@smktarpan1.sch.id','Bandung','Kawin',NULL,NULL,'GTY','Induk','2023','1','Teknik Informatika','S1','S.Kom','UNIVERSITAS WIDYATAMA','2010','2014',NULL,NULL,'2023-07-04 15:10:05','2024-02-28 13:38:02','55zpL8cQ184lbDAACeXCId97JcwczE-metaRWtpLmpwZw==-.jpg',NULL,'WKS Kurikulum','https://masterdata.smktarpan1.sch.id/storage/55zpL8cQ184lbDAACeXCId97JcwczE-metaRWtpLmpwZw==-.jpg'),(2,'989a74ce-9be7-46d0-9977-98f39fcdfefc','Sahrizal Amirul Firdaus',NULL,'Islam','L','Bandung','Reni Anggraeni','089656577673','sahrizal@smktarpan1.sch.id','Perum Sagitarius No. 6 RT. 02/14 Desa Ciptaharja','Tidak Kawin',NULL,NULL,'GTY','Induk','2017','6','-','-',NULL,'-','2000','2000',NULL,NULL,'2023-07-09 15:43:51','2024-02-28 13:38:02','XFMU7hO0ed8CWFv1neuHneTIjJBO0g-metaU2Focml6YWwuanBn-.jpg',NULL,'IT','https://masterdata.smktarpan1.sch.id/storage/XFMU7hO0ed8CWFv1neuHneTIjJBO0g-metaU2Focml6YWwuanBn-.jpg'),(3,'b7171ec9-d1a0-4131-ac8d-742b30d437dd','Ihsan Rizaldi',NULL,'Islam','L','Bandung','Titin Supriatini','085793788836','ihsanrizaldi@smktarpan1.sch.id',NULL,'Tidak Kawin',NULL,NULL,'GTY','Induk',NULL,NULL,NULL,NULL,NULL,NULL,NULL,NULL,NULL,NULL,'2023-07-09 16:01:12','2024-02-28 13:38:02','dZ7MsP6tVUELRiWymchdPXFjsYp9Cj-metaSWhzYW4uanBn-.jpg',NULL,'Guru Mata Pelajaran','https://masterdata.smktarpan1.sch.id/storage/dZ7MsP6tVUELRiWymchdPXFjsYp9Cj-metaSWhzYW4uanBn-.jpg'),(4,'7f8b8f2a-65ef-4a6b-ae6c-9c6f6b63ec67','Fahmi Ilmawan',NULL,'Islam','L','Bandung','Siti Sulastri','083105001401','fahmi@smktarpan1.sch.id',NULL,'Tidak Kawin',NULL,NULL,'GTY','Induk',NULL,NULL,NULL,NULL,NULL,NULL,NULL,NULL,NULL,NULL,'2023-07-09 16:03:07','2024-02-28 13:38:02','zpOJT5xOGoBfspNEwdpc99ritajWMP-metaQm9uenouanBn-.jpg',NULL,'IT','https://masterdata.smktarpan1.sch.id/storage/zpOJT5xOGoBfspNEwdpc99ritajWMP-metaQm9uenouanBn-.jpg'),(5,'d2ed1c4b-08dc-4296-867e-25b47c1858ab','Dodi Darmawan',NULL,'Islam','L','Bandung','-','08381763299','dodidarmawan@smktarpan1.sch.id',NULL,'Kawin',NULL,NULL,'GTY','Induk',NULL,NULL,NULL,NULL,NULL,NULL,NULL,NULL,NULL,NULL,'2023-07-09 16:06:37','2024-02-28 13:38:02','BdphjI52KGOYMGYC8ZZZjaIJ5sZeBX-metaRG9kaS5qcGc=-.jpg',NULL,'Staff','https://masterdata.smktarpan1.sch.id/storage/BdphjI52KGOYMGYC8ZZZjaIJ5sZeBX-metaRG9kaS5qcGc=-.jpg'),(6,'35fb04d7-7cef-46eb-9e0c-5ff6092e063b','David Irlan',NULL,'Islam','L','Bandung','-','089651568453','davidirlan@smktarpan1.sch.id',NULL,'Tidak Kawin',NULL,NULL,'GTY','Induk',NULL,NULL,NULL,NULL,NULL,NULL,NULL,NULL,NULL,NULL,'2023-07-09 16:10:00','2024-02-28 13:38:02','s5tvJ0wQaYuo3JK7deZTKAAqGiqe5q-metaRGF2aWQuanBn-.jpg',NULL,'Guru Mata Pelajaran','https://masterdata.smktarpan1.sch.id/storage/s5tvJ0wQaYuo3JK7deZTKAAqGiqe5q-metaRGF2aWQuanBn-.jpg'),(7,'fd4e1aa4-dcce-4f50-96a2-a78545f150b5','Hizbul Arafat',NULL,'Islam','L','Garut','-','081222122759','hizbularafat@smktarpan1.sch.id',NULL,'Kawin',NULL,NULL,'GTY','Induk',NULL,NULL,NULL,NULL,NULL,NULL,NULL,NULL,NULL,NULL,'2023-07-09 16:13:46','2024-02-28 13:38:02','6pV6r33blwQQmOBeB8jhj0riPPx5aG-metaSGl6YnVsLmpwZw==-.jpg',NULL,'Staff','https://masterdata.smktarpan1.sch.id/storage/6pV6r33blwQQmOBeB8jhj0riPPx5aG-metaSGl6YnVsLmpwZw==-.jpg'),(8,'c8d59e8e-574a-4cce-9be4-6ff7293dd40d','Mizannuwar Saepul Rohman',NULL,'Islam','L','Bandung','-','085703206672','mizannuwar14@smktarpan1.sch.id',NULL,'Kawin',NULL,NULL,'GTY','Induk',NULL,NULL,NULL,NULL,NULL,NULL,NULL,NULL,NULL,NULL,'2023-07-09 16:15:34','2024-02-28 13:38:02','eazURu6M74Y9XRWQsq8bZF9T8uFMZs-metaTWl6YW4uanBn-.jpg',NULL,'WKS HUMAS','https://masterdata.smktarpan1.sch.id/storage/eazURu6M74Y9XRWQsq8bZF9T8uFMZs-metaTWl6YW4uanBn-.jpg'),(55,'41e0a6e6-6018-4b8a-b43f-e9721afbd277','Liwa Ulhamdi, S.Pd., MM ',NULL,'Islam','L','Bandung',NULL,'012345670','liwaulhamdi@smktarpan1.sch.id',NULL,'Kawin',NULL,NULL,'GTT','Induk',NULL,NULL,NULL,NULL,NULL,NULL,NULL,NULL,NULL,NULL,'2023-09-14 23:36:06','2023-09-14 23:36:06',NULL,NULL,'Kepala Sekolah',NULL),(56,'d05396da-d2f6-46ed-9bad-4f39a33b2082','Nadia Aprilia, S.E',NULL,'Islam','P','Bandung',NULL,'012345678','nadiaaprilia@smktarpan1.sch.id',NULL,'Kawin',NULL,NULL,'GTT','Induk',NULL,NULL,NULL,NULL,NULL,NULL,NULL,NULL,NULL,NULL,'2023-09-14 23:36:07','2024-02-28 13:38:02','VLgZw6Zy7gkdUFHmfUAgmPzz7yqwtU-metaTmFkaWEuanBn-.jpg',NULL,'WKS Kesiswaan ','https://masterdata.smktarpan1.sch.id/storage/VLgZw6Zy7gkdUFHmfUAgmPzz7yqwtU-metaTmFkaWEuanBn-.jpg'),(57,'e4addc0a-a2d7-4030-9559-976e8e7d03a3','Tigin Heru Maulana, A.Md',NULL,'Islam','L','Bandung',NULL,'012345679','tiginherumaulana@smktarpan1.sch.id',NULL,'Kawin',NULL,NULL,'GTT','Induk',NULL,NULL,NULL,NULL,NULL,NULL,NULL,NULL,NULL,NULL,'2023-09-14 23:36:07','2024-02-28 13:38:02','lvQr5OLM6S1KOonVutdTKkq7L1Gyny-metaVGlnaW4uanBn-.jpg',NULL,'WKS Kesiswaan','https://masterdata.smktarpan1.sch.id/storage/lvQr5OLM6S1KOonVutdTKkq7L1Gyny-metaVGlnaW4uanBn-.jpg'),(58,'fdde1873-08d5-44d5-9360-3ee9f172cefa','Denny Isnaeni, S.Pd',NULL,'Islam','L','Bandung',NULL,'012345680','dennyisnaeni@smktarpan1.sch.id',NULL,'Kawin',NULL,NULL,'GTT','Induk',NULL,NULL,NULL,NULL,NULL,NULL,NULL,NULL,NULL,NULL,'2023-09-14 23:36:07','2024-02-28 13:38:02','b3msUboHxdH3MoPopEsNmfwneFUEUk-metaRGVubnkgSXNuYWVuaS5qcGc=-.jpg',NULL,'WKS Sarana dan Prasarana','https://masterdata.smktarpan1.sch.id/storage/b3msUboHxdH3MoPopEsNmfwneFUEUk-metaRGVubnkgSXNuYWVuaS5qcGc=-.jpg'),(59,'393aeed6-8886-4a51-9cbe-af6d2caf467b','Robi Sanusi, S.E',NULL,'Islam','L','Bandung',NULL,'012345681','robisanusi@smktarpan1.sch.id',NULL,'Tidak Kawin',NULL,NULL,'GTT','Induk',NULL,NULL,NULL,NULL,NULL,NULL,NULL,NULL,NULL,NULL,'2023-09-14 23:36:07','2024-02-28 13:38:02','4MDMlUThguGAogyQPR6ZGqGhJrPGjK-metaUm9iaS5qcGc=-.jpg',NULL,'KEPALA TU','https://masterdata.smktarpan1.sch.id/storage/4MDMlUThguGAogyQPR6ZGqGhJrPGjK-metaUm9iaS5qcGc=-.jpg'),(60,'02420181-b197-4b6e-be1c-acde4a028e97','Miftahul Jannah ',NULL,'Islam','L','Bandung',NULL,'012345682','miftahuljannah@smktarpan1.sch.id',NULL,'Kawin',NULL,NULL,'GTT','Induk',NULL,NULL,NULL,NULL,NULL,NULL,NULL,NULL,NULL,NULL,'2023-09-14 23:36:07','2024-02-28 13:38:02','ZrWVzIWd8zu1GrXnbBjkPtQKb7Uxsn-metaTWlmdGFoLmpwZw==-.jpg',NULL,'Staff','https://masterdata.smktarpan1.sch.id/storage/ZrWVzIWd8zu1GrXnbBjkPtQKb7Uxsn-metaTWlmdGFoLmpwZw==-.jpg'),(61,'44d510fe-9564-4e0a-86ba-d4c22760b4de','Fitri Aprilia, S.Pd',NULL,'Islam','P','Bandung',NULL,'012345683','fitriaprilia@smktarpan1.sch.id',NULL,'Kawin',NULL,NULL,'GTT','Induk',NULL,NULL,NULL,NULL,NULL,NULL,NULL,NULL,NULL,NULL,'2023-09-14 23:36:07','2024-02-28 13:38:02','xBhqMGbFKh8H6KGll5OEtZolbCIqoP-metaRml0cmkuanBn-.jpg',NULL,'Guru Mata Pelajaran','https://masterdata.smktarpan1.sch.id/storage/xBhqMGbFKh8H6KGll5OEtZolbCIqoP-metaRml0cmkuanBn-.jpg'),(62,'36e64960-3f7a-427f-8b67-cde3b44138d3','Setiadi, M.Si',NULL,'Islam','L','Bandung',NULL,'012345684','kaprogbdp@smktarpan1.sch.id',NULL,'Kawin',NULL,NULL,'GTT','Induk',NULL,NULL,NULL,NULL,NULL,NULL,NULL,NULL,NULL,NULL,'2023-09-14 23:36:07','2024-02-28 13:38:02','0sX63oZOCtoxl7IV6pKjtOoSfmksLl-metaU2V0aWFkaS5qcGc=-.jpg',NULL,'Guru Mata Pelajaran','https://masterdata.smktarpan1.sch.id/storage/0sX63oZOCtoxl7IV6pKjtOoSfmksLl-metaU2V0aWFkaS5qcGc=-.jpg'),(63,'5929dbec-fe0e-456f-8cb0-c16b0b8eee10','Isti Rahayu Lestari, S.Pd',NULL,'Islam','P','Bandung',NULL,'012345685','istirahayulestari@smktarpan1.sch.id',NULL,'Kawin',NULL,NULL,'GTT','Induk',NULL,NULL,NULL,NULL,NULL,NULL,NULL,NULL,NULL,NULL,'2023-09-14 23:36:08','2024-02-28 13:38:02','DCTTH1qZMlUMAaDJzHFbM5DbnlyiB4-metaSXN0aS5qcGc=-.jpg',NULL,'Guru Mata Pelajaran','https://masterdata.smktarpan1.sch.id/storage/DCTTH1qZMlUMAaDJzHFbM5DbnlyiB4-metaSXN0aS5qcGc=-.jpg'),(64,'eb335841-8df4-4a0a-a5f7-09ba404421a5','Umi Arifiyah, S.Pd',NULL,'Islam','P','Bandung',NULL,'012345686','umiarifiyahpkn@smktarpan1.sch.id',NULL,'Tidak Kawin',NULL,NULL,'GTT','Induk',NULL,NULL,NULL,NULL,NULL,NULL,NULL,NULL,NULL,NULL,'2023-09-14 23:36:08','2024-02-28 13:38:02','PFN2ej3E0PleMPx0DhwDV5DSQN5nnO-metaVW1pLmpwZw==-.jpg',NULL,'Guru Mata Pelajaran','https://masterdata.smktarpan1.sch.id/storage/PFN2ej3E0PleMPx0DhwDV5DSQN5nnO-metaVW1pLmpwZw==-.jpg'),(65,'1a6b5af9-5f76-44a1-8552-6f4c66b8fc21','Rudiansyah,S.Pd',NULL,'Islam','L','Bandung',NULL,'012345687','rudiansyah89@smktarpan1.sch.id',NULL,'Kawin',NULL,NULL,'GTT','Induk',NULL,NULL,NULL,NULL,NULL,NULL,NULL,NULL,NULL,NULL,'2023-09-14 23:36:08','2024-02-28 13:38:02','LIDCFzMEHRnGKez1jXB52OuLyyKWdJ-metaUnVkaS5qcGc=-.jpg',NULL,'Guru Mata Pelajaran','https://masterdata.smktarpan1.sch.id/storage/LIDCFzMEHRnGKez1jXB52OuLyyKWdJ-metaUnVkaS5qcGc=-.jpg'),(66,'6db054c7-d148-4a43-aae7-686c272a8d73','Wanda Widiastuti, S.Pd',NULL,'Islam','P','Bandung',NULL,'012345688','wandawidiastuti@smktarpan1.sch.id',NULL,'Kawin',NULL,NULL,'GTT','Induk',NULL,NULL,NULL,NULL,NULL,NULL,NULL,NULL,NULL,NULL,'2023-09-14 23:36:08','2024-02-28 13:38:02','vna9jfa1dW8BnqHuTyfLnUdvWK4SxA-metaV2FuZGEuanBn-.jpg',NULL,'Guru Mata Pelajaran','https://masterdata.smktarpan1.sch.id/storage/vna9jfa1dW8BnqHuTyfLnUdvWK4SxA-metaV2FuZGEuanBn-.jpg'),(67,'8bef8456-5801-4d76-a9ac-6c24c5a1355f','Siti Maesaroh,S.Pd',NULL,'Islam','P','Bandung',NULL,'012345689','sitimaesaroh@smktarpan1.sch.id',NULL,'Kawin',NULL,NULL,'GTT','Induk',NULL,NULL,NULL,NULL,NULL,NULL,NULL,NULL,NULL,NULL,'2023-09-14 23:36:08','2024-02-28 13:38:02','NQHiPZoQYkqWl4xtqs6LwiLwWJBssw-metaU2l0aSBNLmpwZw==-.jpg',NULL,'Guru Mata Pelajaran','https://masterdata.smktarpan1.sch.id/storage/NQHiPZoQYkqWl4xtqs6LwiLwWJBssw-metaU2l0aSBNLmpwZw==-.jpg'),(68,'5477b8b2-7cd4-4dbe-9b71-89f3a91554f8','Imas Suryati,S.Pd.I',NULL,'Islam','P','Bandung',NULL,'012345690','imaspabp@smktarpan1.sch.id',NULL,'Kawin',NULL,NULL,'GTT','Induk',NULL,NULL,NULL,NULL,NULL,NULL,NULL,NULL,NULL,NULL,'2023-09-14 23:36:08','2024-02-28 13:38:02','zHngEISkzVxqruR0kTwi9eM4GWCvIg-metaSW1hcy5qcGc=-.jpg',NULL,'Guru Mata Pelajaran','https://masterdata.smktarpan1.sch.id/storage/zHngEISkzVxqruR0kTwi9eM4GWCvIg-metaSW1hcy5qcGc=-.jpg'),(69,'bb754604-8572-4fc7-8ef2-cd08f8c35b48','Heni Septiani, M.Pd',NULL,'Islam','P','Bandung',NULL,'012345691','heniseptiani@smktarpan1.sch.id',NULL,'Kawin',NULL,NULL,'GTT','Induk',NULL,NULL,NULL,NULL,NULL,NULL,NULL,NULL,NULL,NULL,'2023-09-14 23:36:08','2024-02-28 13:38:02','mvYbYu8t9eQiCZHKVtySy6WxZGR0Qv-metaSGVuaSBTZXB0aWFuaS5qcGc=-.jpg',NULL,'Guru Mata Pelajaran','https://masterdata.smktarpan1.sch.id/storage/mvYbYu8t9eQiCZHKVtySy6WxZGR0Qv-metaSGVuaSBTZXB0aWFuaS5qcGc=-.jpg'),(70,'abd5b101-40b2-461a-819e-56bb790aa7e9','Rois Mujahid, ST',NULL,'Islam','L','Bandung',NULL,'012345692','roismujahid@smktarpan1.sch.id',NULL,'Kawin',NULL,NULL,'GTT','Induk',NULL,NULL,NULL,NULL,NULL,NULL,NULL,NULL,NULL,NULL,'2023-09-14 23:36:09','2024-02-28 13:38:02','or2NlyCcrQNFeDwnOKIX3gGwp0OD5K-metaUm9pcy5qcGc=-.jpg',NULL,'Guru Mata Pelajaran','https://masterdata.smktarpan1.sch.id/storage/or2NlyCcrQNFeDwnOKIX3gGwp0OD5K-metaUm9pcy5qcGc=-.jpg'),(71,'51496a82-bd43-4a63-8d40-9b894522ebf0','Tri Nanda Riadi, S.Th.I',NULL,'Islam','L','Bandung',NULL,'012345693','sanggeushalimunperay@smktarpan1.sch.id',NULL,'Kawin',NULL,NULL,'GTT','Induk',NULL,NULL,NULL,NULL,NULL,NULL,NULL,NULL,NULL,NULL,'2023-09-14 23:36:09','2024-02-28 13:38:02','3MTOO9QMjoxpmGuvKVwdnNLx957oYz-metaVHJ5LmpwZw==-.jpg',NULL,'Guru Mata Pelajaran','https://masterdata.smktarpan1.sch.id/storage/3MTOO9QMjoxpmGuvKVwdnNLx957oYz-metaVHJ5LmpwZw==-.jpg'),(72,'8d68391a-cecc-416d-bcdc-02793216df37','Windy Putri Utami, S.Hum',NULL,'Islam','P','Bandung',NULL,'012345694','windyputeri121@smktarpan1.sch.id',NULL,'Tidak Kawin',NULL,NULL,'GTT','Induk',NULL,NULL,NULL,NULL,NULL,NULL,NULL,NULL,NULL,NULL,'2023-09-14 23:36:09','2024-02-28 13:38:02','iuaQ1oawDZJoamhqYpI6sLdZD5iJeg-metaV2lkaS5qcGc=-.jpg',NULL,'Guru Mata Pelajaran','https://masterdata.smktarpan1.sch.id/storage/iuaQ1oawDZJoamhqYpI6sLdZD5iJeg-metaV2lkaS5qcGc=-.jpg'),(73,'0938715b-24c0-414f-906d-ccdfca02eca5','Winda Ruliani, S.Pd',NULL,'Islam','P','Bandung',NULL,'012345695','windaruliani@smktarpan1.sch.id',NULL,'Tidak Kawin',NULL,NULL,'GTT','Induk',NULL,NULL,NULL,NULL,NULL,NULL,NULL,NULL,NULL,NULL,'2023-09-14 23:36:09','2024-02-28 13:38:02','MSwiMTcfP02sIQPdfIhMB2G5jQEKoI-metaV2luZGEuanBn-.jpg',NULL,'Guru Mata Pelajaran','https://masterdata.smktarpan1.sch.id/storage/MSwiMTcfP02sIQPdfIhMB2G5jQEKoI-metaV2luZGEuanBn-.jpg'),(74,'5497a151-4266-4fef-a6ea-0170def300b2','Siti Fatimah Nurwahidah, S.Pd',NULL,'Islam','P','Bandung',NULL,'012345696','sitifatimahnurwahidah@smktarpan1.sch.id',NULL,'Kawin',NULL,NULL,'GTT','Induk',NULL,NULL,NULL,NULL,NULL,NULL,NULL,NULL,NULL,NULL,'2023-09-14 23:36:09','2024-02-28 13:38:02','F968u91St84Os6brKhXGEOCaXWcuBd-metaU2l0aSBGLmpwZw==-.jpg',NULL,'Guru Mata Pelajaran','https://masterdata.smktarpan1.sch.id/storage/F968u91St84Os6brKhXGEOCaXWcuBd-metaU2l0aSBGLmpwZw==-.jpg'),(75,'c09c0b98-a68e-45cd-9d82-10224e3f252b','Yani Sudrayani, S.Pd',NULL,'Islam','P','Bandung',NULL,'012345697','yanisudrayani@smktarpan1.sch.id',NULL,'Tidak Kawin',NULL,NULL,'GTT','Induk',NULL,NULL,NULL,NULL,NULL,NULL,NULL,NULL,NULL,NULL,'2023-09-14 23:36:09','2024-02-28 13:38:02','u8G8zsD0ySau6Cb8gTbDHVgRfdHA5e-metaWWFuaS5qcGc=-.jpg',NULL,'Guru Mata Pelajaran','https://masterdata.smktarpan1.sch.id/storage/u8G8zsD0ySau6Cb8gTbDHVgRfdHA5e-metaWWFuaS5qcGc=-.jpg'),(76,'e27248ef-5aee-44ea-8996-0d83bfafc0db','Ina Tresna Asih, S.Pd',NULL,'Islam','P','Bandung',NULL,'012345698','inatresnaasih@smktarpan1.sch.id',NULL,'Kawin',NULL,NULL,'GTT','Induk',NULL,NULL,NULL,NULL,NULL,NULL,NULL,NULL,NULL,NULL,'2023-09-14 23:36:09','2024-02-28 13:38:02','AbiavyJyYuOlXnD5EqZUfp1qpcIx7S-metaSW5hLmpwZw==-.jpg',NULL,'Guru Mata Pelajaran','https://masterdata.smktarpan1.sch.id/storage/AbiavyJyYuOlXnD5EqZUfp1qpcIx7S-metaSW5hLmpwZw==-.jpg'),(77,'b637ca1b-fa0e-4524-a84f-6525aedab1c2','Riza Puspa Purnama, S.Pd',NULL,'Islam','P','Bandung',NULL,'012345699','rizapuspapurnama@smktarpan1.sch.id',NULL,'Tidak Kawin',NULL,NULL,'GTT','Induk',NULL,NULL,NULL,NULL,NULL,NULL,NULL,NULL,NULL,NULL,'2023-09-14 23:36:10','2024-02-28 13:38:02','Vghf3GIbBgTxO2MBr0AQKQD6chKETJ-metaUml6YSBQdXNwYS5qcGc=-.jpg',NULL,'Guru Mata Pelajaran','https://masterdata.smktarpan1.sch.id/storage/Vghf3GIbBgTxO2MBr0AQKQD6chKETJ-metaUml6YSBQdXNwYS5qcGc=-.jpg'),(78,'b448fea8-8166-4d30-9167-a984ddc4896c','Deni Herawan, S.Pd',NULL,'Islam','L','Bandung',NULL,'012345700','denihernawan@smktarpan1.sch.id',NULL,'Kawin',NULL,NULL,'GTT','Induk',NULL,NULL,NULL,NULL,NULL,NULL,NULL,NULL,NULL,NULL,'2023-09-14 23:36:10','2024-02-28 13:38:02','DmryUqbUUkL2SC9CbziCho5sZH5tkN-metaRGVuaSBIZXJhd2FuLmpwZw==-.jpg',NULL,'Guru Mata Pelajaran','https://masterdata.smktarpan1.sch.id/storage/DmryUqbUUkL2SC9CbziCho5sZH5tkN-metaRGVuaSBIZXJhd2FuLmpwZw==-.jpg'),(79,'927f63ed-3bc1-4a2a-80e0-64aa7744f2bf','Riza Yuliasti, S.Pd',NULL,'Islam','P','Bandung',NULL,'012345701','rizayuliasti@smktarpan1.sch.id',NULL,'Kawin',NULL,NULL,'GTT','Induk',NULL,NULL,NULL,NULL,NULL,NULL,NULL,NULL,NULL,NULL,'2023-09-14 23:36:10','2024-02-28 13:38:02','VcOq4uUXzW5CagcBsJNsLYxFDXHUDE-metaUml6YSBZdWxpYXN0aS5qcGc=-.jpg',NULL,'Guru Mata Pelajaran','https://masterdata.smktarpan1.sch.id/storage/VcOq4uUXzW5CagcBsJNsLYxFDXHUDE-metaUml6YSBZdWxpYXN0aS5qcGc=-.jpg'),(80,'1a7d7e96-a469-424d-bb93-ebfb9cecb269','Gerry Daryat Saputra, S.Pd',NULL,'Islam','L','Bandung',NULL,'012345702','gery@smktarpan1.sch.id',NULL,'Kawin',NULL,NULL,'GTT','Induk',NULL,NULL,NULL,NULL,NULL,NULL,NULL,NULL,NULL,NULL,'2023-09-14 23:36:10','2024-02-28 13:38:02','LhgR93G42JAhtaHNxpCAjBktAedHjG-metaR2VycnkuanBn-.jpg',NULL,'Guru Mata Pelajaran','https://masterdata.smktarpan1.sch.id/storage/LhgR93G42JAhtaHNxpCAjBktAedHjG-metaR2VycnkuanBn-.jpg'),(81,'1bcaf1f5-6d80-4f36-a25c-0b6c15564419','Heni Andriani,S.Pd',NULL,'Islam','P','Bandung',NULL,'012345703','heniandriani@smktarpan1.sch.id',NULL,'Kawin',NULL,NULL,'GTT','Induk',NULL,NULL,NULL,NULL,NULL,NULL,NULL,NULL,NULL,NULL,'2023-09-14 23:36:10','2024-02-28 13:38:02','IK2bCo13oUgx61ueIs7iKtxEgGAVcZ-metaSGVuaSBBbmRyaWFuaS5qcGc=-.jpg',NULL,'Guru Mata Pelajaran','https://masterdata.smktarpan1.sch.id/storage/IK2bCo13oUgx61ueIs7iKtxEgGAVcZ-metaSGVuaSBBbmRyaWFuaS5qcGc=-.jpg'),(82,'3478f93c-cad6-4453-87f7-c41022d438ca','Sona Ta Rahman,S.Pd',NULL,'Islam','L','Bandung',NULL,'012345704','sonatarahman@smktarpan1.sch.id',NULL,'Kawin',NULL,NULL,'GTT','Induk',NULL,NULL,NULL,NULL,NULL,NULL,NULL,NULL,NULL,NULL,'2023-09-14 23:36:10','2024-02-28 13:38:02','ginmo0APU211pu8zVLDv78Sqr9yxdd-metaU29uYS5qcGc=-.jpg',NULL,'Guru Mata Pelajaran','https://masterdata.smktarpan1.sch.id/storage/ginmo0APU211pu8zVLDv78Sqr9yxdd-metaU29uYS5qcGc=-.jpg'),(83,'ce113ca2-fd69-4b4d-abea-6dcad3aaabf1','Tina Widiarti, S.Si',NULL,'Islam','P','Bandung',NULL,'012345705','tinawidiarti@smktarpan1.sch.id',NULL,'Kawin',NULL,NULL,'GTT','Induk',NULL,NULL,NULL,NULL,NULL,NULL,NULL,NULL,NULL,NULL,'2023-09-14 23:36:10','2024-02-28 13:38:02','KJAsaQbIH3biwf7fwVmGbQfHrSmiBU-metaVGluYS5qcGc=-.jpg',NULL,'Guru Mata Pelajaran','https://masterdata.smktarpan1.sch.id/storage/KJAsaQbIH3biwf7fwVmGbQfHrSmiBU-metaVGluYS5qcGc=-.jpg'),(84,'4513f637-92ab-4b61-b38b-3aab36dc41d3','Asep Kuswardani, S.Pd',NULL,'Islam','L','Bandung',NULL,'012345706','asepkuswardani@smktarpan1.sch.id',NULL,'Kawin',NULL,NULL,'GTT','Induk',NULL,NULL,NULL,NULL,NULL,NULL,NULL,NULL,NULL,NULL,'2023-09-14 23:36:11','2024-02-28 13:38:02','Dc9f5qv0pe2PVLdOVRPjLGNHORisdS-metaQXNlcC5qcGc=-.jpg',NULL,'Guru Mata Pelajaran','https://masterdata.smktarpan1.sch.id/storage/Dc9f5qv0pe2PVLdOVRPjLGNHORisdS-metaQXNlcC5qcGc=-.jpg'),(85,'955cfc97-8810-49b4-93cf-886f743944d6','Yowan Lingga, S.Pd',NULL,'Islam','P','Bandung',NULL,'012345707','yowanlingganuari@smktarpan1.sch.id',NULL,'Kawin',NULL,NULL,'GTT','Induk',NULL,NULL,NULL,NULL,NULL,NULL,NULL,NULL,NULL,NULL,'2023-09-14 23:36:11','2024-02-28 13:38:02','qsuyLuwOOrPAb5XQIYQAFNaTIXP0zK-metaWW93YW4uanBn-.jpg',NULL,'Guru Mata Pelajaran','https://masterdata.smktarpan1.sch.id/storage/qsuyLuwOOrPAb5XQIYQAFNaTIXP0zK-metaWW93YW4uanBn-.jpg'),(86,'b6a5db5a-c01e-4d30-95e4-ade6ec7aa2d3','Agies Norman Maulana, S.Si',NULL,'Islam','L','Bandung',NULL,'012345708','agiesnm@smktarpan1.sch.id',NULL,'Kawin',NULL,NULL,'GTT','Induk',NULL,NULL,NULL,NULL,NULL,NULL,NULL,NULL,NULL,NULL,'2023-09-14 23:36:11','2024-02-28 13:38:02','4iRgZPZMIQeHCtj6dxqRxV8hLeVdSN-metaQWdpZXMuanBn-.jpg',NULL,'Guru Mata Pelajaran','https://masterdata.smktarpan1.sch.id/storage/4iRgZPZMIQeHCtj6dxqRxV8hLeVdSN-metaQWdpZXMuanBn-.jpg'),(87,'694a174c-aa03-482f-abe4-9bfed3846742','Neng Sapitri',NULL,'Islam','P','Bandung',NULL,'012345709','nengsapitri20@smktarpan1.sch.id',NULL,'Tidak Kawin',NULL,NULL,'GTT','Induk',NULL,NULL,NULL,NULL,NULL,NULL,NULL,NULL,NULL,NULL,'2023-09-14 23:36:11','2024-02-28 13:38:02','ipkOSvzgMWxXfxhdLfgGCh4q5d3hhq-metaTmVuZy5qcGc=-.jpg',NULL,'Guru Mata Pelajaran','https://masterdata.smktarpan1.sch.id/storage/ipkOSvzgMWxXfxhdLfgGCh4q5d3hhq-metaTmVuZy5qcGc=-.jpg'),(88,'0be8d8fe-ebf1-4ba4-9d18-101c3255a481','Nunik Nurmiati, S.Pd',NULL,'Islam','P','Bandung',NULL,'012345710','nuniknurmiati@smktarpan1.sch.id',NULL,'Kawin',NULL,NULL,'GTT','Induk',NULL,NULL,NULL,NULL,NULL,NULL,NULL,NULL,NULL,NULL,'2023-09-14 23:36:11','2024-02-28 13:38:02','Sc24vIBdY08ktfD3thYKth9R2vOYyE-metaTnVuaWsuanBn-.jpg',NULL,'Guru Mata Pelajaran','https://masterdata.smktarpan1.sch.id/storage/Sc24vIBdY08ktfD3thYKth9R2vOYyE-metaTnVuaWsuanBn-.jpg'),(89,'873ae90d-0e73-4b4c-9308-752d0c8e3dfb','Elok Satitik',NULL,'Islam','P','Bandung',NULL,'012345711','eloksatitik09@smktarpan1.sch.id',NULL,'Tidak Kawin',NULL,NULL,'GTT','Induk',NULL,NULL,NULL,NULL,NULL,NULL,NULL,NULL,NULL,NULL,'2023-09-14 23:36:11','2024-02-28 13:38:02','nsLHsI9cvZTQ9anBsAk1ZKWN56Uzxx-metaRWxvay5qcGc=-.jpg',NULL,'Guru Mata Pelajaran','https://masterdata.smktarpan1.sch.id/storage/nsLHsI9cvZTQ9anBsAk1ZKWN56Uzxx-metaRWxvay5qcGc=-.jpg'),(90,'5c13da35-e14f-443c-ad5e-40cd1f7c77c7','Yudi Kosmara, S.T',NULL,'Islam','L','Bandung',NULL,'012345712','yudikosmara@smktarpan1.sch.id',NULL,'Kawin',NULL,NULL,'GTT','Induk',NULL,NULL,NULL,NULL,NULL,NULL,NULL,NULL,NULL,NULL,'2023-09-14 23:36:11','2024-02-28 13:38:02','T8t9PcKLVeKPBTxsumkJ96fxQgT12Y-metaVHVsdXMgS29zbWFyYS5qcGc=-.jpg',NULL,'Guru Mata Pelajaran','https://masterdata.smktarpan1.sch.id/storage/T8t9PcKLVeKPBTxsumkJ96fxQgT12Y-metaVHVsdXMgS29zbWFyYS5qcGc=-.jpg'),(91,'0e2953bd-2c97-4bef-b4c2-7472187d88e3','Aris Rifsal, S.T ',NULL,'Islam','L','Bandung',NULL,'012345713','arisrifsal@smktarpan1.sch.id',NULL,'Kawin',NULL,NULL,'GTT','Induk',NULL,NULL,NULL,NULL,NULL,NULL,NULL,NULL,NULL,NULL,'2023-09-14 23:36:12','2024-02-28 13:38:02','w5QQGRE4PXe90pVNKqFLWKyd9O0Op8-metaQXJpcy5qcGc=-.jpg',NULL,'Guru Mata Pelajaran','https://masterdata.smktarpan1.sch.id/storage/w5QQGRE4PXe90pVNKqFLWKyd9O0Op8-metaQXJpcy5qcGc=-.jpg'),(92,'e8fb3341-3183-4879-bf47-0934e9f6e8d0','Muhammad Aji Maulana yusuf ',NULL,'Islam','L','Bandung',NULL,'012345714','majimaulanayusuf01@smktarpan1.sch.id',NULL,'Tidak Kawin',NULL,NULL,'GTT','Induk',NULL,NULL,NULL,NULL,NULL,NULL,NULL,NULL,NULL,NULL,'2023-09-14 23:36:12','2023-09-14 23:36:12',NULL,NULL,'Guru Mata Pelajaran',NULL),(93,'9fa9a49a-3417-4419-b399-651a886711d0','Fajar Try Noegraha, S.A.B',NULL,'Islam','L','Bandung',NULL,'012345715','tnfajar@smktarpan1.sch.id',NULL,'Tidak Kawin',NULL,NULL,'GTT','Induk',NULL,NULL,NULL,NULL,NULL,NULL,NULL,NULL,NULL,NULL,'2023-09-14 23:36:12','2024-02-28 13:38:02','oqmEWjSm7PPO5EgEaPpP3gX4Ehp48g-metaRmFqYXIuanBn-.jpg',NULL,'Guru Mata Pelajaran','https://masterdata.smktarpan1.sch.id/storage/oqmEWjSm7PPO5EgEaPpP3gX4Ehp48g-metaRmFqYXIuanBn-.jpg'),(94,'e9d52a02-8326-4013-9855-d49dad9b374e','Wawat Herawati',NULL,'Islam','P','Bandung',NULL,'012345716','wawatherawati@smktarpan1.sch.id',NULL,'Kawin',NULL,NULL,'GTT','Induk',NULL,NULL,NULL,NULL,NULL,NULL,NULL,NULL,NULL,NULL,'2023-09-14 23:36:12','2024-02-28 13:38:02','23l2aR6sQXsKNcWeUNRbXgfWJs4tA5-metaV2F3YXQuanBn-.jpg',NULL,'Staff ','https://masterdata.smktarpan1.sch.id/storage/23l2aR6sQXsKNcWeUNRbXgfWJs4tA5-metaV2F3YXQuanBn-.jpg'),(95,'aa4e3a71-0e6a-4fff-9f38-b2c20e21e064','Lisna Cahyati',NULL,'Islam','P','Bandung',NULL,'012345717','lisnacahyati@smktarpan1.sch.id',NULL,'Kawin',NULL,NULL,'GTT','Induk',NULL,NULL,NULL,NULL,NULL,NULL,NULL,NULL,NULL,NULL,'2023-09-14 23:36:12','2024-02-28 13:38:02','dtBEy9sQlXBAaAZUZNH3LHEjOx5Uqy-metaTGlzbmEuanBn-.jpg',NULL,'Staff ','https://masterdata.smktarpan1.sch.id/storage/dtBEy9sQlXBAaAZUZNH3LHEjOx5Uqy-metaTGlzbmEuanBn-.jpg'),(96,'702ce15b-6320-45ba-8bf5-1c462c34ed68','Afdan Fauzi',NULL,'Islam','L','Bandung',NULL,'012345718','afdanfauzi@smktarpan1.sch.id',NULL,'Tidak Kawin',NULL,NULL,'GTT','Induk',NULL,NULL,NULL,NULL,NULL,NULL,NULL,NULL,NULL,NULL,'2023-09-14 23:36:12','2024-02-28 13:38:02','uyvLd1r1XANKIKa8KFyf0z8PD8FeKv-metaQWZkYW4uanBn-.jpg',NULL,'Staff ','https://masterdata.smktarpan1.sch.id/storage/uyvLd1r1XANKIKa8KFyf0z8PD8FeKv-metaQWZkYW4uanBn-.jpg'),(97,'2fe4eb39-cb21-43d1-ac27-5a6b8d46a05c','Abdul Latif ',NULL,'Islam','L','Bandung',NULL,'012345719','abdullatif@smktarpan1.sch.id',NULL,'Tidak Kawin',NULL,NULL,'GTT','Induk',NULL,NULL,NULL,NULL,NULL,NULL,NULL,NULL,NULL,NULL,'2023-09-14 23:36:12','2024-02-28 13:38:02','5wCbkfJbzjH8lRRzbn9I0aQG4QdM2n-metaQWJkdWwuanBn-.jpg',NULL,'Staff ','https://masterdata.smktarpan1.sch.id/storage/5wCbkfJbzjH8lRRzbn9I0aQG4QdM2n-metaQWJkdWwuanBn-.jpg'),(98,'1bfa14be-d01b-44c4-a1c8-b351a90d7dbe','Agus Saputra',NULL,'Islam','L','Bandung',NULL,'012345720','agussaputra@smktarpan1.sch.id',NULL,'Kawin',NULL,NULL,'GTT','Induk',NULL,NULL,NULL,NULL,NULL,NULL,NULL,NULL,NULL,NULL,'2023-09-14 23:36:13','2024-02-28 13:38:02','Iax8qVdhAvEKe9t0pgRgPbVZe64BHl-metaQWd1cy5qcGc=-.jpg',NULL,'Staff ','https://masterdata.smktarpan1.sch.id/storage/Iax8qVdhAvEKe9t0pgRgPbVZe64BHl-metaQWd1cy5qcGc=-.jpg'),(99,'8aaed6bb-a030-4fef-b800-585e6a0117c1','Herman',NULL,'Islam','L','Bandung',NULL,'012345721','herman@smktarpan1.sch.id',NULL,'Kawin',NULL,NULL,'GTT','Induk',NULL,NULL,NULL,NULL,NULL,NULL,NULL,NULL,NULL,NULL,'2023-09-14 23:36:13','2023-09-14 23:36:13',NULL,NULL,'Staff ',NULL),(100,'a83651e7-3d00-4c70-847f-77b9d4096383','Hoho Bukhori Lazim ',NULL,'Islam','L','Bandung',NULL,'012345722','hohobukhorilazim@smktarpan1.sch.id',NULL,'Tidak Kawin',NULL,NULL,'GTT','Induk',NULL,NULL,NULL,NULL,NULL,NULL,NULL,NULL,NULL,NULL,'2023-09-14 23:36:13','2023-09-14 23:36:13',NULL,NULL,'Staff ',NULL),(101,'1b189e55-2ada-43df-84eb-2f000f798e0c','Marryyo Pratama ',NULL,'Islam','L','Bandung','Siti Salamah','089652632283','marryyo5555@gmail.com',NULL,'Tidak Kawin',NULL,NULL,'GTT','Induk',NULL,NULL,NULL,NULL,NULL,NULL,NULL,NULL,NULL,NULL,'2023-10-12 09:56:55','2023-10-12 09:56:55',NULL,NULL,'Staff',NULL);

--
-- Table structure for table `homevisit`
--

CREATE TABLE `homevisit` (
  `id` bigint unsigned NOT NULL AUTO_INCREMENT,
  `uuid` char(36) CHARACTER SET utf8mb4 COLLATE utf8mb4_unicode_ci NOT NULL,
  `guru_id` bigint unsigned NOT NULL,
  `kelas_id` bigint unsigned NOT NULL,
  `siswa_id` bigint unsigned NOT NULL,
  `tanggal_kunjungan_awal` datetime NOT NULL,
  `tanggal_kunjungan_akhir` datetime NOT NULL,
  `created_at` timestamp NULL DEFAULT NULL,
  `updated_at` timestamp NULL DEFAULT NULL,
  `status` varchar(255) CHARACTER SET utf8mb4 COLLATE utf8mb4_unicode_ci NOT NULL DEFAULT 'Menunggu Persetujuan',
  PRIMARY KEY (`id`),
  KEY `homevisit_guru_id_foreign` (`guru_id`),
  KEY `homevisit_kelas_id_foreign` (`kelas_id`),
  KEY `homevisit_siswa_id_foreign` (`siswa_id`),
  CONSTRAINT `homevisit_guru_id_foreign` FOREIGN KEY (`guru_id`) REFERENCES `guru` (`id`) ON DELETE CASCADE ON UPDATE CASCADE,
  CONSTRAINT `homevisit_kelas_id_foreign` FOREIGN KEY (`kelas_id`) REFERENCES `kelas` (`id`) ON DELETE CASCADE ON UPDATE CASCADE,
  CONSTRAINT `homevisit_siswa_id_foreign` FOREIGN KEY (`siswa_id`) REFERENCES `siswa` (`id`) ON DELETE CASCADE ON UPDATE CASCADE
) ENGINE=InnoDB AUTO_INCREMENT=9 DEFAULT CHARSET=utf8mb4 COLLATE=utf8mb4_unicode_ci;

--
-- Dumping data for table `homevisit`
--

INSERT INTO `homevisit` VALUES (8,'aaf702b1-04d6-4ca8-ae7b-6d3c611c3d91',6,16,535,'2024-02-02 21:28:25','2024-02-02 21:28:27','2024-02-02 14:27:17','2024-02-02 14:27:17','Menunggu Persetujuan');

--
-- Table structure for table `informasi_sekolah`
--

CREATE TABLE `informasi_sekolah` (
  `id` bigint unsigned NOT NULL AUTO_INCREMENT,
  `key` varchar(255) CHARACTER SET utf8mb4 COLLATE utf8mb4_unicode_ci NOT NULL,
  `value` longtext CHARACTER SET utf8mb4 COLLATE utf8mb4_unicode_ci NOT NULL,
  `is_active` tinyint(1) NOT NULL,
  `attachment` varchar(255) CHARACTER SET utf8mb4 COLLATE utf8mb4_unicode_ci DEFAULT NULL,
  `created_at` timestamp NULL DEFAULT NULL,
  `updated_at` timestamp NULL DEFAULT NULL,
  `group` varchar(255) CHARACTER SET utf8mb4 COLLATE utf8mb4_unicode_ci DEFAULT NULL,
  PRIMARY KEY (`id`)
) ENGINE=InnoDB AUTO_INCREMENT=14 DEFAULT CHARSET=utf8mb4 COLLATE=utf8mb4_unicode_ci;

--
-- Dumping data for table `informasi_sekolah`
--

INSERT INTO `informasi_sekolah` VALUES (1,'NAMA_SEKOLAH','SMKS TARUNA HARAPAN 1 CIPATAT',1,NULL,'2023-10-05 23:07:40','2023-10-05 23:07:40',NULL),(3,'LOGO_SEKOLAH','https://masterdata.tarpanone.tech/storage/kmj1cj9baxscBZ2R0Ggibn62jRS6GD-metabG9nb190YXJwYW4tcmVtb3ZlYmctcHJldmlldy5wbmc=-.png',1,'kmj1cj9baxscBZ2R0Ggibn62jRS6GD-metabG9nb190YXJwYW4tcmVtb3ZlYmctcHJldmlldy5wbmc=-.png','2023-10-05 23:18:17','2023-10-05 23:18:17',NULL),(4,'ALAMAT','Jalan Raya Cipatat No. 28 B Ciptaharja Kec. Cipatat, Kab. Bandung Barat',1,'https://maps.app.goo.gl/nXBb77NxJJTTUiL38','2024-01-22 22:02:31','2024-01-22 22:02:31','FOOTER'),(5,'NO_TELP','0226900185',1,'tel:0226900185','2024-01-22 22:02:31','2024-01-22 22:02:31','FOOTER'),(6,'NO_WHATSAPP','085-1234-567-891',1,'https://wa.me/+62851234567891','2024-01-22 22:02:31','2024-01-22 22:02:31','FOOTER'),(7,'EMAIL','admin@smktarpan1.sch.id',1,'mailto:admin@smktarpan1.sch.id','2024-01-22 22:02:31','2024-01-22 22:02:31','FOOTER'),(8,'DESKRIPSI_SEKOLAH','SMK Taruna Harapan 1 Cipatat adalah Sekolah Menengah Kejuruan terbaik yang ada di Kabupaten Bandung Barat',1,'','2024-01-22 22:02:31','2024-01-22 22:02:31','FOOTER'),(9,'LINK_YOUTUBE','https://www.youtube.com/@tarpanmedia',1,'https://www.youtube.com/@tarpanmedia','2024-01-22 22:02:31','2024-01-22 22:02:31','FOOTER'),(10,'LINK_INSTAGRAM','https://www.instagram.com/smktarunaharapancipatat/',1,'https://www.instagram.com/smktarunaharapancipatat/','2024-01-22 22:02:31','2024-01-22 22:02:31','FOOTER'),(11,'VISI','Menjadi SMK unggulan yang menghasilkan lulusan berdaya saing tinggi, berkarakter, dan siap menghadapi tantangan global dalam bidang teknologi dan keahlian profesional.',1,NULL,'2024-01-25 22:35:57','2024-01-25 22:35:57','VISI_MISI'),(12,'MISI','memberikan pendidikan berkualitas tinggi dengan fokus pada pengembangan keterampilan profesional dan karakter. Melalui kolaborasi dengan industri, kami memastikan keterkaitan kurikulum dengan kebutuhan pasar kerja. Kami bertekad membina siswa dengan nilai-nilai disiplin, integritas, dan etos kerja tinggi, serta menyediakan kesempatan pengembangan diri. Dengan pendekatan ini, kami berupaya mencetak lulusan SMK yang kompeten, berintegritas, dan siap berkontribusi positif dalam masyarakat.',1,NULL,'2024-01-25 22:35:57','2024-01-25 22:35:57','VISI_MISI'),(13,'MOTTO','Bekerja, Melanjutkan, Wirausaha (BMW)',1,NULL,'2024-01-25 22:35:57','2024-01-25 22:35:57','VISI_MISI');

--
-- Table structure for table `jurusan`
--

CREATE TABLE `jurusan` (
  `id` bigint unsigned NOT NULL AUTO_INCREMENT,
  `uuid` char(36) CHARACTER SET utf8mb4 COLLATE utf8mb4_unicode_ci NOT NULL,
  `nama_jurusan` varchar(255) CHARACTER SET utf8mb4 COLLATE utf8mb4_unicode_ci NOT NULL,
  `slug` varchar(255) CHARACTER SET utf8mb4 COLLATE utf8mb4_unicode_ci NOT NULL,
  `kode_jurusan` varchar(255) CHARACTER SET utf8mb4 COLLATE utf8mb4_unicode_ci NOT NULL,
  `deskripsi` text CHARACTER SET utf8mb4 COLLATE utf8mb4_unicode_ci NOT NULL,
  `animation_banner` varchar(255) CHARACTER SET utf8mb4 COLLATE utf8mb4_unicode_ci NOT NULL,
  `logo` varchar(255) CHARACTER SET utf8mb4 COLLATE utf8mb4_unicode_ci NOT NULL,
  `deleted_at` timestamp NULL DEFAULT NULL,
  `created_at` timestamp NULL DEFAULT NULL,
  `updated_at` timestamp NULL DEFAULT NULL,
  PRIMARY KEY (`id`)
) ENGINE=InnoDB AUTO_INCREMENT=7 DEFAULT CHARSET=utf8mb4 COLLATE=utf8mb4_unicode_ci;

--
-- Dumping data for table `jurusan`
--

INSERT INTO `jurusan` VALUES (1,'93177deb-e0b0-4d11-9d36-d5af110b417c','Akuntansi dan Keuangan Lembaga','akuntansi','AK','Lorem ipsum dolor sit amet consectetur adipisicing elit. Obcaecati, a vero odit eum ut, quas odio et fugit assumenda dolorem deserunt repellendus cumque aspernatur, nulla magni harum architecto error sit?','01HND3XK7P89PHGBGF82GK0N25.txt','01HN32HYT6NJ980DS62YGWK7XE.webp',NULL,'2023-07-03 08:30:50','2024-01-30 19:01:21'),(2,'be1edce9-956a-42b9-9983-a636c4eeaee2','Bisnis Daring dan Pemasaran','pemasaran','BDP','Lorem ipsum dolor sit amet consectetur adipisicing elit. Obcaecati, a vero odit eum ut, quas odio et fugit assumenda dolorem deserunt repellendus cumque aspernatur, nulla magni harum architecto error sit?','','01HN32NFZ123PF8B66DD7CJS2S.webp',NULL,'2023-07-03 08:30:50','2024-01-26 21:27:03'),(3,'2cc746e9-f965-4cf1-8db1-0ff0fb333ab0','Rekayasa Perangkat Lunak','rekayasa-perangkat-lunak','RPL','Lorem ipsum dolor sit amet consectetur adipisicing elit. Obcaecati, a vero odit eum ut, quas odio et fugit assumenda dolorem deserunt repellendus cumque aspernatur, nulla magni harum architecto error sit?','','01HN32PZVGGA9DN7NJ3V6WQZRD.webp',NULL,'2023-07-03 08:30:50','2024-01-26 21:27:52'),(4,'34e9587b-39de-4d38-a2e8-6a8ad95376d6','Teknik dan Bisnis Sepeda Motor','teknik-bisnis-sepeda-motor','TBSM','Lorem ipsum dolor sit amet consectetur adipisicing elit. Obcaecati, a vero odit eum ut, quas odio et fugit assumenda dolorem deserunt repellendus cumque aspernatur, nulla magni harum architecto error sit?','','01HN32R8NBPT29WZPCZQ7VXQDM.webp',NULL,'2023-07-03 08:30:50','2024-01-26 21:28:34'),(5,'1cfac0da-252c-42d9-81e7-7762dc84e240','Teknik Kendaraan Ringan Otomotif','teknik-kendaraan-ringan','TKRO','Lorem ipsum dolor sit amet consectetur adipisicing elit. Obcaecati, a vero odit eum ut, quas odio et fugit assumenda dolorem deserunt repellendus cumque aspernatur, nulla magni harum architecto error sit?','','01HN32SG6DVE8D8JV8Z50G9619.webp',NULL,'2023-07-03 08:30:50','2024-01-26 21:29:14'),(6,'89ca6954-4af4-433c-927a-0d87b0374617','BELUM ADA JURUSAN','','BELUMADAJURUSAN','<p>Belum Ada Jurusan</p>','','',NULL,'2023-07-09 16:52:36','2023-07-09 16:52:36');

--
-- Table structure for table `kelas`
--

CREATE TABLE `kelas` (
  `id` bigint unsigned NOT NULL AUTO_INCREMENT,
  `uuid` char(36) CHARACTER SET utf8mb4 COLLATE utf8mb4_unicode_ci NOT NULL,
  `nama_kelas` varchar(255) CHARACTER SET utf8mb4 COLLATE utf8mb4_unicode_ci NOT NULL,
  `kode_kelas` varchar(255) CHARACTER SET utf8mb4 COLLATE utf8mb4_unicode_ci NOT NULL,
  `deskripsi` text CHARACTER SET utf8mb4 COLLATE utf8mb4_unicode_ci NOT NULL,
  `jurusan_id` bigint unsigned NOT NULL,
  `tingkatan_id` bigint unsigned NOT NULL,
  `deleted_at` timestamp NULL DEFAULT NULL,
  `created_at` timestamp NULL DEFAULT NULL,
  `updated_at` timestamp NULL DEFAULT NULL,
  PRIMARY KEY (`id`),
  KEY `kelas_jurusan_id_foreign` (`jurusan_id`),
  KEY `kelas_tingkatan_id_foreign` (`tingkatan_id`),
  CONSTRAINT `kelas_jurusan_id_foreign` FOREIGN KEY (`jurusan_id`) REFERENCES `jurusan` (`id`) ON DELETE CASCADE ON UPDATE CASCADE,
  CONSTRAINT `kelas_tingkatan_id_foreign` FOREIGN KEY (`tingkatan_id`) REFERENCES `tingkatan` (`id`) ON DELETE CASCADE ON UPDATE CASCADE
) ENGINE=InnoDB AUTO_INCREMENT=30 DEFAULT CHARSET=utf8mb4 COLLATE=utf8mb4_unicode_ci;

--
-- Dumping data for table `kelas`
--

INSERT INTO `kelas` VALUES (3,'4114f465-a144-446b-8ff7-bf592f81496a','X RPL 1','XRPL1','Kelas X RPL 1',3,1,NULL,'2023-07-25 01:54:17','2023-07-25 01:54:17'),(4,'bf2a80ca-9bfa-4277-ae72-1674e381fe40','X RPL 2','XRPL2','Kelas X RPL 2',3,1,NULL,'2023-09-11 02:51:26','2023-09-11 02:52:32'),(5,'73683aca-683e-42f5-8271-af134c05a0cf','X RPL 3 ','XRPL3','Kelas X RPL 3',3,1,NULL,'2023-09-11 02:53:27','2023-09-11 02:53:27'),(6,'57f06fbe-5554-4451-9cec-036e372cdec3','X RPL 4','XRPL4','Kelas X RPL 4',3,1,NULL,'2023-09-11 02:54:44','2023-09-11 02:54:44'),(7,'b48e1282-cfc1-4a5e-bd1f-7ab560caf15e','X AK','XAK','Kelas X AK',1,1,NULL,'2023-09-11 02:56:43','2023-09-11 02:56:43'),(8,'f43c8013-b764-4c8b-9a69-55ded7def71d','X BDBR','XBDBR','Kelas X BDBR',2,1,NULL,'2023-09-11 02:57:37','2023-09-11 02:57:37'),(9,'d3d8a392-e188-4d4e-85c5-f30e4b290d16','X TKRO','XTKRO','Kelas X TKRO',5,1,NULL,'2023-09-11 02:59:29','2023-09-11 02:59:29'),(10,'57e3e525-613b-4019-b5dc-1eac6b2095ae','X TSM 1','XTSM1','Kelas X TSM 1',4,1,NULL,'2023-09-11 03:01:09','2023-09-11 03:01:09'),(11,'75f4286e-7b38-42d6-8704-5e5648ce068d','X TSM 2','XTSM2','Kelas X TSM 2',4,1,NULL,'2023-09-11 03:02:10','2023-09-11 03:02:10'),(12,'aafebb3d-201f-4c98-8df2-184a6dd4a0b3','XI RPL 1','XIRPL1','Kelas XI RPL 1',3,2,NULL,'2023-09-16 23:49:23','2023-09-16 23:49:23'),(13,'e4834e50-049e-41e1-b31f-2a9f8bc859e7','XI RPL 2','XIRPL2','Kelas XI RPL 2',3,2,NULL,'2023-09-16 23:49:23','2023-09-16 23:49:23'),(14,'d9e5fb3d-814f-467d-bff1-67e2ee5399cc','XI RPL 3','XIRPL3','Kelas XI RPL 3',3,2,NULL,'2023-09-16 23:49:23','2023-09-16 23:49:23'),(15,'4dd8c228-d3db-49bb-b5a1-e21630a2c1c0','XI RPL 4','XIRPL4','Kelas XI RPL 4',3,2,NULL,'2023-09-16 23:49:23','2023-09-16 23:49:23'),(16,'5515c136-1c3b-4b88-b2fd-dfe2d3a64421','XI AK','XIAK','Kelas XI AK',1,2,NULL,'2023-09-16 23:49:23','2023-09-16 23:49:23'),(17,'a15eec99-6ecd-4bcc-8417-a8ee2a2e1779','XI BDP','XIBDP','Kelas XI BDP',2,2,NULL,'2023-09-16 23:49:23','2023-09-16 23:49:23'),(18,'be3b1e2f-69f8-4812-b148-de17fcc14a42','XI TBSM 1','XITBSM1','Kelas XI TBSM 1',4,2,NULL,'2023-09-16 23:49:23','2023-09-16 23:49:23'),(19,'cfb105b1-f0eb-4b02-b272-0fba9bfd99f1','XI TBSM 2','XITBSM2','Kelas XI TBSM 2',4,2,NULL,'2023-09-16 23:49:23','2023-09-16 23:49:23'),(20,'dd598ccd-a6c4-4c29-8d32-c94728880831','XI TBSM 3','XITBSM3','Kelas XI TBSM 3',4,2,NULL,'2023-09-16 23:49:23','2023-09-16 23:49:23'),(21,'fa058a5d-b936-4283-bd02-78b46bcd480a','XI TKRO','XITKRO','Kelas XI TKRO',5,2,NULL,'2023-09-16 23:49:23','2023-09-16 23:49:23'),(22,'f6686fd4-8fec-472f-85f3-4641c7357e0e','XII RPL 1','XIIRPL1','Kelas XII RPL 1',3,3,NULL,'2023-09-16 23:52:11','2023-09-16 23:52:11'),(23,'21c242b4-ed91-438f-adfe-3d982e6ea4dd','XII RPL 2','XIIRPL2','Kelas XII RPL 2',3,3,NULL,'2023-09-16 23:52:11','2023-09-16 23:52:11'),(24,'226ba012-64c1-41cd-b346-13732166f9b9','XII RPL 3','XIIRPL3','Kelas XII RPL 3',3,3,NULL,'2023-09-16 23:52:11','2023-09-16 23:52:11'),(25,'62ef5d3e-4f40-4792-a4a9-85c32d0747fe','XII AK','XIIAK','Kelas XII AK',1,3,NULL,'2023-09-16 23:52:11','2023-09-16 23:52:11'),(26,'a615634a-653f-4807-b68d-0d9a4df3fd1b','XII BDP','XIIBDP','Kelas XII BDP',2,3,NULL,'2023-09-16 23:52:11','2023-09-16 23:52:11'),(27,'e9ae8d02-2f30-4064-b302-7da6db2cba29','XII TBSM 1','XIITBSM1','Kelas XII TBSM 1',4,3,NULL,'2023-09-16 23:52:11','2023-09-16 23:52:11'),(28,'8cdd8497-63ff-4020-98b1-82bc9bb196f4','XII TBSM 2','XIITBSM2','Kelas XII TBSM 2',4,3,NULL,'2023-09-16 23:52:11','2023-09-16 23:52:11'),(29,'990f42f3-fa0d-4a73-a18c-7539a3f1a029','XII TKRO','XIITKRO','Kelas XII TKRO',5,3,NULL,'2023-09-16 23:52:11','2023-09-16 23:52:11');

--
-- Table structure for table `keunggulan_sekolah`
--

CREATE TABLE `keunggulan_sekolah` (
  `id` bigint unsigned NOT NULL AUTO_INCREMENT,
  `title` varchar(255) CHARACTER SET utf8mb4 COLLATE utf8mb4_unicode_ci NOT NULL,
  `description` text CHARACTER SET utf8mb4 COLLATE utf8mb4_unicode_ci NOT NULL,
  `icon` varchar(255) COLLATE utf8mb4_unicode_ci NOT NULL,
  `created_at` timestamp NULL DEFAULT NULL,
  `updated_at` timestamp NULL DEFAULT NULL,
  PRIMARY KEY (`id`)
) ENGINE=InnoDB AUTO_INCREMENT=5 DEFAULT CHARSET=utf8mb4 COLLATE=utf8mb4_unicode_ci;

--
-- Dumping data for table `keunggulan_sekolah`
--

INSERT INTO `keunggulan_sekolah` VALUES (1,'Biaya termurah','SMK Taruna Harapan 1 cipatat menyediakan akses pendidikan berkualitas dengan biaya terjangkau, membuka pintu menuju masa depan yang cerah','01HNPV3B16PSDH8PQR27BA9R1J.svg','2024-02-03 06:39:36','2024-02-03 06:39:36'),(2,'Guru terbaik','Didukung oleh tim pengajar berkualitas, siswa kami diberdayakan dengan bimbingan ahli untuk meraih sukses pribadi dan profesional','01HNPV4484X7FT1E7RJ7A5VQPR.svg','2024-02-03 06:40:02','2024-02-03 06:40:02'),(3,'Fasilitas lengkap','Lingkungan belajar yang modern dan nyaman dengan fasilitas terbaik, menciptakan pengalaman belajar yang memuaskan dan optimal','01HNPV5P5YQTWMK6MYGX1EAM5M.svg','2024-02-03 06:40:53','2024-02-03 06:40:53'),(4,'Kurikulum up-to-date','SMK Taruna Harapan 1 Cipatat menawarkan kurikulum yang selalu diperbarui, memastikan siswa siap menghadapi tantangan dunia nyata dengan pengetahuan terkini','01HNPV6K4SJ9HT39K18GX8GGRH.svg','2024-02-03 06:41:23','2024-02-03 06:41:23');

--
-- Table structure for table `list_kd`
--

CREATE TABLE `list_kd` (
  `id` int unsigned NOT NULL AUTO_INCREMENT,
  `mapel_id` bigint unsigned NOT NULL,
  `tahun_ajaran_id` bigint unsigned NOT NULL,
  `guru_id` bigint unsigned NOT NULL,
  `kode_kd` varchar(255) CHARACTER SET utf8mb4 COLLATE utf8mb4_unicode_ci NOT NULL,
  `nama_kd` text CHARACTER SET utf8mb4 COLLATE utf8mb4_unicode_ci NOT NULL,
  `created_at` timestamp NULL DEFAULT NULL,
  `updated_at` timestamp NULL DEFAULT NULL,
  `jenis_kd` varchar(255) CHARACTER SET utf8mb4 COLLATE utf8mb4_unicode_ci NOT NULL,
  `tingkat` varchar(255) CHARACTER SET utf8mb4 COLLATE utf8mb4_unicode_ci NOT NULL,
  PRIMARY KEY (`id`),
  KEY `list_kd_guru_id_foreign` (`guru_id`),
  KEY `list_kd_mapel_id_foreign` (`mapel_id`),
  KEY `list_kd_tahun_ajaran_id_foreign` (`tahun_ajaran_id`),
  CONSTRAINT `list_kd_guru_id_foreign` FOREIGN KEY (`guru_id`) REFERENCES `guru` (`id`) ON DELETE CASCADE ON UPDATE CASCADE,
  CONSTRAINT `list_kd_mapel_id_foreign` FOREIGN KEY (`mapel_id`) REFERENCES `mapels` (`id`) ON DELETE CASCADE ON UPDATE CASCADE,
  CONSTRAINT `list_kd_tahun_ajaran_id_foreign` FOREIGN KEY (`tahun_ajaran_id`) REFERENCES `tahun_ajarans` (`id`) ON DELETE CASCADE ON UPDATE CASCADE
) ENGINE=InnoDB AUTO_INCREMENT=917 DEFAULT CHARSET=utf8mb4 COLLATE=utf8mb4_unicode_ci;

--
-- Dumping data for table `list_kd`
--

INSERT INTO `list_kd` VALUES (3,43,4,4,'E','Algoritma dan Flowchart','2023-10-07 11:56:25','2023-10-07 11:56:25','pengetahuan',''),(4,43,4,4,'E.1','Keterampilan Algoritma dan Flowchart','2023-10-11 16:23:13','2023-10-11 16:23:13','keterampilan',''),(9,6,4,76,'3.1','Memahami perkembangan masa prasejarah di Indonesia','2023-10-12 06:30:34','2023-10-12 06:30:34','pengetahuan','X'),(15,7,4,57,'SBtigin','memahami jenis-jenis seni rupa','2023-10-12 06:54:54','2023-10-12 06:54:54','pengetahuan','X'),(16,7,4,57,'SBtigin2','memahami pameran seni rupa','2023-10-12 07:08:26','2023-10-12 07:08:26','pengetahuan','X'),(17,7,4,57,'sbktigin','menjelaskan jenis seni rupa','2023-10-12 07:11:52','2023-10-12 07:11:52','keterampilan','X'),(20,5,4,66,'3.24','Menganalisis fungsi sosial, struktur teks, dan unsur kebahasaan teks interaksi transaksional lisan dan tulis yang melibatkan tindakan memberi dan meminta informasi terkait hubungan sebab akibat, sesuai dengan konteks penggunaannya. (Perhatikan unsur kebahasaan because of ..., due to ..., thanks to ...)','2023-10-12 07:41:08','2023-10-12 07:41:08','pengetahuan','XII'),(21,5,4,66,'CP1','Membaca dan merespon berbagai macam teks seperti narasi, deskripsi, prosedur, eksposisi, recount, dan report. Membaca untuk mempelajari sesuatu atau untuk mendapatkan informasi. Mencari dan mengevaluasi detil spesifik dan inti dari berbagai macam jenis teks. Teks ini dapat berbentuk cetak atau digital, termasuk diantaranya teks visual, multimodal atau interaktif.','2023-10-12 07:50:04','2023-10-12 07:50:04','pengetahuan','X'),(22,2,4,64,'CP.01.','Peserta didik mampu mengidentifikasi cara pandang para pendiri negara tentang rumusan Pancasila sebagai dasar negara','2023-10-12 12:15:45','2023-10-12 12:15:45','pengetahuan','X'),(23,2,4,64,'Cp.02.','Peserta didik mampu mengenal fungsi dan kedudukan Pancasila sebagai dasar negara, ideologi negara, dan identitas nasional','2023-10-12 12:16:20','2023-10-12 12:16:20','pengetahuan','X'),(24,2,4,64,'Cp.03.','Peserta didik mampu mengenali dan menggunakan produk dalam negeri sekaligus mempromosikan budaya lokal dan nasional','2023-10-12 12:16:27','2023-10-12 12:16:27','pengetahuan','X'),(25,2,4,64,'P.1.1','Siswa mampu mengidentifikasi rumusan Pancasila menurut para pendiri bangsa','2023-10-12 13:19:59','2023-10-12 13:19:59','keterampilan','X'),(26,2,4,64,'P.1.2.','Siswa mampu mengenal fungsi dan kedudukan Pancasila','2023-10-12 13:21:27','2023-10-12 13:21:27','keterampilan','X'),(27,2,4,64,'P.1.3.','Siswa mampu mengenali dan menggunakan produk dalam negeri sekaligus mempromosikan budaya lokal dan nasional','2023-10-12 13:27:29','2023-10-12 13:27:29','keterampilan','X'),(28,41,4,79,'3.1','3.1 Menentukan ungkapan menyapa,  berpamitan, mengucapkan terima  kasih, meminta maaf, meminta izin,  instruksi (aisatsu) dan cara meresponnya pada teks transaksional  lisan dan tulis, dengan memperhatikan unsur kebahasaan, struktur  teks dan unsur budaya sesuai konteks  penggunaannya','2023-10-12 17:19:14','2023-10-12 17:19:14','pengetahuan','X'),(29,41,4,79,'3.2','3.2..Memahami ungkapan memberi dan  meminta informasi terkait perkenalan  diri (jiko shoukai) dan identitas diri,  serta meresponnya pada teks  transaksional lisan dan tulis, dengan  memperhatikan unsur kebahasaan  dan struktur teks yang sesuai konteks  penggunaannya.','2023-10-12 17:24:45','2023-10-12 17:24:45','pengetahuan','X'),(30,41,4,79,'4.1','4.1..Mendemonstrasikan ungkapan menyapa, berpamitan, mengucapkan,  terimakasih, meminta maaf, meminta  izin, instruksi (aisatsu) dan cara  meresponnya pada teks transaksional  lisan dan tulis dengan memperhatikan unsur kebahasaan, struktur  teks dan unsur budaya sesuai konteks  penggunaannya.','2023-10-12 17:29:32','2023-10-12 17:29:32','keterampilan','X'),(31,41,4,79,'4.2','Mengomunikasikan ungkapan terkait  perkenalan diri (jiko shoukai) dan  identitas diri, serta meresponnya  pada teks transaksional lisan dan  tulis, dengan memperhatikan unsur  kebahasaan dan struktur teks yang  sesuai konteks penggunaannya.','2023-10-12 17:29:38','2023-10-12 17:29:38','keterampilan','X'),(34,6,4,77,'3.1','Memahami perkembangan masa prasejarah di Indonesia','2023-10-13 00:00:39','2023-10-13 00:00:39','pengetahuan','X'),(35,6,4,77,'4.1','Menyajikan hasil pemahaman tentang konsep dasar sejarah (berpikir kronologis, diakronik, sinkronik, ruang dan waktu serta perubahan dan keberlanjutan)','2023-10-13 00:07:53','2023-10-13 00:07:53','keterampilan','X'),(36,44,4,57,'3.1','Memahami Perencanaan Produksi Massal','2023-10-13 01:04:58','2023-10-13 01:04:58','pengetahuan','XII'),(37,44,4,57,'4.1','Mempresentasikan Perencanaan Produksi Massal','2023-10-13 01:18:47','2023-10-13 01:18:47','keterampilan','XII'),(38,2,4,85,'CP.1.1','Peserta didik mampu mengidentifikasi cara pandang para pendiri negara tentang rumusan Pancasila sebagai dasar negara','2023-10-13 04:25:48','2023-10-13 04:25:48','pengetahuan','X'),(39,2,4,85,'CP.1.2','Peserta didik mampu mengenal fungsi dan kedudukan Pancasila sebagai dasar negara, ideologi negara, dan identitas nasional','2023-10-13 04:53:12','2023-10-13 04:53:12','pengetahuan','X'),(40,2,4,85,'CP.1.3','Peserta didik mampu mengenali dan menggunakan produk dalam negeri sekaligus mempromosikan budaya lokal dan nasional','2023-10-13 04:59:12','2023-10-13 04:59:12','pengetahuan','X'),(41,2,4,85,'P.1.1','Siswa mampu mengidentifikasi rumusan Pancasila menurut para pendiri bangsa','2023-10-13 05:13:38','2023-10-13 05:13:38','keterampilan','X'),(42,2,4,85,'P.1.2.','Siswa mampu mengenal fungsi dan kedudukan Pancasila','2023-10-13 05:17:17','2023-10-13 05:17:17','keterampilan','X'),(43,2,4,85,'P.1.3.','Siswa mampu mengenali dan menggunakan produk dalam negeri sekaligus mempromosikan budaya lokal dan nasional','2023-10-13 05:20:40','2023-10-13 05:20:40','keterampilan','X'),(44,44,4,57,'XI 3.1','memahami sikap dan perilaku kewirausahaan','2023-10-13 06:55:13','2023-10-13 06:55:13','pengetahuan','XI'),(45,44,4,5,'3.1','Memahami Perencanaan Produksi Massal','2023-10-13 08:45:51','2023-10-13 08:45:51','pengetahuan','XII'),(46,44,4,5,'4.1','Mempresentasikan Perencanaan Produksi Massal','2023-10-13 09:01:38','2023-10-13 09:01:38','keterampilan','XII'),(47,44,4,5,'(XII) 3.2','Menentukan Indikator Keberhasilan Tahapan Produksi Massal','2023-10-13 09:14:37','2023-10-13 09:14:37','pengetahuan','XII'),(49,44,4,5,'(XII) 4.2','Membuat Indikator Keberhasilan Tahapan Produksi Massal','2023-10-13 09:16:16','2023-10-13 09:16:16','keterampilan','XII'),(53,44,4,5,'(XI) CP1. Elemen1 -','Peluang Usaha','2023-10-13 11:46:13','2023-10-13 11:46:13','pengetahuan','XI'),(54,44,4,5,'(XI) CP1. Elemen1 K -','Menganalisis Peluang Usaha','2023-10-13 11:47:04','2023-10-13 11:47:04','keterampilan','XI'),(55,5,4,66,'4.24','Menyusun teks interaksi transaksional lisan dan tulis yang melibatkan tindakan memberi dan meminta informasi terkait hubungan sebab akibat, dengan memperhatikan fungsi sosial, struktur teks, dan unsur kebahasaan yang benar dan sesuai konteks','2023-10-13 12:50:57','2023-10-13 12:50:57','keterampilan','XII'),(56,44,4,5,'(XI) CP1. Elemen2 -','Proposal Bisnis','2023-10-13 13:00:00','2023-10-13 13:00:00','pengetahuan','XI'),(57,44,4,5,'(XI) CP1. Elemen2 K -','Menyusun Proposal Bisnis','2023-10-13 13:01:18','2023-10-13 13:01:18','keterampilan','XI'),(58,5,4,66,'CP2','Membaca dan merespon berbagai macam teks seperti narasi, deskripsi, prosedur, eksposisi, recount, dan report. Membaca untuk mempelajari sesuatu atau untuk mendapatkan informasi. Mencari dan mengevaluasi detil spesifik dan inti dari berbagai macam jenis teks. Teks ini dapat berbentuk cetak atau digital, termasuk diantaranya teks visual, multimodal atau interaktif.','2023-10-13 13:06:57','2023-10-13 13:06:57','pengetahuan','X'),(59,5,4,66,'CP1K','Membaca dan merespon berbagai macam teks seperti narasi, deskripsi, prosedur, eksposisi, recount, dan report. Membaca untuk mempelajari sesuatu atau untuk mendapatkan informasi. Mencari dan mengevaluasi detil spesifik dan inti dari berbagai macam jenis teks. Teks ini dapat berbentuk cetak atau digital, termasuk diantaranya teks visual, multimodal atau interaktif.','2023-10-13 13:46:08','2023-10-13 13:46:08','keterampilan','X'),(60,5,4,66,'CP2K','Membaca dan merespon berbagai macam teks seperti narasi, deskripsi, prosedur, eksposisi, recount, dan report. Membaca untuk mempelajari sesuatu atau untuk mendapatkan informasi. Mencari dan mengevaluasi detil spesifik dan inti dari berbagai macam jenis teks. Teks ini dapat berbentuk cetak atau digital, termasuk diantaranya teks visual, multimodal atau interaktif.','2023-10-13 13:46:49','2023-10-13 13:46:49','keterampilan','X'),(61,5,4,66,'3.25','Menganalisis fungsi social, struktur teks dan unsur kebahasaan teks interaksi transaksional yang melibatkan tindakan memberi dan meminta informasi terkait penulisan laporan sederhana.','2023-10-13 13:48:38','2023-10-13 13:48:38','pengetahuan','XII'),(62,5,4,66,'3.26','Menganalisis fungsi social, struktur teks dan unsur kebahasaan teks interaksi transaksional yang melibatkan tindakan memberi dan meminta informasi terkait penyajian laporan secara lisan (report presentation','2023-10-13 13:50:09','2023-10-13 13:50:09','pengetahuan','XII'),(63,5,4,66,'4.25','Menyusun teks interaksi transaksional tulis yang melibatkan tindakan memberi dan meminta informasi terkait penulisan laporan sederhana dengan memperhatikan fungsi social, struktur teks dan unsur kebahasaan yang benar dan sesuai dengan konteks penggunaannya di dunia kerja.','2023-10-13 13:50:59','2023-10-13 13:50:59','keterampilan','XII'),(64,5,4,66,'4.26','Menyusun teks interaksi transaksional lisan yang melibatkan tindakan memberi dan meminta informasi terkait penyajian laporan dengan memperhatikan fungsi social, struktur teks dan unsur kebahasaan yang benar dan sesuai dengan konteks penggunaannya di dunia kerja.','2023-10-13 13:51:54','2023-10-13 13:51:54','keterampilan','XII'),(65,4,4,67,'C.P. 1','Di akhir fase E, peserta didik dapat menggeneralisasi sifat-sifat bilangan berpangkat (termasuk bilanganm pangkat pecahan). mereka dapat menerapkan barisan dan deret aritmatika dan geometri, ter,asuk masalah yang terkait bunga tunggal dan bunga majemuk.','2023-10-13 22:54:29','2023-10-13 22:54:29','pengetahuan','X'),(66,4,4,67,'C.K.1','Di akhir fase E, peserta didik dapat menggeneralisasi sifat-sifat bilangan berpangkat (termasuk bilanganm pangkat pecahan). mereka dapat menerapkan barisan dan deret aritmatika dan geometri, ter,asuk masalah yang terkait bunga tunggal dan bunga majemuk.','2023-10-13 23:17:52','2023-10-13 23:17:52','keterampilan','X'),(67,1,4,68,'Al-Qur’an dan Hadis','Peserta didik dapat menganalisis Al-Qur’an dan Hadis tentang berfikir kritis, ilmu pengetahuan dan teknologi, toleransi, memelihara kehidupan manusia, musibah, ujian, cinta tanah air dan moderasi beragama; mempresentasikan pesan- pesan Al-Qur’an dan Hadis tentang pentingnya berfikir kritis (critical  thinking), ilmu pengetahuan dan teknologi, toleransi, memelihara   kehidupan   manusia,   musibah, ujian, cinta tanah air dan moderasi beragama; membiasakan membaca Al-Qur’an dengan meyakini  bahwa  berfikir  kritis,  ilmu pengetahuan dan teknologi, toleransi, memelihara   kehidupan   manusia,   musibah, ujian, cinta tanah air dan moderasi beragama adalah ajaran agama; membiasakan sikap rasa ingin tahu, berfikir kritis, kreatif, dan adaptif terhadap perkembangan ilmu pengetahuan, dan teknologi, toleransi, peduli sosial, cinta damai, semangat kebangsaan, dan tanggung jawab, sabar, tabah, pantang menyerah, tawakal, dan selalu berprasangka baik kepada Allah Swt. dalam menghadapi ujian dan musibah, cinta tanah air, dan moderasi dalam beragama','2023-10-13 23:44:32','2023-10-13 23:44:32','pengetahuan','XI'),(68,1,4,68,'3.1','Menganalisis dan mengevaluasi makna Q.S. Ali Imran/3: 190-191, dan Q.S. Ali Imran/3: 159, serta Hadis tentang berpikir kritis dan bersikap demokratis','2023-10-13 23:49:51','2023-10-13 23:49:51','pengetahuan','XII'),(69,1,4,68,'3.2','Menganalisis dan mengevaluasi makna Q.S. Luqman/31: 13-14 dan Q.S. al-Baqarah/2: 83, serta Hadis tentang kewajiban beribadah dan bersyukur kepada Allah serta berbuat baik kepada sesama manusia','2023-10-13 23:50:05','2023-10-13 23:50:05','pengetahuan','XII'),(70,1,4,68,'3.3','Menganalisis dan mengevaluasi makna iman kepada hari akhir','2023-10-13 23:50:12','2023-10-13 23:50:12','pengetahuan','XII'),(71,1,4,68,'Akidah','Peserta didik menganalisis cabang-cabang iman, keterkaitan antara iman, Islam dan ihsan, serta dasar-dasar, tujuan dan manfaat ilmu kalam; mempresentasikan  tentang  cabang-cabang iman, dasar-dasar, tujuan dan manfaat ilmu kalam;  meyakini  bahwa  cabang-cabang iman, keterkaitan antara iman, Islam dan ihsan, serta dasar-dasar, tujuan  dan  manfaat  ilmu  kalam adalah ajaran agama; membiasakan sikap tanggung jawab, memenuhi janji, menyukuri nikmat, memelihara lisan, menutup aib orang lain, jujur, peduli sosial, ramah, konsisten, cinta damai, rasa  ingin  tahu  dan  pembelajar sepanjang hayat','2023-10-13 23:51:14','2023-10-13 23:51:14','pengetahuan','XI'),(72,1,4,68,'Akhlak','Peserta   didik   dapat   memecahkan   masalah perkelahian    antarpelajar,    minuman    keras (miras), dan narkoba dalam Islam; menganalisis adab menggunakan media sosial dalam Islam, menganalisis  dampak  negatif  sikap  munafik, keras hati, dan keras kepala dalam kehidupan sehari hari, sikap inovatif dan etika berorganisasi; mempresentasikan cara memecahkan masalah perkelahian antarpelajar dan dampak pengiringnya, minuman keras (miras), dan narkoba; menganalisis adab menggunakan media  sosial  dalam  Islam, dampak negatif sikap munafik, keras hati, dan keras kepala dalam kehidupan sehari hari; meyakini bahwa agama melarang melakukan perkelahian antarpelajar, minuman keras, dan narkoba, munafik, keras hati, dan keras kepala, meyakini   bahwa   adab   menggunakan  media sosial dalam Islam dapat memberi keselamatan bagi individu dan masyarakat dan meyakini bahwa sikap inovatif dan etika berorganisasi merupakan   perintah   agama;   membiasakan sikap taat pada aturan, peduli sosial, tanggung jawab,  cinta  damai,  santun,  saling menghormati, semangat kebangsaan, jujur, inovatif, dan rendah hati.','2023-10-13 23:51:24','2023-10-13 23:51:24','pengetahuan','XI'),(82,9,4,83,'E','Makhuk hidup dan lingkungannya','2023-10-14 01:36:20','2023-10-14 01:36:20','pengetahuan','X'),(83,9,4,83,'E.1','Mengamati makhluk hidup dan lingungannya di sekitar','2023-10-14 01:47:17','2023-10-14 01:47:17','keterampilan','X'),(84,4,4,67,'P.1','Di akhir fase f, peserta didik dapat menentukan fungsi invers, komposisi fungsi dan transformasi fungsi untuk memodelkan situasi dunia nyata berdasarkan fungsi yang sesuai (linier, kuadrat, eksponensial)','2023-10-14 01:50:42','2023-10-14 01:50:42','pengetahuan','XI'),(85,4,4,67,'K.1','Di akhir fase f, peserta didik dapat menentukan fungsi invers, komposisi fungsi dan transformasi fungsi untuk memodelkan situasi dunia nyata berdasarkan fungsi yang sesuai (linier, kuadrat, eksponensial)','2023-10-14 02:32:30','2023-10-14 02:32:30','keterampilan','XI'),(86,4,4,67,'3.25','Menganalisis kaidah pencacahan, permutasi dan kombinasi pada masalah kontekstual','2023-10-14 03:48:03','2023-10-14 03:48:03','pengetahuan','XII'),(87,4,4,67,'3.26','Menentukan peluang kejadian','2023-10-14 03:48:21','2023-10-14 03:48:21','pengetahuan','XII'),(89,4,4,67,'4.25','Menyajikan penyelesaian masalah kontekstual berkaitan dengan kaidah pencacahan, permutasi dan kombinasi','2023-10-14 03:49:50','2023-10-14 03:49:50','keterampilan','XII'),(90,4,4,67,'4.26','Menyelesaikan masalah yang berkaitan dengan peluang kejadian','2023-10-14 03:49:56','2023-10-14 03:49:56','keterampilan','XII'),(91,2,4,63,'3.1','Menganalisis nilai-nilai Pancasila terkait dengan kasus-kasus pelanggaran hak dan pengingkaran kewajiban warga negara dalam kehidupan berbangsa dan bernegara','2023-10-14 04:00:33','2023-10-14 04:00:33','pengetahuan','XII'),(93,13,4,89,'CP.K3','Konsep Dasar K3','2023-10-14 05:47:32','2023-10-14 05:47:32','pengetahuan','X'),(94,13,4,89,'CP.Kesehatankerja','Kesehatan Kerja','2023-10-14 05:47:53','2023-10-14 05:47:53','pengetahuan','X'),(97,13,4,89,'CP. KonsepdasarK3','memperkenalkan K3, tujuan K3','2023-10-14 06:33:58','2023-10-14 06:33:58','keterampilan','X'),(98,13,4,89,'CP.Penyakitakibatkerja','memperkenalkan akibat pkecelakaan akibat kerja','2023-10-14 06:34:09','2023-10-14 06:34:09','keterampilan','X'),(99,4,4,75,'3.19 Yani sudrayani','Menentukan nilai variabel pada persamaan dan fungsi kuadrat','2023-10-14 06:37:20','2023-10-14 06:37:20','pengetahuan','XI'),(100,42,4,80,'12.3.1','Menganalisis, mengidentifikasi, dan memahami  teks Carita wayang berdasarkan kaidah-kaidahnya secara lisan dan tulisan','2023-10-14 07:09:44','2023-10-14 07:09:44','pengetahuan','XII'),(101,42,4,80,'12.4.1','Menanggapi, menginterpretasi, dan  mengomentari isi teks Carita wayang dengan sesuai dengan kaidah-kaidahnya.','2023-10-14 07:12:39','2023-10-14 07:12:39','keterampilan','XII'),(102,44,4,89,'(XI) CP1. Elemen1 -','Peluang Usaha','2023-10-14 07:16:59','2023-10-14 07:16:59','pengetahuan','XI'),(103,44,4,89,'(XI) CP1. Elemen2 -','Proposal Bisnis','2023-10-14 07:20:46','2023-10-14 07:20:46','pengetahuan','XI'),(104,4,4,75,'3.20 yani sudrayani','Menganalisis operasi komposisi dan operasi invers pada fungsi','2023-10-14 07:38:56','2023-10-14 07:38:56','pengetahuan','XI'),(105,44,4,89,'(XI) CP1. Elemen2 K -','Menyusun Proposal Bisnis','2023-10-14 07:46:57','2023-10-14 07:46:57','keterampilan','XI'),(106,44,4,89,'(XII) 4.2','Membuat Indikator Keberhasilan Tahapan Produksi Massal','2023-10-14 07:47:34','2023-10-14 07:47:34','keterampilan','XI'),(107,3,4,61,'CP1','Peserta didik mampu mengevaluasi dan mengkreasi informasi berupa gagasan, pikiran, perasaan, pandangan, arahan atau pesan yang akurat dari menyimak berbagai jenis teks (nonfiksi dan fiksi) dalam bentuk monolog, dialog, dan gelar wicara.','2023-10-14 08:33:05','2023-10-14 08:33:05','pengetahuan','X'),(108,3,4,61,'CP2','Peserta didik mampu mengevaluasi dan mengkreasi informasi berupa gagasan, pikiran, perasaan, pandangan, arahan atau pesan yang akurat dari menyimak berbagai jenis teks (nonfiksi dan fiksi) dalam bentuk monolog, dialog, dan gelar wicara.','2023-10-14 08:33:32','2023-10-14 08:33:32','pengetahuan','X'),(109,3,4,61,'CK1','Peserta didik mampu mengevaluasi dan mengkreasi informasi berupa gagasan, pikiran, perasaan, pandangan, arahan atau pesan yang akurat dari menyimak berbagai jenis teks (nonfiksi dan fiksi) dalam bentuk monolog, dialog, dan gelar wicara','2023-10-14 08:58:46','2023-10-14 08:58:46','keterampilan','X'),(110,3,4,61,'CK2','Peserta didik mampu mengevaluasi dan mengkreasi informasi berupa gagasan, pikiran, perasaan, pandangan, arahan atau pesan yang akurat dari menyimak berbagai jenis teks (nonfiksi dan fiksi) dalam bentuk monolog, dialog, dan gelar wicara.','2023-10-14 09:10:16','2023-10-14 09:10:16','keterampilan','X'),(111,3,4,74,'CP1','Peserta didik mampu mengevaluasi dan mengkreasi informasi berupa gagasan, pikiran, perasaan, pandangan, arahan atau pesan yang akurat dari menyimak berbagai jenis teks (nonfiksi dan fiksi) dalam bentuk monolog, dialog, dan gelar wicara.','2023-10-14 09:59:54','2023-10-14 09:59:54','pengetahuan','X'),(112,3,4,74,'CP2','Peserta didik mampu mengevaluasi dan mengkreasi informasi berupa gagasan, pikiran, perasaan, pandangan, arahan atau pesan yang akurat dari menyimak berbagai jenis teks (nonfiksi dan fiksi) dalam bentuk monolog, dialog, dan gelar wicara.','2023-10-14 10:00:45','2023-10-14 10:00:45','pengetahuan','X'),(113,3,4,74,'CK1','Peserta didik mampu mengevaluasi dan mengkreasi informasi berupa gagasan, pikiran, perasaan, pandangan, arahan atau pesan yang akurat dari menyimak berbagai jenis teks (nonfiksi dan fiksi) dalam bentuk monolog, dialog, dan gelar wicara','2023-10-14 10:29:00','2023-10-14 10:29:00','keterampilan','X'),(114,3,4,74,'CK2','Peserta didik mampu mengevaluasi dan mengkreasi informasi berupa gagasan, pikiran, perasaan, pandangan, arahan atau pesan yang akurat dari menyimak berbagai jenis teks (nonfiksi dan fiksi) dalam bentuk monolog, dialog, dan gelar wicara.','2023-10-14 10:29:14','2023-10-14 10:29:14','keterampilan','X'),(115,18,4,5,'CP1. Elemen1 -','Profil Technopreneur','2023-10-14 11:23:39','2023-10-14 11:23:39','pengetahuan','X'),(116,18,4,5,'CP1. Elemen1K -','Membaca peluang kerja atau profesi dalam bidang Digital','2023-10-14 11:25:06','2023-10-14 11:25:06','keterampilan','X'),(117,18,4,5,'CP1. Elemen2 -','Manajemen Produksi Bidang Desain','2023-10-14 12:18:55','2023-10-14 12:18:55','pengetahuan','X'),(118,18,4,5,'CP1. Elemen2K -','Merancang Proses Desain','2023-10-14 12:19:33','2023-10-14 12:19:33','keterampilan','X'),(119,3,4,74,'CP1.XI','Peserta didik mampu menyajikan gagasan,pikiran, dan kreativitas dalam berbahasa dalam bentuk monolog, dialog, dan gelar wicara secara logis, sistematis, kritis, dan kreatif; mampu menyajikan karya sastra secara kreatif dan menarik.  Peserta didik mampu mengkreasi teks sesuai dengan norma kesopanan dan budaya Indonesia.  Peserta didik mampu menyajikan dan mempertahankan hasil penelitian, serta menyimpulkan masukan dari mitra diskusi.','2023-10-14 12:20:21','2023-10-14 12:20:21','pengetahuan','XI'),(120,3,4,74,'CP2.XI','Peserta didik mampu menyajikan gagasan,pikiran, dan kreativitas dalam berbahasa dalam bentuk monolog, dialog, dan gelar wicara secara logis, sistematis, kritis, dan kreatif; mampu menyajikan karya sastra secara kreatif dan menarik.  Peserta didik mampu mengkreasi teks sesuai dengan norma kesopanan dan budaya Indonesia.  Peserta didik mampu menyajikan dan mempertahankan hasil penelitian, serta menyimpulkan masukan dari mitra diskusi.','2023-10-14 12:20:59','2023-10-14 12:20:59','pengetahuan','XI'),(121,2,4,63,'4.1','Menyaji hasil analisis nilai-nilai Pancasila terkait dengan kasus-kasus pelanggaran hak dan pengingkaran kewajiban warga negara dalam kehidupan berbangsa dan bernegara','2023-10-14 13:58:43','2023-10-14 13:58:43','keterampilan','XII'),(122,3,4,74,'CK1.XI','Peserta didik mampu menyajikan gagasan,pikiran, dan kreativitas dalam berbahasa dalam bentuk monolog, dialog, dan gelar wicara secara logis, sistematis, kritis, dan kreatif; mampu menyajikan karya sastra secara kreatif dan menarik.  Peserta didik mampu mengkreasi teks sesuai dengan norma kesopanan dan budaya Indonesia.  Peserta didik mampu menyajikan dan mempertahankan hasil penelitian, serta menyimpulkan masukan dari mitra diskusi.','2023-10-14 14:13:07','2023-10-14 14:13:07','keterampilan','XI'),(123,3,4,74,'CK2.XI','Peserta didik mampu menyajikan gagasan,pikiran, dan kreativitas dalam berbahasa dalam bentuk monolog, dialog, dan gelar wicara secara logis, sistematis, kritis, dan kreatif; mampu menyajikan karya sastra secara kreatif dan menarik.  Peserta didik mampu mengkreasi teks sesuai dengan norma kesopanan dan budaya Indonesia.  Peserta didik mampu menyajikan dan mempertahankan hasil penelitian, serta menyimpulkan masukan dari mitra diskusi.','2023-10-14 14:13:24','2023-10-14 14:13:24','keterampilan','XI'),(127,43,4,4,'CP-BK-1.Pengetahuan','Algoritma dan Flowchart','2023-10-14 16:40:48','2023-10-14 16:40:48','pengetahuan','X'),(128,43,4,4,'CP-BK-2.Pengetahuan','Brainstorming','2023-10-14 16:40:59','2023-10-14 16:40:59','pengetahuan','X'),(129,43,4,4,'CP-BK-1.Keterampilan','Menerapkan Algoritma dan Flowchart dalam kehidupan sehari hari','2023-10-14 16:51:20','2023-10-14 16:51:20','keterampilan','X'),(130,43,4,4,'CP-BK-2.Keterampilan','Menerapkan Brainstorming dalam menggali dan mengumpulkan ide dalam menyelesaikan masalah','2023-10-14 16:51:28','2023-10-14 16:51:28','keterampilan','X'),(131,4,4,69,'3.25','Menganalisis kaidah pencacahan, permutasi dan kombinasi pada masalah kontekstual','2023-10-14 22:43:55','2023-10-14 22:43:55','pengetahuan','XII'),(132,4,4,69,'3.27','Mengevaluasi kajian statistika dalam masalah kontekstual','2023-10-14 22:46:52','2023-10-14 22:46:52','pengetahuan','XII'),(137,1,4,68,'KI -4 Al-Qur’an dan Hadis','Peserta didik dapat menganalisis Al-Qur’an dan Hadis tentang berfikir kritis, ilmu pengetahuan dan teknologi, toleransi, memelihara kehidupan manusia, musibah, ujian, cinta tanah air dan moderasi beragama; mempresentasikan pesan- pesan Al-Qur’an dan Hadis tentang pentingnya berfikir kritis (critical thinking), ilmu pengetahuan dan teknologi, toleransi, memelihara kehidupan manusia, musibah, ujian, cinta tanah air dan moderasi beragama; membiasakan membaca Al-Qur’an dengan meyakini bahwa berfikir kritis, ilmu pengetahuan dan teknologi, toleransi, memelihara kehidupan manusia, musibah, ujian, cinta tanah air dan moderasi beragama adalah ajaran agama; membiasakan sikap rasa ingin tahu, berfikir kritis, kreatif, dan adaptif terhadap perkembangan ilmu pengetahuan, dan teknologi, toleransi, peduli sosial, cinta damai, semangat kebangsaan, dan tanggung jawab, sabar, tabah, pantang menyerah, tawakal, dan selalu berprasangka baik kepada Allah Swt. dalam menghadapi ujian dan musibah, cinta tanah air, dan moderasi dalam beragama','2023-10-15 00:58:45','2023-10-15 00:58:45','keterampilan','XI'),(138,1,4,68,'KI-4 Akidah','Peserta didik menganalisis cabang-cabang iman, keterkaitan antara iman, Islam dan ihsan, serta dasar-dasar, tujuan dan manfaat ilmu kalam; mempresentasikan tentang cabang-cabang iman, dasar-dasar, tujuan dan manfaat ilmu kalam; meyakini bahwa cabang-cabang iman, keterkaitan antara iman, Islam dan ihsan, serta dasar-dasar, tujuan dan manfaat ilmu kalam adalah ajaran agama; membiasakan sikap tanggung jawab, memenuhi janji, menyukuri nikmat, memelihara lisan, menutup aib orang lain, jujur, peduli sosial, ramah, konsisten, cinta damai, rasa ingin tahu dan pembelajar sepanjang hayat','2023-10-15 01:03:01','2023-10-15 01:03:01','keterampilan','XI'),(139,1,4,68,'KI-4  Ahklak','Peserta didik dapat memecahkan masalah perkelahian antarpelajar, minuman keras (miras), dan narkoba dalam Islam; menganalisis adab menggunakan media sosial dalam Islam, menganalisis dampak sikap negatif munafik, keras hati, dan keras kepala dalam kehidupan sehari-hari, sikap inovatif dan etika berorganisasi; menggambarkan cara memecahkan masalah perkelahian antarpelajar dan dampak pengiringnya, minuman keras (miras), dan narkoba; menganalisis adab menggunakan media sosial dalam Islam, dampak negatif sikap munafik, keras hati, dan keras kepala dalam kehidupan sehari-hari; Berkeyakinan bahwa agama melarang melakukan perkelahian antarpelajar, minuman keras, dan narkoba, munafik, keras hati, dan keras kepala, meyakini bahwa adab menggunakan media sosial dalam Islam dapat memberi keselamatan bagi individu dan masyarakat dan meyakini bahwa sikap inovatif dan etika berorganisasi merupakan perintah agama; Membiasakan sikap taat pada aturan, peduli sosial, tanggung jawab, cinta damai, santun, saling menghormati, semangat kebangsaan, jujur, inovatif, dan rendah hati.','2023-10-15 01:03:10','2023-10-15 01:03:10','keterampilan','XI'),(142,4,4,75,'C.P. 1','Di akhir fase E, peserta didik dapat menggeneralisasi sifat-sifat bilangan berpangkat (termasuk bilanganm pangkat pecahan). mereka dapat menerapkan barisan dan deret aritmatika dan geometri, ter,asuk masalah yang terkait bunga tunggal dan bunga majemuk.','2023-10-15 03:21:15','2023-10-15 03:21:15','pengetahuan','X'),(144,4,4,75,'C.K.1','Di akhir fase E, peserta didik dapat menggeneralisasi sifat-sifat bilangan berpangkat (termasuk bilanganm pangkat pecahan). mereka dapat menerapkan barisan dan deret aritmatika dan geometri, ter,asuk masalah yang terkait bunga tunggal dan bunga majemuk.','2023-10-15 03:36:52','2023-10-15 03:36:52','keterampilan','X'),(145,17,4,4,'CP-Orientasi dasar pengembangan perangkat lunak dan gim.Pengetahuan1','Sistem Operasi','2023-10-15 04:01:56','2023-10-15 04:01:56','pengetahuan','X'),(146,17,4,4,'CP-Orientasi dasar pengembangan perangkat lunak dan gim.Pengetahuan2','Perangkat Lunak','2023-10-15 04:02:03','2023-10-15 04:02:03','pengetahuan','X'),(147,17,4,4,'CP-Orientasi dasar pengembangan perangkat lunak dan gim.Keterampilan1','Memahami Sistem Operasi Pada Komputer','2023-10-15 04:02:17','2023-10-15 04:02:17','keterampilan','X'),(148,17,4,4,'CP-Orientasi dasar pengembangan perangkat lunak dan gim.Keterampilan2','Memahami dan menerapkan aplikasi penjelajah internet, multimedia, surat dan penyimpanan online','2023-10-15 04:02:22','2023-10-15 04:02:22','keterampilan','X'),(149,32,4,4,'CP-BD-Pengetahuan1','Konsep dan hirarki basis data','2023-10-15 04:12:21','2023-10-15 04:12:21','pengetahuan','XI'),(150,32,4,4,'CP-BD-Pengetahuan2','Aturan dan instalasi basis data','2023-10-15 04:12:25','2023-10-15 04:12:25','pengetahuan','XI'),(151,32,4,4,'CP-BD-Keterampilan1','Memahami konsep dan hirarki basis data','2023-10-15 04:12:40','2023-10-15 04:12:40','keterampilan','XI'),(152,32,4,4,'CP-BD-Keterampilan2','Menerapkan dan melakukan instalasi basis data','2023-10-15 04:12:45','2023-10-15 04:12:45','keterampilan','XI'),(153,32,4,4,'3.1','Memahami struktur hirarki basis data','2023-10-15 04:12:57','2023-10-15 04:12:57','pengetahuan','XII'),(154,32,4,4,'3.2','Memahami bentuk diagram antar entitas','2023-10-15 04:13:05','2023-10-15 04:13:05','pengetahuan','XII'),(155,32,4,4,'4.1','Mempresentasikan struktur hirarki basis data','2023-10-15 04:13:22','2023-10-15 04:13:22','keterampilan','XII'),(156,32,4,4,'4.2','Mempresentasikan hubungan keterkaitan antar data dalam ERD','2023-10-15 04:13:27','2023-10-15 04:13:27','keterampilan','XII'),(157,4,4,75,'4.19 yani','Menyelesaikan masalah yang berkaitan dengan persamaan dan fungsi kuadrat','2023-10-15 04:24:05','2023-10-15 04:24:05','keterampilan','XI'),(158,4,4,75,'4.20 yani','Menyelesaikan masalah operasi komposisi dan operasi invers pada fungsi','2023-10-15 04:24:49','2023-10-15 04:24:49','keterampilan','XI'),(159,30,4,62,'3.11','Menganalisis Berbagai Jenis Mesin Pembayaran Dalam Transaksi','2023-10-15 08:48:58','2023-10-15 08:48:58','pengetahuan','XII'),(160,30,4,62,'3.12','Menganalisis Prosedur Operasional Alat Hitung','2023-10-15 08:49:24','2023-10-15 08:49:24','pengetahuan','XII'),(161,30,4,62,'3.13','Menganalisis Prosedur Operasional Mesin Pembayaran Tunai/Non Tunai','2023-10-15 08:49:38','2023-10-15 08:49:38','pengetahuan','XII'),(162,30,4,62,'4.11','Mengoperasikan Berbagai Jenis Mesin Pembayaran Dalam Transaksi','2023-10-15 08:50:38','2023-10-15 08:50:38','keterampilan','XII'),(163,30,4,62,'4.12','Mengoperasikan Alat Hitung','2023-10-15 08:50:46','2023-10-15 08:50:46','keterampilan','XII'),(164,30,4,62,'4.13','Mengoperasikan Mesin Pembayaran Tunai/Non Tunai','2023-10-15 08:50:52','2023-10-15 08:50:52','keterampilan','XII'),(165,29,4,62,'3.12','Menganalisis Lembaga Waralaba dan Peranannya','2023-10-15 10:22:13','2023-10-15 10:22:13','pengetahuan','XII'),(166,29,4,62,'3.13','Menganalisis Manajemen Inventory Dalam Bisnis Ritel','2023-10-15 10:22:22','2023-10-15 10:22:22','pengetahuan','XII'),(167,29,4,62,'3.14','Menganalisis Tekhnologi Dalam Ritel','2023-10-15 10:22:32','2023-10-15 10:22:32','pengetahuan','XII'),(168,29,4,62,'4.12','Menyusun Laporan Tentang Lembaga Waralaba dan Peranannya','2023-10-15 10:23:07','2023-10-15 10:23:07','keterampilan','XII'),(169,29,4,62,'4.13','Melakukan Sistem Manajemen Inventory Dalam Bisnis Ritel','2023-10-15 10:23:18','2023-10-15 10:23:18','keterampilan','XII'),(170,29,4,62,'4.14','Menggunakan Tekhnologi Dalam Ritel','2023-10-15 10:23:26','2023-10-15 10:23:26','keterampilan','XII'),(171,2,4,64,'KD3.1','Menganalisis nilai-nilai Pancasila terkait dengan kasus-kasus pelanggaran hak dan pengingkaran kewajiban warga negara dalam kehidupan berbangsa dan bernegara','2023-10-15 11:28:24','2023-10-15 11:28:24','pengetahuan','XII'),(172,2,4,64,'KD.3.2','Mengevaluasi praktek perlindungan dan penegakan hukum untuk menjamin keadilan dan kedamaian','2023-10-15 11:29:09','2023-10-15 11:29:09','pengetahuan','XII'),(173,2,4,64,'KD4.1','Menyaji hasil analisis nilai-nilai Pancasila terkait dengan kasus-kasus pelanggaran hak dan pengingkaran kewajiban warga negara dalam kehidupan berbangsa dan bernegara','2023-10-15 11:30:00','2023-10-15 11:30:00','keterampilan','XII'),(174,2,4,64,'KD.4.2','Mendemonstrasikan hasil evaluasi praktek perlindungan dan penegakan hukum untuk menjamin keadilan dan kedamaian','2023-10-15 11:30:16','2023-10-15 11:30:16','keterampilan','XII'),(179,3,4,73,'CP1','Peserta didik mampu mengevaluasi dan mengkreasi informasi berupa gagasan, pikiran, perasaan, pandangan, arahan atau pesan yang akurat dari menyimak berbagai jenis teks (nonfiksi dan fiksi) dalam bentuk monolog, dialog, dan gelar wicara.','2023-10-15 12:14:14','2023-10-15 12:14:14','pengetahuan','X'),(180,3,4,73,'CP2','Peserta didik mampu mengevaluasi dan mengkreasi informasi berupa gagasan, pikiran, perasaan, pandangan, arahan atau pesan yang akurat dari menyimak berbagai jenis teks (nonfiksi dan fiksi) dalam bentuk monolog, dialog, dan gelar wicara.','2023-10-15 12:15:43','2023-10-15 12:15:43','pengetahuan','X'),(182,28,4,62,'3.1','Memahami Bisnis Online','2023-10-15 12:36:28','2023-10-15 12:36:28','pengetahuan','XI'),(183,28,4,62,'3.2','Mengevaluasi Website','2023-10-15 12:36:34','2023-10-15 12:36:34','pengetahuan','XI'),(184,28,4,62,'3.3','Menerapkan Pembuatan Website','2023-10-15 12:36:41','2023-10-15 12:36:41','pengetahuan','XI'),(185,28,4,62,'4.1','Menggolongkan Jenis- Jenis Bisnis Online','2023-10-15 12:37:20','2023-10-15 12:37:20','keterampilan','XI'),(186,28,4,62,'4.2','Merancang Website','2023-10-15 12:37:29','2023-10-15 12:37:29','keterampilan','XI'),(187,28,4,62,'4.3','Membuat Website','2023-10-15 12:37:39','2023-10-15 12:37:39','keterampilan','XI'),(188,28,4,62,'3.11','Mengevaluasi Iklan Online','2023-10-15 12:39:57','2023-10-15 12:39:57','pengetahuan','XII'),(189,28,4,62,'3.12','Menganalisis Pendistribusian Iklan Online','2023-10-15 12:40:09','2023-10-15 12:40:09','pengetahuan','XII'),(190,28,4,62,'3.13','Menganalisis Iklan Online Berbasis Key Word','2023-10-15 12:40:23','2023-10-15 12:40:23','pengetahuan','XII'),(191,28,4,62,'4.11','Merancang Iklan Online','2023-10-15 12:40:54','2023-10-15 12:40:54','keterampilan','XII'),(192,28,4,62,'4.12','Mendistribusikan Iklan Online','2023-10-15 12:41:03','2023-10-15 12:41:03','keterampilan','XII'),(193,28,4,62,'4.13','Membuat iklan Online Berbasis Key Word','2023-10-15 12:41:12','2023-10-15 12:41:12','keterampilan','XII'),(194,44,4,57,'4.1','menganalisis perencanaan wirausaha','2023-10-15 13:32:37','2023-10-15 13:32:37','keterampilan','XI'),(195,3,4,73,'CK1','Peserta didik mampu mengevaluasi dan mengkreasi informasi berupa gagasan, pikiran, perasaan, pandangan, arahan atau pesan yang akurat dari menyimak berbagai jenis teks (nonfiksi dan fiksi) dalam bentuk monolog, dialog, dan gelar wicara','2023-10-15 13:45:44','2023-10-15 13:45:44','keterampilan','X'),(196,3,4,73,'CK2','Peserta didik mampu mengevaluasi dan mengkreasi informasi berupa gagasan, pikiran, perasaan, pandangan, arahan atau pesan yang akurat dari menyimak berbagai jenis teks (nonfiksi dan fiksi) dalam bentuk monolog, dialog, dan gelar wicara.','2023-10-15 13:46:26','2023-10-15 13:46:26','keterampilan','X'),(197,14,4,62,'CP 1','Proses Bisnis Bidang Pemasaran di Berbagai Industri','2023-10-15 13:56:35','2023-10-15 13:56:35','pengetahuan','X'),(198,14,4,62,'CP 2','Perkembangan Teknologi dan Isu-isu Terkini Terkait Dunia Pemasaran','2023-10-15 13:56:42','2023-10-15 13:56:42','pengetahuan','X'),(199,14,4,62,'CP K1','Proses Bisnis Bidang Pemasaran di Berbagai Industri','2023-10-15 13:56:59','2023-10-15 13:56:59','keterampilan','X'),(200,14,4,62,'CP K2','Perkembangan Teknologi dan Isu-isu Terkini Terkait Dunia Pemasaran','2023-10-15 13:57:06','2023-10-15 13:57:06','keterampilan','X'),(201,4,4,69,'4.25','Menyajikan penyelesaian masalah kontekstual berkaitan dengan kaidah pencacahan, permutasi dan kombinasi','2023-10-15 14:01:50','2023-10-15 14:01:50','keterampilan','XII'),(204,3,4,73,'CP1.XI','Peserta didik mampu menyajikan gagasan,pikiran, dan kreativitas dalam berbahasa dalam bentuk monolog, dialog, dan gelar wicara secara logis, sistematis, kritis, dan kreatif; mampu menyajikan karya sastra secara kreatif dan menarik.  Peserta didik mampu mengkreasi teks sesuai dengan norma kesopanan dan budaya Indonesia.  Peserta didik mampu menyajikan dan mempertahankan hasil penelitian, serta menyimpulkan masukan dari mitra diskusi.','2023-10-15 14:21:52','2023-10-15 14:21:52','pengetahuan','XI'),(205,3,4,73,'CP2.XI','Peserta didik mampu menyajikan gagasan,pikiran, dan kreativitas dalam berbahasa dalam bentuk monolog, dialog, dan gelar wicara secara logis, sistematis, kritis, dan kreatif; mampu menyajikan karya sastra secara kreatif dan menarik.  Peserta didik mampu mengkreasi teks sesuai dengan norma kesopanan dan budaya Indonesia.  Peserta didik mampu menyajikan dan mempertahankan hasil penelitian, serta menyimpulkan masukan dari mitra diskusi.','2023-10-15 14:22:06','2023-10-15 14:22:06','pengetahuan','XI'),(206,3,4,73,'CK1','Peserta didik mampu mengevaluasi dan mengkreasi informasi berupa gagasan, pikiran, perasaan, pandangan, arahan atau pesan yang akurat dari menyimak berbagai jenis teks (nonfiksi dan fiksi) dalam bentuk monolog, dialog, dan gelar wicara','2023-10-15 14:31:14','2023-10-15 14:31:14','keterampilan','XI'),(207,3,4,73,'CK2','Peserta didik mampu mengevaluasi dan mengkreasi informasi berupa gagasan, pikiran, perasaan, pandangan, arahan atau pesan yang akurat dari menyimak berbagai jenis teks (nonfiksi dan fiksi) dalam bentuk monolog, dialog, dan gelar wicara.','2023-10-15 14:31:20','2023-10-15 14:31:20','keterampilan','XI'),(209,16,4,3,'EP.1','Pada akhir fase E peserta didik mampu menggunakan perangkat dan aplikasi di bidang Perangkat Lunak seperti prinsip dasar algoritma pemrograman, dan flowchart.','2023-10-15 14:38:02','2023-10-15 14:38:02','pengetahuan','X'),(210,16,4,3,'EP.2','Pada akhir fase E peserta didik mampu melakukan pemrograman terstruktur, antara lain penggunaan tipe data','2023-10-15 14:38:06','2023-10-15 14:38:06','pengetahuan','X'),(211,16,4,3,'EK.1','Pada akhir fase E peserta didik mampu menggunakan perangkat dan aplikasi di bidang Perangkat Lunak seperti prinsip dasar algoritma pemrograman, dan flowchart.','2023-10-15 14:47:37','2023-10-15 14:47:37','keterampilan','X'),(212,16,4,3,'EK.2','Pada akhir fase E peserta didik mampu melakukan pemrograman terstruktur, antara lain penggunaan tipe data','2023-10-15 14:47:41','2023-10-15 14:47:41','keterampilan','X'),(213,6,4,76,'4.1','Menyajikan hasil pemahaman tentang konsep dasar sejarah (berpikir kronologis, diakronik, sinkronik, ruang dan waktu serta perubahan dan keberlanjutan)','2023-10-15 23:45:46','2023-10-15 23:45:46','keterampilan','X'),(214,2,4,63,'CP.P1','Peserta didik mampu menganalisis kedudukan Pancasila sebagai ideologi terbuka serta peluang dan tantangan penerapan nilai-nilai Pancasila dalam kehidupan global.','2023-10-16 00:00:07','2023-10-16 00:00:07','pengetahuan','XI'),(215,2,4,63,'CP.P2','Peserta didik mampu menerapkan nilai-nilai Pancasila dalam kehidupan sehari-hari.','2023-10-16 00:00:37','2023-10-16 00:00:37','pengetahuan','XI'),(216,2,4,63,'CP.K1','Peserta didik mampu menganalisis kedudukan Pancasila sebagai ideologi terbuka serta peluang dan tantangan penerapan nilai-nilai Pancasila dalam kehidupan global.','2023-10-16 00:04:08','2023-10-16 00:04:08','keterampilan','XI'),(217,2,4,63,'CP.K2','Peserta didik mampu menerapkan nilai-nilai Pancasila dalam kehidupan sehari-hari.','2023-10-16 00:04:25','2023-10-16 00:04:25','keterampilan','XI'),(218,25,4,6,'3.1 XI','Menerapkan program komputer akuntansi','2023-10-16 01:11:36','2023-10-16 01:11:36','pengetahuan','XI'),(219,25,4,6,'3.2 XI','Menerapkan komputerisasi file data akuntansi untuk perusahaan jasa.','2023-10-16 01:11:45','2023-10-16 01:11:45','pengetahuan','XI'),(220,25,4,6,'4.1 XI','Menginstal program komputer akuntansi','2023-10-16 01:12:18','2023-10-16 01:12:18','keterampilan','XI'),(221,25,4,6,'4.2 XI','Melakukan komputerisasi file data akuntansi untuk perusahaan jasa.','2023-10-16 01:12:31','2023-10-16 01:12:31','keterampilan','XI'),(222,25,4,6,'3.1 XII','Menerapkan komputerisasi file data akuntansi untuk perusahaan dagang.','2023-10-16 01:17:53','2023-10-16 01:17:53','pengetahuan','XII'),(223,25,4,6,'3.2 XII','Menganalisis daftar akun untuk perusahaan dagang.','2023-10-16 01:18:00','2023-10-16 01:18:00','pengetahuan','XII'),(224,25,4,6,'4.1 XII','Melakukan komputerisasi file data akuntansi untuk perusahaan dagang.','2023-10-16 01:18:20','2023-10-16 01:18:20','keterampilan','XII'),(225,25,4,6,'4.2 XII','Menyusun daftar akun untuk perusahaan dagang.','2023-10-16 01:18:27','2023-10-16 01:18:27','keterampilan','XII'),(227,42,4,84,'12.4.1','Menanggapi, menginterpretasi, dan  mengomentari isi teks Carita wayang dengan sesuai dengan kaidah-kaidahnya.','2023-10-16 01:47:00','2023-10-16 01:47:00','keterampilan','XII'),(228,21,4,92,'D3A','Pengertian Gambar Teknik Mesin','2023-10-16 02:01:19','2023-10-16 02:01:19','pengetahuan','X'),(229,21,4,92,'D3B','Menganalisa Tujuan Gambar Teknik Mesin','2023-10-16 02:04:28','2023-10-16 02:04:28','pengetahuan','X'),(230,21,4,92,'D3C','Fungsi dan Jenis Gambar Teknik Mesin','2023-10-16 02:05:31','2023-10-16 02:05:31','pengetahuan','X'),(231,21,4,92,'P3A','Menjelaskan Pengertian Gambar Teknik Mesin','2023-10-16 02:07:46','2023-10-16 02:07:46','keterampilan','X'),(232,21,4,92,'P3B','Menganalisa Tujuan Gambar Teknik Mesin','2023-10-16 02:15:40','2023-10-16 02:15:40','keterampilan','X'),(233,21,4,92,'P3C','Menganalisa Fungsi dan Jenis Gambar Teknik Mesin','2023-10-16 02:16:43','2023-10-16 02:16:43','keterampilan','X'),(234,1,4,68,'4.1.1','Membaca Q.S. Ali Imran/3: 190-191, dan Q.S. Ali Imran/3: 159,; sesuai dengan kaidah tajwid dan makharijul-huruf','2023-10-16 04:00:21','2023-10-16 04:00:21','keterampilan','XII'),(236,1,4,68,'4.1.3','Menyajikan keterkaitan antara sikap kritis dengan ciri orang-orang berakal (ulil albab) sesuai pesan Q.S. Ali Imran/3: 190-191','2023-10-16 04:00:36','2023-10-16 04:00:36','keterampilan','XII'),(237,1,4,68,'4.2.1','Membaca Q.S. Luqman/31: 13-14 dan Q.S. al-Baqarah/2: 83 sesuai dengan kaidah tajwid dan makharijul huruf','2023-10-16 04:00:42','2023-10-16 04:00:42','keterampilan','XII'),(238,1,4,68,'4.2.2','Mendemonstrasikan hafalan Q.S. Luqman/31: 13-14 dan Q.S. al-Baqarah/2: 83 dengan lancar','2023-10-16 04:00:48','2023-10-16 04:00:48','keterampilan','XII'),(239,1,4,68,'4.2.3','Menyajikan keterkaitan antara kewajiban beribadah dan bersyukur kepada Allah dengan berbuat baik terhadap sesama manusia sesuai pesan Q.S. Luqman/31: 13-14 dan Q.S. al-Baqarah/2: 83','2023-10-16 04:00:56','2023-10-16 04:00:56','keterampilan','XII'),(240,1,4,68,'4.3','Menyajikan kaitan antara beriman kepada hari akhir dengan perilaku jujur, bertanggung jawab, dan adil','2023-10-16 04:01:01','2023-10-16 04:01:01','keterampilan','XII'),(259,2,4,85,'CP.P1','Peserta didik mampu menganalisis kedudukan Pancasila sebagai ideologi terbuka serta peluang dan tantangan penerapan nilai-nilai Pancasila dalam kehidupan global.','2023-10-16 11:21:59','2023-10-16 11:21:59','pengetahuan','XI'),(260,2,4,85,'CP.P2','Peserta didik mampu menerapkan nilai-nilai Pancasila dalam kehidupan sehari-hari.','2023-10-16 11:22:25','2023-10-16 11:22:25','pengetahuan','XI'),(261,1,4,72,'P. Al-Qur\'an dan Hadis','Peserta didik dapat menganalisis ayat Al-Qur’an dan hadis tentang perintah untuk berkompetisi dalam kebaikan dan etos kerja; dapat membaca Al-Qur’an dengan tartil, menghafal dengan fasih dan lancar ayat Al-Qur’an serta Hadis tentang perintah untuk berkompetisi dalam kebaikan dan etos kerja; dapat menyajikan konten dan paparan tentang perintah untuk berkompetisi dalam kebaikan dan etos kerja; meyakini bahwa sikap kompetitif dalam kebaikan dan etos kerja adalah perintah agama; dan membiasakan sikap kompetitif dalam kebaikan dan etos kerja.','2023-10-16 11:44:58','2023-10-16 11:44:58','pengetahuan','X'),(262,1,4,72,'P. Akidah','Peserta didik dapat menganalisis syu’abul iman (cabang-cabang iman), pengertian, dalil, macam dan manfaatnya; mempresentasikan makna syu’abul iman, pengertian, dalil dan manfaatnnya; meyakini bahwa dalam iman terdapat banyak cabang-cabangnya; serta menerapkan beberapa sikap karakter sebagai cerminan cabang iman dalam kehidupan.','2023-10-16 11:46:29','2023-10-16 11:46:29','pengetahuan','X'),(263,1,4,72,'P. Akhlak','Peserta didik dapat menganalisis manfaat menghindari akhlak madzmuumah, membuat karya yang mengandung konten manfaat menghindari sifat madzmuumah (Tabdzir/Israf, Riya`, Sum\'ah, Takabur dan Hasad); meyakini bahwa akhlak madzmuumah tersebut adalah larangan dan akhlak mahmuudah adalah perintah agama; serta membiasakan diri untuk menghindari akhlak madzmuumah dan menampilkan akhlak mahmuudah dalam kehidupan sehari-hari.','2023-10-16 11:46:42','2023-10-16 11:46:42','pengetahuan','X'),(264,2,4,85,'CP.K1','Peserta didik mampu menganalisis kedudukan Pancasila sebagai ideologi terbuka serta peluang dan tantangan penerapan nilai-nilai Pancasila dalam kehidupan global.','2023-10-16 11:52:36','2023-10-16 11:52:36','keterampilan','XI'),(265,2,4,85,'CP.K2','Peserta didik mampu menerapkan nilai-nilai Pancasila dalam kehidupan sehari-hari.','2023-10-16 11:52:48','2023-10-16 11:52:48','keterampilan','XI'),(277,43,4,93,'CP-BK-1.Pengetahuan','Algoritma dan Flowchart','2023-10-16 12:44:33','2023-10-16 12:44:33','pengetahuan','X'),(278,43,4,93,'CP-BK-2.Pengetahuan','Brainstorming','2023-10-16 12:44:46','2023-10-16 12:44:46','pengetahuan','X'),(279,43,4,93,'CP-BK-1.Keterampilan','Menerapkan Algoritma dan Flowchart dalam kehidupan sehari hari','2023-10-16 12:47:00','2023-10-16 12:47:00','keterampilan','X'),(280,43,4,93,'CP-BK-2.Keterampilan','Menerapkan Brainstorming dalam menggali dan mengumpulkan ide dalam menyelesaikan masalah','2023-10-16 12:47:07','2023-10-16 12:47:07','keterampilan','X'),(281,12,4,93,'CP.1 Pengetahuan','Mengevaluasi masalah-masalah ekonomi','2023-10-16 13:30:18','2023-10-16 13:30:18','pengetahuan','X'),(282,12,4,93,'CP.2 Pengetahuan','Menganalisis kelangkaan (Hubungan antara sumber daya dengan kebutuhan manusia)','2023-10-16 13:30:23','2023-10-16 13:30:23','pengetahuan','X'),(283,12,4,93,'CP.1 Keterampilan','Menyajikan solusi terhadap masalah ekonomi di lingkungannya','2023-10-16 13:32:22','2023-10-16 13:32:22','keterampilan','X'),(284,12,4,93,'CP.2 Keterampilan','Merumuskan masalah kelangkaan sumber daya dan kebutuhan manusia di lingkungannya','2023-10-16 13:37:43','2023-10-16 13:37:43','keterampilan','X'),(285,15,4,93,'CP.1 Pengetahuan','Perencanaan Bisnis & Pelayanan Prima','2023-10-16 13:55:38','2023-10-16 13:55:38','pengetahuan','X'),(286,15,4,93,'CP.2 Pengetahuan','Menganalisis Peluang Bisnis Dengan Analisis SWOT','2023-10-16 13:55:42','2023-10-16 13:55:42','pengetahuan','X'),(287,15,4,93,'CP.1 Keterampilan','Menjalankan Bisnis Dengan Strategi Bisnis 4P','2023-10-16 13:56:44','2023-10-16 13:56:44','keterampilan','X'),(288,15,4,93,'CP.2 Keterampilan','Menerapkan Peluang Bisnis Dengan Analisis SWOT','2023-10-16 13:56:49','2023-10-16 13:56:49','keterampilan','X'),(289,41,4,65,'3.1','Menggambarkan lingkungan rumah yang terdapat pada teks interaksi interpersonal lisan dan tulis dengan memperhatikan fungsi sosial, struktur teks, dan unsur kebahasaan sesuai dengan konteks penggunaannya','2023-10-16 14:09:52','2023-10-16 14:09:52','pengetahuan','XII'),(290,41,4,65,'4.1','Menulis wacana mengenai lingkungan rumah dengan memperhatikan fungsi sosial, struktur teks, dan unsur kebahasaan yang benar sesuai konteks','2023-10-16 14:21:54','2023-10-16 14:21:54','keterampilan','XII'),(291,4,4,69,'P.1','Di akhir fase f, peserta didik dapat menentukan fungsi invers, komposisi fungsi dan transformasi fungsi untuk memodelkan situasi dunia nyata berdasarkan fungsi yang sesuai (linier, kuadrat, eksponensial)','2023-10-16 14:42:15','2023-10-16 14:42:15','pengetahuan','XI'),(292,29,4,93,'(XI) CP.1 Pengetahuan','Memiliki pengetahuan mengenai pengertian usaha eceran ritel','2023-10-16 14:49:47','2023-10-16 14:49:47','pengetahuan','XI'),(293,29,4,93,'(XI) CP.2 Pengetahuan','Memiliki pengetahuan mengenai faktor-faktor yang memengaruhi keberhasilan usaha ritel','2023-10-16 14:49:55','2023-10-16 14:49:55','pengetahuan','XI'),(294,29,4,93,'(XI) CP.3 Pengetahuan','Memiliki pengetahuan mengenai peran dan fungsi usaha eceran ritel','2023-10-16 14:50:03','2023-10-16 14:50:03','pengetahuan','XI'),(295,29,4,93,'(XI) CP.1 Keterampilan','Memahami pengertian usaha eceran ritel','2023-10-16 14:51:58','2023-10-16 14:51:58','keterampilan','XI'),(296,29,4,93,'(XI) CP.2 Keterampilan','Menganalisis faktor-faktor yang memengaruhi keberhasilan usaha ritel','2023-10-16 14:52:05','2023-10-16 14:52:05','keterampilan','XI'),(297,29,4,93,'(XI) CP.3 Keterampilan','Memahami peran dan fungsi usaha ritel','2023-10-16 14:52:10','2023-10-16 14:52:10','keterampilan','XI'),(298,4,4,69,'K.1','Di akhir fase f, peserta didik dapat menentukan fungsi invers, komposisi fungsi dan transformasi fungsi untuk memodelkan situasi dunia nyata berdasarkan fungsi yang sesuai (linier, kuadrat, eksponensial)','2023-10-16 14:52:48','2023-10-16 14:52:48','keterampilan','XI'),(306,4,4,86,'C.P. 1','Di akhir fase E, peserta didik dapat menggeneralisasi sifat-sifat bilangan berpangkat (termasuk bilanganm pangkat pecahan). mereka dapat menerapkan barisan dan deret aritmatika dan geometri, ter,asuk masalah yang terkait bunga tunggal dan bunga majemuk.','2023-10-16 15:29:07','2023-10-16 15:29:07','pengetahuan','X'),(307,4,4,86,'C.K.1','Di akhir fase E, peserta didik dapat menggeneralisasi sifat-sifat bilangan berpangkat (termasuk bilanganm pangkat pecahan). mereka dapat menerapkan barisan dan deret aritmatika dan geometri, ter,asuk masalah yang terkait bunga tunggal dan bunga majemuk.','2023-10-16 15:30:17','2023-10-16 15:30:17','keterampilan','X'),(308,30,4,93,'(XI) CP.1 Pengetahuan','Memiliki pengetahuan tentang pengertian administrasi transaksi','2023-10-16 15:31:23','2023-10-16 15:31:23','pengetahuan','XI'),(309,30,4,93,'(XI) CP.2 Pengetahuan','Memilki pengetahuan tentang tujuan SOP administrasi transaksi','2023-10-16 15:31:34','2023-10-16 15:31:34','pengetahuan','XI'),(310,30,4,93,'(XI) CP.3 Pengetahuan','Memiliki pengetahuan tentang alur bukti transaksi','2023-10-16 15:31:41','2023-10-16 15:31:41','pengetahuan','XI'),(311,30,4,93,'(XI) CP.1 Keterampilan','Menjelaskan berkas-berkas administrasi transaksi','2023-10-16 15:36:56','2023-10-16 15:36:56','keterampilan','XI'),(312,30,4,93,'(XI) CP.2 Keterampilan','Menjelaskan pelaksanaan SOP administrasi transaksi yang diterapkan di perusahaan','2023-10-16 15:37:02','2023-10-16 15:37:02','keterampilan','XI'),(313,30,4,93,'(XI) CP.3 Keterampilan','Membuat dan mengisi berkas-berkas administrasi transaksi','2023-10-16 15:37:09','2023-10-16 15:37:09','keterampilan','XI'),(314,9,4,86,'CP.K1','Di akhir fase E peserta didik diharapkan dapat memahami pengetahuan ilmiah dan menerapkannya, atau membuat prediksi sederhana disertai dengan pembuktiannya','2023-10-16 15:42:10','2023-10-16 15:42:10','keterampilan','X'),(315,9,4,86,'CP.P1','Di akhir fase E peserta didik diharapkan dapat memahami pengetahuan ilmiah dan menerapkannya, atau membuat prediksi sederhana disertai dengan pembuktiannya','2023-10-16 15:42:47','2023-10-16 15:42:47','pengetahuan','X'),(316,36,4,93,'(XI) CP.1 Pengetahuan','Perawatan & perbaikan sistem kelistrikan sepeda motor','2023-10-16 16:16:35','2023-10-16 16:16:35','pengetahuan','XI'),(317,36,4,93,'(XI) CP.2 Pengetahuan','Memahami prinsip kerja sistem kelistrikan sepeda motor','2023-10-16 16:16:39','2023-10-16 16:16:39','pengetahuan','XI'),(318,36,4,93,'(XI) CP.3 Pengetahuan','Memahami komponen-komponen kelistrikan sepeda motor','2023-10-16 16:16:43','2023-10-16 16:16:43','pengetahuan','XI'),(322,43,4,93,'CP-BK-3 Pengetahuan','Memahami komponen-komponen pada komputer dan fungsinya','2023-10-16 17:42:13','2023-10-16 17:42:13','pengetahuan','X'),(323,43,4,93,'CP-BK-3 Keterampilan','Mampu menjelaskan komponen-komponen pada komputer dan fungsinya','2023-10-16 17:42:43','2023-10-16 17:42:43','keterampilan','X'),(324,42,4,84,'11.3.1.','Menganalisis isi, struktur, dan aspek kebahasaan teks biantara','2023-10-16 23:47:06','2023-10-16 23:47:06','pengetahuan','XI'),(325,42,4,84,'11.4.1.','Mendemonstrasikan biantara dengan memperhatikan kesantunan dan penggunaan kaidah bahasa','2023-10-16 23:51:10','2023-10-16 23:51:10','keterampilan','XI'),(327,42,4,76,'11.3.1.','Menganalisis isi, struktur, dan aspek kebahasaan teks biantara','2023-10-17 00:43:32','2023-10-17 00:43:32','pengetahuan','XI'),(328,42,4,76,'11.4.1.','Mendemonstrasikan biantara dengan memperhatikan kesantunan dan penggunaan kaidah bahasa','2023-10-17 00:49:19','2023-10-17 00:49:19','keterampilan','XI'),(329,22,4,88,'3.20','Menganalisis dokumen sumber dan dokumen pendukung pada perusahaan Manufaktur ( Harga Pokok Pesanan/Harga pokok Proses )','2023-10-17 02:31:30','2023-10-17 02:31:30','pengetahuan','XII'),(330,22,4,88,'3.21','Menerapkan pencatatan transaksi penerimaan kas dari pelunasan piutang dagang, penjualan tunai, dan penerimaan lainnya ke dalam buku jurnal khusus','2023-10-17 02:32:08','2023-10-17 02:32:08','pengetahuan','XII'),(331,22,4,88,'3.23','Menerapkan pencatatan transaksi penjualan secara kredit ke dalam jurnal khusus','2023-10-17 02:32:15','2023-10-17 02:32:15','pengetahuan','XII'),(333,22,4,56,'3.9','Menganalisis dokumen sumber dan dokumen pendukung pada perusahaan dagang','2023-10-17 03:10:01','2023-10-17 03:10:01','pengetahuan','XI'),(334,40,4,93,'(XII) F.1 Pengetahuan','Memahami sistem penerangan kelistrikan kendaraan ringan','2023-10-17 03:26:34','2023-10-17 03:26:34','pengetahuan','XII'),(335,40,4,93,'(XII) F.2 Pengetahuan','Memahami sistem pengisian & starter','2023-10-17 03:26:41','2023-10-17 03:26:41','pengetahuan','XII'),(336,40,4,93,'(XII) F.3 Pengetahuan','Memahami fungsi pada komponen-komponen kelistrikan yang ada pada mobil','2023-10-17 03:26:48','2023-10-17 03:26:48','pengetahuan','XII'),(337,22,4,56,'3.10','Menerapkan pencatatan transaksi kedalam buku jurnal khusus pada perusahaan dagang','2023-10-17 03:30:13','2023-10-17 03:30:13','pengetahuan','XI'),(338,40,4,93,'(XII) F.1 Keterampilan','Mampu menjelaskan sistem penerangan kelistrikan kendaraan ringan','2023-10-17 03:32:15','2023-10-17 03:32:15','keterampilan','XII'),(339,40,4,93,'(XII) F.2 Keterampilan','Mampu menjelaskan sistem pengisian & starter','2023-10-17 03:32:23','2023-10-17 03:32:23','keterampilan','XII'),(340,40,4,93,'(XII) F.3 Keterampilan','Mampu menjelaskan fungsi pada komponen-komponen kelistrikan yang ada pada mobil','2023-10-17 03:32:30','2023-10-17 03:32:30','keterampilan','XII'),(341,40,4,93,'(XI) CP.1 Pengetahuan','Memahami perawatan & perbaikan sistem kelistrikan pada mobil','2023-10-17 03:37:46','2023-10-17 03:37:46','pengetahuan','XI'),(342,40,4,93,'(XI) CP.2 Pengetahuan','Menerapakan perlengkapan kelistrikan tambahan (Asesoris) komponen-komponen kelistrikan mobil','2023-10-17 03:37:55','2023-10-17 03:37:55','pengetahuan','XI'),(343,40,4,93,'(XI) CP.3 Pengetahuan','Memahami dasar-dasar kelistrikan kendaraan ringan','2023-10-17 03:38:01','2023-10-17 03:38:01','pengetahuan','XI'),(344,40,4,93,'(XI) CP.1 Keterampilan','Mampu menjelaskan perawatan & perbaikan sistem kelistrikan pada mobil','2023-10-17 03:40:10','2023-10-17 03:40:10','keterampilan','XI'),(345,40,4,93,'(XI) CP.2 Keterampilan','Mampu menjelaskan perlengkapan kelistrikan tambahan (Asesoris) komponen-komponen kelistrikan mobil','2023-10-17 03:40:14','2023-10-17 03:40:14','keterampilan','XI'),(346,40,4,93,'(XI) CP.3 Keterampilan','Mampu menjelaskan dasar-dasar kelistrikan kendaraan ringan','2023-10-17 03:40:21','2023-10-17 03:40:21','keterampilan','XI'),(347,36,4,93,'(XI) CP.1 Keterampilan','Sikap disiplin dan tanggung jawab dalam mengikuti langkah-langkah kerja perawatan dan perbaikan system kelistrikan sesuai dengan SOP','2023-10-17 03:50:25','2023-10-17 03:50:25','keterampilan','XI'),(348,36,4,93,'(XI) CP.2 Keterampilan','Mampu menjelaskan sistem kelistrikan pada sepeda motor','2023-10-17 03:50:32','2023-10-17 03:50:32','keterampilan','XI'),(349,36,4,93,'(XI) CP.3 Keterampilan','Mampu merawat komponen-komponen kelistrikan pada sepeda motor','2023-10-17 03:50:38','2023-10-17 03:50:38','keterampilan','XI'),(350,36,4,93,'(XII) F.1 Pengetahuan','Memahami perawatan sistem stater sepeda motor','2023-10-17 03:52:04','2023-10-17 03:52:04','pengetahuan','XII'),(351,36,4,93,'(XII) F.2 Pengetahuan','Memahami sistem penerangan kelistrikan pada sepeda motor','2023-10-17 03:52:14','2023-10-17 03:52:14','pengetahuan','XII'),(352,36,4,93,'(XII) F.3 Pengetahuan','Memahami sistem kelistrikan pengisian sepeda motor','2023-10-17 03:52:22','2023-10-17 03:52:22','pengetahuan','XII'),(353,36,4,93,'(XII) F.1 Keterampilan','Mampu menjelaskan sistem stater kelistrikan pada sepeda motor','2023-10-17 03:53:04','2023-10-17 03:53:04','keterampilan','XII'),(354,36,4,93,'(XII) F.2 Keterampilan','Mampu menjelaskan sistem penerangan kelistrikan pada sepeda motor','2023-10-17 03:53:10','2023-10-17 03:53:10','keterampilan','XII'),(355,36,4,93,'(XII) F.3 Keterampilan','Mampu menjelaskan sistem kelistrikan pengisian sepeda motor','2023-10-17 03:53:16','2023-10-17 03:53:16','keterampilan','XII'),(356,15,4,93,'CP.3 Pengetahuan','Memahami Menghadapi Pelayanan Prima Terhadap Konsumen Dengan Ketepatan,Kecepatan,Kenyamanan, dan Keramahan','2023-10-17 03:58:47','2023-10-17 03:58:47','pengetahuan','X'),(357,15,4,93,'CP.3 Keterampilan','Menganalisis Menghadapi Pelayanan Prima Terhadap Konsumen Dengan Ketepatan,Kecepatan,Kenyamanan, dan Keramahan','2023-10-17 03:59:15','2023-10-17 03:59:15','keterampilan','X'),(358,12,4,93,'CP.3 Pengetahuan','Memahami model, pelaku ekonomi, perilaku konsumen dan produsen dalam kegiatan ekonomi','2023-10-17 03:59:55','2023-10-17 03:59:55','pengetahuan','X'),(359,12,4,93,'CP.3 Keterampilan','Menentukan model,  pelaku ekonomi, perilaku konsumen dan produsen yang sesuai tuntutan perkembangan usaha','2023-10-17 04:00:14','2023-10-17 04:00:14','keterampilan','X'),(360,35,4,70,'3.11','menganalisis gangguan pada kepala silinder dan kelengkapannya','2023-10-17 04:09:06','2023-10-17 04:09:06','pengetahuan','XII'),(361,22,4,88,'4.20','Melakukan pengecekan dokumen sumber dan dokumen pendukung pada perusahaan manufaktur ( Harga Pokok Pesanan / Harga Pokok Proses','2023-10-17 04:16:32','2023-10-17 04:16:32','keterampilan','XII'),(362,22,4,88,'4.21','Melakukan Pencatatan transaksi transaksi penerimaan kas dari pelunasan piutang dagang, penjualan tunai, dan penerimaan lainnya ke dalam buku jurnal khusus','2023-10-17 04:16:44','2023-10-17 04:16:44','keterampilan','XII'),(363,22,4,88,'4.24','Menerapkan pencatatan transaksi penjualan secara kredit ke dalam jurnal khusus','2023-10-17 04:16:54','2023-10-17 04:16:54','keterampilan','XII'),(364,35,4,70,'4.11','memperbaiki kepala silinder dan kelengkapannya','2023-10-17 06:50:46','2023-10-17 06:50:46','keterampilan','XII'),(365,37,4,70,'3.10','menganalisis gangguan pada kepala silinder dan kelengkapannya','2023-10-17 07:12:40','2023-10-17 07:12:40','pengetahuan','XII'),(366,37,4,70,'4.10','memperbaiki sistem rem hidrolik','2023-10-17 07:15:53','2023-10-17 07:15:53','keterampilan','XII'),(367,23,4,88,'3.8','Menganalisis transaksi akuntansi belanja satker dan akuntansi belanja desa/kelurahan','2023-10-17 09:47:03','2023-10-17 09:47:03','pengetahuan','XII'),(368,23,4,88,'3.9','Menganalisis transaksi akuntansi penerimaan pembiayaan dan akuntansi pengeluaran pembiayaan di desa/kelurahan','2023-10-17 09:54:26','2023-10-17 09:54:26','pengetahuan','XII'),(369,23,4,88,'4.8','Melakukan pencatatan akuntansi belanja satker dan akuntansi belanja desa/kelurahan','2023-10-17 09:58:31','2023-10-17 09:58:31','keterampilan','XII'),(370,23,4,88,'4.9','Melakukan pencatatan transaksi akuntansi penerimaan pembiayaan dan akuntansi pengeluaran pembiayaan di desa/kelurahan','2023-10-17 09:58:38','2023-10-17 09:58:38','keterampilan','XII'),(372,42,4,76,'10.3.1','Menunjukkan perilaku jujur disiplin dan peduli dalam berbahasa Sunda untuk memahami dongeng','2023-10-17 12:10:31','2023-10-17 12:10:31','pengetahuan','X'),(373,1,4,71,'P. Al-Qur\'an dan Hadis','Peserta didik dapat menganalisis ayat Al-Qur’an dan hadis tentang perintah untuk berkompetisi dalam kebaikan dan etos kerja; dapat membaca Al-Qur’an dengan tartil, menghafal dengan fasih dan lancar ayat Al-Qur’an serta Hadis tentang perintah untuk berkompetisi dalam kebaikan dan etos kerja; dapat menyajikan konten dan paparan tentang perintah untuk berkompetisi dalam kebaikan dan etos kerja; meyakini bahwa sikap kompetitif dalam kebaikan dan etos kerja adalah perintah agama; dan membiasakan sikap kompetitif dalam kebaikan dan etos kerja.','2023-10-17 12:34:26','2023-10-17 12:34:26','pengetahuan','X'),(376,1,4,71,'P. Akidah','Peserta didik dapat menganalisis syu’abul iman (cabang-cabang iman), pengertian, dalil, macam dan manfaatnya; mempresentasikan makna syu’abul iman, pengertian, dalil dan manfaatnnya; meyakini bahwa dalam iman terdapat banyak cabang-cabangnya; serta menerapkan beberapa sikap karakter sebagai cerminan cabang iman dalam kehidupan.','2023-10-17 12:35:34','2023-10-17 12:35:34','pengetahuan','X'),(377,1,4,71,'KI-4 Akidah','Peserta didik menganalisis cabang-cabang iman, keterkaitan antara iman, Islam dan ihsan, serta dasar-dasar, tujuan dan manfaat ilmu kalam; mempresentasikan tentang cabang-cabang iman, dasar-dasar, tujuan dan manfaat ilmu kalam; meyakini bahwa cabang-cabang iman, keterkaitan antara iman, Islam dan ihsan, serta dasar-dasar, tujuan dan manfaat ilmu kalam adalah ajaran agama; membiasakan sikap tanggung jawab, memenuhi janji, menyukuri nikmat, memelihara lisan, menutup aib orang lain, jujur, peduli sosial, ramah, konsisten, cinta damai, rasa ingin tahu dan pembelajar sepanjang hayat','2023-10-17 12:40:00','2023-10-17 12:40:00','keterampilan','X'),(381,1,4,71,'Al-Qur’an dan Hadis','Peserta didik dapat menganalisis Al-Qur’an dan Hadis tentang berfikir kritis, ilmu pengetahuan dan teknologi, toleransi, memelihara kehidupan manusia, musibah, ujian, cinta tanah air dan moderasi beragama; mempresentasikan pesan- pesan Al-Qur’an dan Hadis tentang pentingnya berfikir kritis (critical  thinking), ilmu pengetahuan dan teknologi, toleransi, memelihara   kehidupan   manusia,   musibah, ujian, cinta tanah air dan moderasi beragama; membiasakan membaca Al-Qur’an dengan meyakini  bahwa  berfikir  kritis,  ilmu pengetahuan dan teknologi, toleransi, memelihara   kehidupan   manusia,   musibah, ujian, cinta tanah air dan moderasi beragama adalah ajaran agama; membiasakan sikap rasa ingin tahu, berfikir kritis, kreatif, dan adaptif terhadap perkembangan ilmu pengetahuan, dan teknologi, toleransi, peduli sosial, cinta damai, semangat kebangsaan, dan tanggung jawab, sabar, tabah, pantang menyerah, tawakal, dan selalu berprasangka baik kepada Allah Swt. dalam menghadapi ujian dan musibah, cinta tanah air, dan moderasi dalam beragama','2023-10-17 13:38:49','2023-10-17 13:38:49','pengetahuan','XI'),(384,1,4,71,'KI -4 Al-Qur’an dan Hadis','Peserta didik dapat menganalisis Al-Qur’an dan Hadis tentang berfikir kritis, ilmu pengetahuan dan teknologi, toleransi, memelihara kehidupan manusia, musibah, ujian, cinta tanah air dan moderasi beragama; mempresentasikan pesan- pesan Al-Qur’an dan Hadis tentang pentingnya berfikir kritis (critical thinking), ilmu pengetahuan dan teknologi, toleransi, memelihara kehidupan manusia, musibah, ujian, cinta tanah air dan moderasi beragama; membiasakan membaca Al-Qur’an dengan meyakini bahwa berfikir kritis, ilmu pengetahuan dan teknologi, toleransi, memelihara kehidupan manusia, musibah, ujian, cinta tanah air dan moderasi beragama adalah ajaran agama; membiasakan sikap rasa ingin tahu, berfikir kritis, kreatif, dan adaptif terhadap perkembangan ilmu pengetahuan, dan teknologi, toleransi, peduli sosial, cinta damai, semangat kebangsaan, dan tanggung jawab, sabar, tabah, pantang menyerah, tawakal, dan selalu berprasangka baik kepada Allah Swt. dalam menghadapi ujian dan musibah, cinta tanah air, dan moderasi dalam beragama','2023-10-17 13:40:59','2023-10-17 13:40:59','keterampilan','XI'),(385,1,4,71,'KI-4 Akidah','Peserta didik menganalisis cabang-cabang iman, keterkaitan antara iman, Islam dan ihsan, serta dasar-dasar, tujuan dan manfaat ilmu kalam; mempresentasikan tentang cabang-cabang iman, dasar-dasar, tujuan dan manfaat ilmu kalam; meyakini bahwa cabang-cabang iman, keterkaitan antara iman, Islam dan ihsan, serta dasar-dasar, tujuan dan manfaat ilmu kalam adalah ajaran agama; membiasakan sikap tanggung jawab, memenuhi janji, menyukuri nikmat, memelihara lisan, menutup aib orang lain, jujur, peduli sosial, ramah, konsisten, cinta damai, rasa ingin tahu dan pembelajar sepanjang hayat','2023-10-17 13:41:10','2023-10-17 13:41:10','keterampilan','XI'),(386,1,4,71,'KI-4  Ahklak','Peserta didik dapat memecahkan masalah perkelahian antarpelajar, minuman keras (miras), dan narkoba dalam Islam; menganalisis adab menggunakan media sosial dalam Islam, menganalisis dampak sikap negatif munafik, keras hati, dan keras kepala dalam kehidupan sehari-hari, sikap inovatif dan etika berorganisasi; menggambarkan cara memecahkan masalah perkelahian antarpelajar dan dampak pengiringnya, minuman keras (miras), dan narkoba; menganalisis adab menggunakan media sosial dalam Islam, dampak negatif sikap munafik, keras hati, dan keras kepala dalam kehidupan sehari-hari; Berkeyakinan bahwa agama melarang melakukan perkelahian antarpelajar, minuman keras, dan narkoba, munafik, keras hati, dan keras kepala, meyakini bahwa adab menggunakan media sosial dalam Islam dapat memberi keselamatan bagi individu dan masyarakat dan meyakini bahwa sikap inovatif dan etika berorganisasi merupakan perintah agama; Membiasakan sikap taat pada aturan, peduli sosial, tanggung jawab, cinta damai, santun, saling menghormati, semangat kebangsaan, jujur, inovatif, dan rendah hati.','2023-10-17 13:41:19','2023-10-17 13:41:19','keterampilan','XI'),(387,42,4,87,'XII.3.1','Menganalisis isi, struktur dan aspek kebahasaan teks bahasan tradisi sunda','2023-10-17 13:44:42','2023-10-17 13:44:42','pengetahuan','XII'),(388,1,4,71,'3.1','Menganalisis dan mengevaluasi makna Q.S. Ali Imran/3: 190-191, dan Q.S. Ali Imran/3: 159, serta Hadis tentang berpikir kritis dan bersikap demokratis','2023-10-17 13:53:24','2023-10-17 13:53:24','pengetahuan','XII'),(389,1,4,71,'3.2','Menganalisis dan mengevaluasi makna Q.S. Luqman/31: 13-14 dan Q.S. al-Baqarah/2: 83, serta Hadis tentang kewajiban beribadah dan bersyukur kepada Allah serta berbuat baik kepada sesama manusia','2023-10-17 13:53:39','2023-10-17 13:53:39','pengetahuan','XII'),(390,1,4,71,'3.3','Menganalisis dan mengevaluasi makna iman kepada hari akhir','2023-10-17 13:53:48','2023-10-17 13:53:48','pengetahuan','XII'),(391,1,4,71,'3.4','Menganalisis dan mengevaluasi makna iman kepada qadha dan qadar','2023-10-17 13:54:06','2023-10-17 13:54:06','pengetahuan','XII'),(392,1,4,71,'4.1.1','Membaca Q.S. Ali Imran/3: 190-191, dan Q.S. Ali Imran/3: 159,; sesuai dengan kaidah tajwid dan makharijul-huruf','2023-10-17 13:54:32','2023-10-17 13:54:32','keterampilan','XII'),(393,1,4,71,'4.1.2','Mendemonstrasikan hafalan Q.S. Ali Imran/3: 190-191, dan Q.S. Ali Imran/3: 159, dengan lancar','2023-10-17 13:54:49','2023-10-17 13:54:49','keterampilan','XII'),(394,1,4,71,'4.1.3','Menyajikan keterkaitan antara sikap kritis dengan ciri orang-orang berakal (ulil albab) sesuai pesan Q.S. Ali Imran/3: 190-191','2023-10-17 13:55:02','2023-10-17 13:55:02','keterampilan','XII'),(395,1,4,71,'4.2.1','Membaca Q.S. Luqman/31: 13-14 dan Q.S. al-Baqarah/2: 83 sesuai dengan kaidah tajwid dan makharijul huruf','2023-10-17 13:55:29','2023-10-17 13:55:29','keterampilan','XII'),(396,1,4,71,'4.2.2','Mendemonstrasikan hafalan Q.S. Luqman/31: 13-14 dan Q.S. al-Baqarah/2: 83 dengan lancar','2023-10-17 13:55:38','2023-10-17 13:55:38','keterampilan','XII'),(397,42,4,87,'XII.4.1','Menyajikan bahasan tradisi setempat melalui berbagai macam media (seperti mading, pameran fotografi, film dokumenter) dengan memperhatikan kaidah bahasa sunda','2023-10-17 14:03:50','2023-10-17 14:03:50','keterampilan','XII'),(398,31,4,3,'FP.1','Pada akhir fase F peserta didik mampu menunjukkan dasar pemodelan perangkat lunak dan menerapkan interaksi antar objek','2023-10-17 14:04:46','2023-10-17 14:04:46','pengetahuan','XI'),(399,31,4,3,'FP.2','Pada akhir fase F peserta didik mampu menerapkan alur kerja sistem,','2023-10-17 14:04:52','2023-10-17 14:04:52','pengetahuan','XI'),(400,31,4,3,'FK.1','Pada akhir fase F peserta didik mampu menunjukkan dasar pemodelan perangkat lunak dan menerapkan interaksi antar objek','2023-10-17 14:06:59','2023-10-17 14:06:59','keterampilan','XI'),(401,31,4,3,'FK.2','Pada akhir fase F peserta didik mampu menerapkan alur kerja sistem,','2023-10-17 14:07:30','2023-10-17 14:07:30','keterampilan','XI'),(402,8,4,8,'(X) CP P .1 Elemen 1','Permainan sepak bola: menendang/ mengoper, menghentikan, menggiring, menyundul, dan melempar bola ke dalam','2023-10-17 14:55:31','2023-10-17 14:55:31','pengetahuan','X'),(403,8,4,8,'(X) CP P. 1 Elmen 2','ermainan bola basket: melempar/ mengoper,menangkap, menggiring, menembak, rebound, dan pivot','2023-10-17 14:57:34','2023-10-17 14:57:34','pengetahuan','X'),(404,8,4,8,'(X) CP P.2 Elemen 1','Permainan bola voli: passing bawah, passing atas, servis bawah, servis atas, smash, dan block/ bendungan.','2023-10-17 14:58:39','2023-10-17 14:58:39','pengetahuan','X'),(405,8,4,8,'(X) CP P. 3 Elemen 3','permainan sofbol: melempar/mengoper bola, menangkap, memukul bola, berlari ke base, dan mematikan lawan','2023-10-17 14:59:26','2023-10-17 14:59:26','pengetahuan','X'),(406,1,4,71,'P. Akhlak','Peserta didik dapat menganalisis manfaat menghindari akhlak madzmuumah, membuat karya yang mengandung konten manfaat menghindari sifat madzmuumah (Tabdzir/Israf, Riya`, Sum\'ah, Takabur dan Hasad); meyakini bahwa akhlak madzmuumah tersebut adalah larangan dan akhlak mahmuudah adalah perintah agama; serta membiasakan diri untuk menghindari akhlak madzmuumah dan menampilkan akhlak mahmuudah dalam kehidupan sehari-hari.','2023-10-17 15:01:34','2023-10-17 15:01:34','pengetahuan','X'),(407,8,4,8,'(X) CP.1 Elemen 1','Permainan sepak bola: menendang/ mengoper, menghentikan, menggiring, menyundul, dan melempar bola ke dalam','2023-10-17 15:02:43','2023-10-17 15:02:43','keterampilan','X'),(408,8,4,8,'(X) CP.1 Elemen 2','Permainan bola basket: melempar/ mengoper, menangkap, menggiring, menembak, rebound, dan pivot.','2023-10-17 15:02:57','2023-10-17 15:02:57','keterampilan','X'),(409,8,4,8,'(X) CP.2 Elemen 1','Permainan bola voli: passing bawah, passing atas, servis bawah, servis atas, smash, dan block/ bendungan.','2023-10-17 15:03:09','2023-10-17 15:03:09','keterampilan','X'),(410,8,4,8,'(X) CP.3 Elemen 3','Permainan sofbol: melempar/mengoper bola, menangkap, memukul bola, berlari ke base, dan mematikan lawan.','2023-10-17 15:04:05','2023-10-17 15:04:05','keterampilan','X'),(411,1,4,71,'Akidah','Peserta didik menganalisis cabang-cabang iman, keterkaitan antara iman, Islam dan ihsan, serta dasar-dasar, tujuan dan manfaat ilmu kalam; mempresentasikan  tentang  cabang-cabang iman, dasar-dasar, tujuan dan manfaat ilmu kalam;  meyakini  bahwa  cabang-cabang iman, keterkaitan antara iman, Islam dan ihsan, serta dasar-dasar, tujuan  dan  manfaat  ilmu  kalam adalah ajaran agama; membiasakan sikap tanggung jawab, memenuhi janji, menyukuri nikmat, memelihara lisan, menutup aib orang lain, jujur, peduli sosial, ramah, konsisten, cinta damai, rasa  ingin  tahu  dan  pembelajar sepanjang hayat','2023-10-17 15:05:52','2023-10-17 15:05:52','pengetahuan','XI'),(412,1,4,71,'Akhlak','Peserta   didik   dapat   memecahkan   masalah perkelahian    antarpelajar,    minuman    keras (miras), dan narkoba dalam Islam; menganalisis adab menggunakan media sosial dalam Islam, menganalisis  dampak  negatif  sikap  munafik, keras hati, dan keras kepala dalam kehidupan sehari hari, sikap inovatif dan etika berorganisasi; mempresentasikan cara memecahkan masalah perkelahian antarpelajar dan dampak pengiringnya, minuman keras (miras), dan narkoba; menganalisis adab menggunakan media  sosial  dalam  Islam, dampak negatif sikap munafik, keras hati, dan keras kepala dalam kehidupan sehari hari; meyakini bahwa agama melarang melakukan perkelahian antarpelajar, minuman keras, dan narkoba, munafik, keras hati, dan keras kepala, meyakini   bahwa   adab   menggunakan  media sosial dalam Islam dapat memberi keselamatan bagi individu dan masyarakat dan meyakini bahwa sikap inovatif dan etika berorganisasi merupakan   perintah   agama;   membiasakan sikap taat pada aturan, peduli sosial, tanggung jawab,  cinta  damai,  santun,  saling menghormati, semangat kebangsaan, jujur, inovatif, dan rendah hati.','2023-10-17 15:06:01','2023-10-17 15:06:01','pengetahuan','XI'),(413,34,4,3,'FP.1','Pada akhir fase F peserta didik mampu memahami dan mengomunikasikan pengertian, sejarah, dan komponen dalam sistem operasi perangkat bergerak serta pengembangan aplikasinya','2023-10-17 15:34:45','2023-10-17 15:34:45','pengetahuan','XI'),(414,34,4,3,'FP.2','Pada akhir fase F peserta didik mampu melakukan pemrograman terstruktur dan pemrograman berorientasi objek','2023-10-17 15:34:52','2023-10-17 15:34:52','pengetahuan','XI'),(415,34,4,3,'FK.1','Pada akhir fase F peserta didik mampu memahami dan mengomunikasikan pengertian, sejarah, dan komponen dalam sistem operasi perangkat bergerak serta pengembangan aplikasinya','2023-10-17 15:35:16','2023-10-17 15:35:16','keterampilan','XI'),(416,34,4,3,'FK.2','Pada akhir fase F peserta didik mampu melakukan pemrograman terstruktur dan pemrograman berorientasi objek','2023-10-17 15:35:22','2023-10-17 15:35:22','keterampilan','XI'),(417,34,4,3,'3.3','Menerapkan konsep class, method dan object','2023-10-17 15:36:35','2023-10-17 15:36:35','pengetahuan','XII'),(418,34,4,3,'3.4','Membuat aplikasi melalui pengelompokan class','2023-10-17 15:36:43','2023-10-17 15:36:43','pengetahuan','XII'),(419,34,4,3,'4.3','Membuat class, method dan object','2023-10-17 15:36:57','2023-10-17 15:36:57','keterampilan','XII'),(420,34,4,3,'4.4','Membuat aplikasi melalui pengelompokan class dalam package','2023-10-17 15:37:03','2023-10-17 15:37:03','keterampilan','XII'),(421,8,4,82,'(X) CP P .1 Elemen 1','Permainan sepak bola: menendang/ mengoper, menghentikan, menggiring, menyundul, dan melempar bola ke dalam','2023-10-17 20:40:49','2023-10-17 20:40:49','pengetahuan','X'),(422,8,4,82,'(X) CP P.2 Elemen 1','Permainan bola voli: passing bawah, passing atas, servis bawah, servis atas, smash, dan block/ bendungan.','2023-10-17 20:41:03','2023-10-17 20:41:03','pengetahuan','X'),(423,8,4,82,'(X) CP P. 1 Elmen 2','ermainan bola basket: melempar/ mengoper,menangkap, menggiring, menembak, rebound, dan pivot','2023-10-17 20:41:24','2023-10-17 20:41:24','pengetahuan','X'),(424,8,4,82,'(X) CP P. 3 Elemen 3','permainan sofbol: melempar/mengoper bola, menangkap, memukul bola, berlari ke base, dan mematikan lawan','2023-10-17 20:41:35','2023-10-17 20:41:35','pengetahuan','X'),(425,8,4,82,'(X) CP.1 Elemen 1','Permainan sepak bola: menendang/ mengoper, menghentikan, menggiring, menyundul, dan melempar bola ke dalam','2023-10-17 20:42:28','2023-10-17 20:42:28','keterampilan','X'),(426,8,4,82,'(X) CP.1 Elemen 2','Permainan bola basket: melempar/ mengoper, menangkap, menggiring, menembak, rebound, dan pivot.','2023-10-17 20:42:38','2023-10-17 20:42:38','keterampilan','X'),(427,8,4,82,'(X) CP.2 Elemen 1','Permainan bola voli: passing bawah, passing atas, servis bawah, servis atas, smash, dan block/ bendungan.','2023-10-17 20:43:00','2023-10-17 20:43:00','keterampilan','X'),(428,8,4,82,'(X) CP.3 Elemen 3','Permainan sofbol: melempar/mengoper bola, menangkap, memukul bola, berlari ke base, dan mematikan lawan.','2023-10-17 20:43:14','2023-10-17 20:43:14','keterampilan','X'),(429,8,4,82,'(X) CP.8 Elemen 1','Mengevaluasi keterampilan hasil evaluasi keterampilan gerak gerakan kaki, gerakan lengan, pengambilan napas, dan koordinasi gerakan renang gaya dada serta bentuk-bentuk keselamatan penyelamatan dan keselamatan di air dengan koordinasi yang baik','2023-10-17 20:43:29','2023-10-17 20:43:29','keterampilan','X'),(430,8,4,82,'(XI) 3.1.1','Menganalisis keterampilan gerak salah satu permainan bola besar sepak bola serta menyusun rencana perbaikan*','2023-10-17 20:44:06','2023-10-17 20:44:06','pengetahuan','XI'),(431,8,4,82,'(XI) 3.1.3','Menganalisis keterampilan gerak salah satu permainan bola besar bola basket serta menyusun rencana perbaikan*','2023-10-17 20:44:14','2023-10-17 20:44:14','pengetahuan','XI'),(432,8,4,82,'(XI) 3.1.2','Menganalisis keterampilan gerak salah satu permainan bola besar bola voli serta menyusun rencana perbaikan','2023-10-17 20:44:23','2023-10-17 20:44:23','pengetahuan','XI'),(433,8,4,82,'(XI) 3.2.1','Menganalisis keterampilan gerak salah satu permainan bola kecil permainan softball serta menyusun rencana perbaikan.','2023-10-17 20:44:33','2023-10-17 20:44:33','pengetahuan','XI'),(434,8,4,82,'(XI) 4.1.1','Mempraktikkan hasil analisis keterampilan gerak salah satu permainan bola besar sepak bola serta menyusun rencana perbaikan','2023-10-17 20:47:25','2023-10-17 20:47:25','keterampilan','XI'),(435,8,4,82,'(XI) 4.1.3','Mempraktikkan hasil analisis keterampilan gerak salah satu permainan bola besar bola basket serta menyusun rencana perbaikan','2023-10-17 20:47:33','2023-10-17 20:47:33','keterampilan','XI'),(436,8,4,82,'(XI) 4.1.2','Mempraktikkan hasil analisis keterampilan gerak salah satu permainan bola besar bola voli serta menyusun rencana perbaikan','2023-10-17 20:47:46','2023-10-17 20:47:46','keterampilan','XI'),(437,8,4,82,'(XI) 4.2.1','Mempraktikkan hasil analisis keterampilan gerak salah satu permainan bola kecil serta menyusun rencana perbaikan.','2023-10-17 20:47:59','2023-10-17 20:47:59','keterampilan','XI'),(438,8,4,82,'(XI) 4.8.1','Mempraktikkan hasil analisis keterampilan dua renang gaya bebas.','2023-10-17 20:48:12','2023-10-17 20:48:12','keterampilan','XI'),(439,1,4,72,'K. Al-Qur\'an dan Hadis','Menganalisis ayat Al-Qur’an dan hadis tentang perintah untuk berkompetisi dalam kebaikan dan etos kerja; dapat membaca Al-Qur’an dengan tartil, menghafal dengan fasih dan lancar ayat Al-Qur’an serta Hadis tentang perintah untuk berkompetisi dalam kebaikan dan etos kerja; dapat menyajikan konten dan paparan tentang perintah untuk berkompetisi dalam kebaikan dan etos kerja; meyakini bahwa sikap kompetitif dalam kebaikan dan etos kerja adalah perintah agama; dan membiasakan sikap kompetitif dalam kebaikan dan etos kerja.','2023-10-18 00:09:36','2023-10-18 00:09:36','keterampilan','X'),(440,1,4,72,'K. Akidah','Menganalisis syu’abul iman (cabang-cabang iman), pengertin, dalil, macam dan manfaatnya; mempresentasikan makna syu’abul iman, pengertian, dalil dan manfaatnnya; meyakini bahwa dalam iman terdapat banyak cabang-cabangnya; serta menerapkan beberapa sikap karakter sebagai cerminan cabang iman dalam kehidupan.','2023-10-18 00:09:44','2023-10-18 00:09:44','keterampilan','X'),(441,1,4,72,'K. Akhlak','Menganalisis manfaat menghindari akhlak madzmuumah, membuat karya yang mengandung konten manfaat menghindari sifat madzmuumah; meyakini bahwa akhlak madzmuumah adalah larangan dan akhlak mahmuudah adalah perintah agama; serta membiasakan diri untuk menghindari akhlak madzmuumah dan menampilkan akhlak mahmuudah dalam kehidupan sehari-hari.','2023-10-18 00:09:51','2023-10-18 00:09:51','keterampilan','X'),(442,33,4,2,'3.13','Menerapkan fungsi dalam program','2023-10-18 00:49:03','2023-10-18 00:49:03','pengetahuan','XII'),(443,33,4,2,'3.14','Menerapkan library standar dalam program','2023-10-18 00:49:08','2023-10-18 00:49:08','pengetahuan','XII'),(444,33,4,2,'4.13','Membuat kode fungsi dalam program','2023-10-18 00:49:11','2023-10-18 00:49:11','keterampilan','XII'),(445,33,4,2,'4.14','Menggunakan library standar dalam program','2023-10-18 00:49:16','2023-10-18 00:49:16','keterampilan','XII'),(447,5,4,58,'CP1','Membaca dan merespon berbagai macam teks seperti narasi, deskripsi, prosedur, eksposisi, recount, dan report. Membaca untuk mempelajari sesuatu atau untuk mendapatkan informasi. Mencari dan mengevaluasi detil spesifik dan inti dari berbagai macam jenis teks. Teks ini dapat berbentuk cetak atau digital, termasuk diantaranya teks visual, multimodal atau interaktif.','2023-10-18 02:12:03','2023-10-18 02:12:03','pengetahuan','X'),(448,8,4,8,'(XI) 3.1.1','Menganalisis keterampilan gerak salah satu permainan bola besar sepak bola serta menyusun rencana perbaikan*','2023-10-18 02:29:46','2023-10-18 02:29:46','pengetahuan','XI'),(449,8,4,8,'(XI) 3.1.2','Menganalisis keterampilan gerak salah satu permainan bola besar bola voli serta menyusun rencana perbaikan','2023-10-18 02:30:01','2023-10-18 02:30:01','pengetahuan','XI'),(450,8,4,8,'(XI) 3.1.3','Menganalisis keterampilan gerak salah satu permainan bola besar bola basket serta menyusun rencana perbaikan*','2023-10-18 02:30:19','2023-10-18 02:30:19','pengetahuan','XI'),(451,8,4,8,'(XI) 3.2.1','Menganalisis keterampilan gerak salah satu permainan bola kecil permainan softball serta menyusun rencana perbaikan.','2023-10-18 02:30:51','2023-10-18 02:30:51','pengetahuan','XI'),(452,8,4,8,'(XI) 4.1.1','Mempraktikkan hasil analisis keterampilan gerak salah satu permainan bola besar sepak bola serta menyusun rencana perbaikan','2023-10-18 02:31:33','2023-10-18 02:31:33','keterampilan','XI'),(453,8,4,8,'(XI) 4.1.2','Mempraktikkan hasil analisis keterampilan gerak salah satu permainan bola besar bola voli serta menyusun rencana perbaikan','2023-10-18 02:31:56','2023-10-18 02:31:56','keterampilan','XI'),(454,8,4,8,'(XI) 4.1.3','Mempraktikkan hasil analisis keterampilan gerak salah satu permainan bola besar bola basket serta menyusun rencana perbaikan','2023-10-18 02:32:09','2023-10-18 02:32:09','keterampilan','XI'),(455,8,4,8,'(XI) 4.2.1','Mempraktikkan hasil analisis keterampilan gerak salah satu permainan bola kecil softball serta menyusun rencana perbaikan.','2023-10-18 02:32:33','2023-10-18 02:32:33','keterampilan','XI'),(456,8,4,8,'(XI) 4.8.1','Mempraktikkan hasil analisis keterampilan dua renang gaya bebas.','2023-10-18 02:33:28','2023-10-18 02:33:28','keterampilan','XI'),(457,5,4,58,'3.24','Menganalisis fungsi sosial, struktur teks, dan unsur kebahasaan teks interaksi transaksional lisan dan tulis yang melibatkan tindakan memberi dan meminta informasi terkait hubungan sebab akibat, sesuai dengan konteks penggunaannya. (Perhatikan unsur kebahasaan because of ..., due to ..., thanks to ...)','2023-10-18 02:43:06','2023-10-18 02:43:06','pengetahuan','XII'),(458,5,4,58,'3.26','Menganalisis fungsi social, struktur teks dan unsur kebahasaan teks interaksi transaksional yang melibatkan tindakan memberi dan meminta informasi terkait penyajian laporan secara lisan (report presentation','2023-10-18 02:43:14','2023-10-18 02:43:14','pengetahuan','XII'),(459,5,4,58,'3.25','Menganalisis fungsi social, struktur teks dan unsur kebahasaan teks interaksi transaksional yang melibatkan tindakan memberi dan meminta informasi terkait penulisan laporan sederhana.','2023-10-18 02:43:17','2023-10-18 02:43:17','pengetahuan','XII'),(460,5,4,58,'4.24','Menyusun teks interaksi transaksional lisan dan tulis yang melibatkan tindakan memberi dan meminta informasi terkait hubungan sebab akibat, dengan memperhatikan fungsi sosial, struktur teks, dan unsur kebahasaan yang benar dan sesuai konteks','2023-10-18 02:43:42','2023-10-18 02:43:42','keterampilan','XII'),(461,5,4,58,'4.26','Menyusun teks interaksi transaksional lisan yang melibatkan tindakan memberi dan meminta informasi terkait penyajian laporan dengan memperhatikan fungsi social, struktur teks dan unsur kebahasaan yang benar dan sesuai dengan konteks penggunaannya di dunia kerja.','2023-10-18 02:43:52','2023-10-18 02:43:52','keterampilan','XII'),(462,5,4,58,'4.25','Menyusun teks interaksi transaksional tulis yang melibatkan tindakan memberi dan meminta informasi terkait penulisan laporan sederhana dengan memperhatikan fungsi social, struktur teks dan unsur kebahasaan yang benar dan sesuai dengan konteks penggunaannya di dunia kerja.','2023-10-18 02:43:55','2023-10-18 02:43:55','keterampilan','XII'),(463,5,4,58,'CP1','Membaca dan merespon berbagai macam teks seperti narasi, deskripsi, prosedur, eksposisi, recount, dan report. Membaca untuk mempelajari sesuatu atau untuk mendapatkan informasi. Mencari dan mengevaluasi detil spesifik dan inti dari berbagai macam jenis teks. Teks ini dapat berbentuk cetak atau digital, termasuk diantaranya teks visual, multimodal atau interaktif.','2023-10-18 02:45:17','2023-10-18 02:45:17','pengetahuan','XI'),(464,5,4,58,'CP2','Membaca dan merespon berbagai macam teks seperti narasi, deskripsi, prosedur, eksposisi, recount, dan report. Membaca untuk mempelajari sesuatu atau untuk mendapatkan informasi. Mencari dan mengevaluasi detil spesifik dan inti dari berbagai macam jenis teks. Teks ini dapat berbentuk cetak atau digital, termasuk diantaranya teks visual, multimodal atau interaktif.','2023-10-18 02:45:26','2023-10-18 02:45:26','pengetahuan','XI'),(465,5,4,58,'CP1K','Membaca dan merespon berbagai macam teks seperti narasi, deskripsi, prosedur, eksposisi, recount, dan report. Membaca untuk mempelajari sesuatu atau untuk mendapatkan informasi. Mencari dan mengevaluasi detil spesifik dan inti dari berbagai macam jenis teks. Teks ini dapat berbentuk cetak atau digital, termasuk diantaranya teks visual, multimodal atau interaktif.','2023-10-18 02:46:00','2023-10-18 02:46:00','keterampilan','XI'),(466,5,4,58,'CP2K','Membaca dan merespon berbagai macam teks seperti narasi, deskripsi, prosedur, eksposisi, recount, dan report. Membaca untuk mempelajari sesuatu atau untuk mendapatkan informasi. Mencari dan mengevaluasi detil spesifik dan inti dari berbagai macam jenis teks. Teks ini dapat berbentuk cetak atau digital, termasuk diantaranya teks visual, multimodal atau interaktif.','2023-10-18 02:46:07','2023-10-18 02:46:07','keterampilan','XI'),(467,5,4,58,'CP2','Membaca dan merespon berbagai macam teks seperti narasi, deskripsi, prosedur, eksposisi, recount, dan report. Membaca untuk mempelajari sesuatu atau untuk mendapatkan informasi. Mencari dan mengevaluasi detil spesifik dan inti dari berbagai macam jenis teks. Teks ini dapat berbentuk cetak atau digital, termasuk diantaranya teks visual, multimodal atau interaktif.','2023-10-18 02:51:19','2023-10-18 02:51:19','pengetahuan','X'),(468,5,4,58,'CP1K','Membaca dan merespon berbagai macam teks seperti narasi, deskripsi, prosedur, eksposisi, recount, dan report. Membaca untuk mempelajari sesuatu atau untuk mendapatkan informasi. Mencari dan mengevaluasi detil spesifik dan inti dari berbagai macam jenis teks. Teks ini dapat berbentuk cetak atau digital, termasuk diantaranya teks visual, multimodal atau interaktif.','2023-10-18 02:56:26','2023-10-18 02:56:26','keterampilan','X'),(469,5,4,58,'CP2K','Membaca dan merespon berbagai macam teks seperti narasi, deskripsi, prosedur, eksposisi, recount, dan report. Membaca untuk mempelajari sesuatu atau untuk mendapatkan informasi. Mencari dan mengevaluasi detil spesifik dan inti dari berbagai macam jenis teks. Teks ini dapat berbentuk cetak atau digital, termasuk diantaranya teks visual, multimodal atau interaktif.','2023-10-18 02:56:32','2023-10-18 02:56:32','keterampilan','X'),(470,37,4,90,'3.10','menganalisis gangguan pada kepala silinder dan kelengkapannya','2023-10-18 03:21:59','2023-10-18 03:21:59','pengetahuan','XI'),(471,44,4,87,'(XII) 3.1','Memahami Perencanaan Produksi Massal','2023-10-18 03:22:49','2023-10-18 03:22:49','pengetahuan','XII'),(475,44,4,87,'(XII)4.1','Mempresentasikan Perencanaan Produksi Massal','2023-10-18 03:33:08','2023-10-18 03:33:08','keterampilan','XII'),(476,38,4,90,'3.1','Menerapkan cara perawatan kopling','2023-10-18 03:41:28','2023-10-18 03:41:28','pengetahuan','XI'),(477,22,4,56,'4.9','Melakukan pengecekan dokumen sumber dan dokumen pendukung pada perusahaan dagang','2023-10-18 03:42:57','2023-10-18 03:42:57','keterampilan','XI'),(478,38,4,90,'4.1','Merawat berkala kopling','2023-10-18 03:43:34','2023-10-18 03:43:34','keterampilan','XI'),(479,22,4,56,'4.10','Melakukan pencatatan transaksi kedalam buku jurnal khusus pada perusahaan dagang','2023-10-18 03:46:53','2023-10-18 03:46:53','keterampilan','XI'),(480,35,4,70,'3.1','memahami prinsip kerja mekanisme katup','2023-10-18 03:48:39','2023-10-18 03:48:39','pengetahuan','XI'),(481,38,4,90,'3.1','Menerapkan cara perawatan kopling','2023-10-18 03:49:30','2023-10-18 03:49:30','pengetahuan','XII'),(482,35,4,70,'4.1','memperbaiki mekanisme katup','2023-10-18 03:51:30','2023-10-18 03:51:30','keterampilan','XI'),(483,38,4,90,'4.1','Merawat berkala kopling','2023-10-18 03:51:32','2023-10-18 03:51:32','keterampilan','XII'),(484,20,4,70,'3.1','memahami berbagai jenis alat-alat tangan','2023-10-18 04:09:51','2023-10-18 04:09:51','pengetahuan','X'),(485,20,4,70,'c1','mengklasifikasikan jenis alat-alat tangan','2023-10-18 04:13:23','2023-10-18 04:13:23','keterampilan','X'),(487,39,4,70,'3.1','mengetahui dasar-dasar dan langkah-langkah sesuai SOP mengenai perawatan berkala mekanisme mesin','2023-10-18 04:39:54','2023-10-18 04:39:54','pengetahuan','XI'),(488,39,4,70,'4.1','menjelaskan dasar-dasar dan langkah-langkah sesuai SOP mengenai perawatan berkala mekanisme mesin','2023-10-18 04:41:48','2023-10-18 04:41:48','keterampilan','XI'),(489,39,4,70,'3.1.1','menerapkan cara perawatan sistem utama engine dan mekanisme katup','2023-10-18 04:45:20','2023-10-18 04:45:20','pengetahuan','XII'),(490,39,4,70,'4.1.1','merawat berkala sistem utama engine dan mekanisme katup','2023-10-18 04:48:35','2023-10-18 04:48:35','keterampilan','XII'),(491,33,4,2,'CPPWEB1','Memahami konsep HTML','2023-10-18 04:51:07','2023-10-18 04:51:07','pengetahuan','XI'),(492,33,4,2,'CPPWEB2','Memahami konsep CSS','2023-10-18 04:51:13','2023-10-18 04:51:13','pengetahuan','XI'),(493,33,4,2,'CPKWEB1','Menerapkan perintah HTML','2023-10-18 04:51:33','2023-10-18 04:51:33','keterampilan','XI'),(494,33,4,2,'CPKWEB2','Menerapkan perintah CSS','2023-10-18 04:51:38','2023-10-18 04:51:38','keterampilan','XI'),(495,3,4,61,'KD3.1','Mengidentifikasi isi dan sistematika surat lamaran pekerjaan yang dibaca','2023-10-18 07:27:22','2023-10-18 07:27:22','pengetahuan','XII'),(496,3,4,61,'KD3.2','Menganalisis informasi, yang mencakup orientasi, rangkaian kejadian yang saling berkaitan, komplikasi dan resolusi, dalam cerita sejarah lisan atau tulis','2023-10-18 07:27:47','2023-10-18 07:27:47','pengetahuan','XII'),(497,27,4,89,'3.1','Siswa dapat memahami tentang penataan produk Bisnis Retail','2023-10-18 07:45:46','2023-10-18 07:45:46','pengetahuan','XI'),(498,27,4,89,'3.2','Siswa dapat mempelajari tampilan barang dalam penataan produk','2023-10-18 07:53:37','2023-10-18 07:53:37','pengetahuan','XI'),(499,27,4,89,'4.1','Siswa dapat mempelajari pengelompokan barang dalam pentaan produk bisnis detail','2023-10-18 08:15:52','2023-10-18 08:15:52','keterampilan','XI'),(500,27,4,89,'4.2','Siswa dapat membedakan serta mengelompokan tampilan barang serta produk','2023-10-18 08:18:25','2023-10-18 08:18:25','keterampilan','XI'),(501,11,4,56,'Dspg E.1','Memahami pengertian, tujuan, peran akuntansi dan pihak-pihak yang membutuhkan informasi akuntansi','2023-10-18 08:19:47','2023-10-18 08:19:47','pengetahuan','X'),(502,27,4,89,'3.1 12','Siswa dapat mempelajari SOP penataan produk','2023-10-18 08:51:33','2023-10-18 08:51:33','pengetahuan','XII'),(503,27,4,89,'3.2 12','Siswa dapat mempelajari serta memahami inovasi penataan produk','2023-10-18 08:56:02','2023-10-18 08:56:02','pengetahuan','XII'),(504,27,4,89,'4.1 12','Siswa dapat mempraktekan tentang SOP penataan produk','2023-10-18 09:02:30','2023-10-18 09:02:30','keterampilan','XII'),(505,27,4,89,'4.212','Siswa dapat mempraktekan inovasi penataan produk','2023-10-18 09:11:45','2023-10-18 09:11:45','keterampilan','XII'),(506,42,4,81,'11.3.1.','Menganalisis isi, struktur, dan aspek kebahasaan teks biantara','2023-10-18 09:14:05','2023-10-18 09:14:05','pengetahuan','XI'),(507,3,4,61,'KD4.1','Menyajikan simpulan sistematika dan unsur-unsurisi surat lamaran baik secara lisan maupun tulis','2023-10-18 09:19:16','2023-10-18 09:19:16','keterampilan','XII'),(508,42,4,81,'11.3.2','Memahami Carita Pondok','2023-10-18 09:19:22','2023-10-18 09:19:22','pengetahuan','XI'),(509,3,4,61,'KD4.2','Mengonstruksi nilai-nilai dari informasi cerita sejarah dalam sebuah teks eksplanasi','2023-10-18 09:19:24','2023-10-18 09:19:24','keterampilan','XII'),(510,42,4,81,'11.4.1.','Mendemonstrasikan biantara dengan memperhatikan kesantunan dan penggunaan kaidah bahasa','2023-10-18 09:24:59','2023-10-18 09:24:59','keterampilan','XI'),(511,42,4,81,'11.4.2','Memahami Carita Pondok','2023-10-18 09:27:06','2023-10-18 09:27:06','keterampilan','XI'),(513,10,4,87,'E1','Profil entrepreneur, peluang pekerjaan atau profesi dan peluang usaha dibidang akuntansi dan keuangan lembaga','2023-10-18 10:03:29','2023-10-18 10:03:29','pengetahuan','X'),(514,42,4,81,'10.3.2','Menganalisis aspek kebahasaan dan rasa bahasa teks terjemahan','2023-10-18 10:19:44','2023-10-18 10:19:44','pengetahuan','X'),(515,42,4,81,'10.3.4','Membandingkan bentuk, struktur dan aspek kebahasaan teks kawih sunda klasik dan pop','2023-10-18 10:19:53','2023-10-18 10:19:53','pengetahuan','X'),(516,42,4,81,'10.4.2','Menerjemahkan teks ke dalam bahasa  sunda atau sebaliknya','2023-10-18 10:24:33','2023-10-18 10:24:33','keterampilan','X'),(517,42,4,81,'10.4.4','Melantunkan kawih sunda klasik dan pop dengan memperhatikan  bentuk, ekspresi dan intonasi (lentong)','2023-10-18 10:24:44','2023-10-18 10:24:44','keterampilan','X'),(518,26,4,87,'F1','Menjelaskan definisi fungsi, hukum, penggolongan, dan tata cara pemungutan pajak serta pungutan selain pajak','2023-10-18 10:53:43','2023-10-18 10:53:43','pengetahuan','XI'),(519,26,4,87,'F2','Menjelaskan tentang wajib pajak, hak-hak dan kewajiban wajib pajak, Nomor Pokok Wajib (NPWP) dan nomor pengukuhan pengusaha kena pajak (NPPKP)','2023-10-18 10:53:56','2023-10-18 10:53:56','pengetahuan','XI'),(520,26,4,87,'F1.1','Mengidentifikasi jenis-jenis pajak dan pungutan selain pajak','2023-10-18 11:02:19','2023-10-18 11:02:19','keterampilan','XI'),(521,10,4,87,'EK1','Profil entrepreneur, peluang pekerjaan atau profesi dan peluang usaha dibidang akuntansi dan keuangan lembaga','2023-10-18 11:10:20','2023-10-18 11:10:20','keterampilan','X'),(526,43,4,6,'E','Algoritma dan Flowchart','2023-10-19 00:20:32','2023-10-19 00:20:32','pengetahuan','X'),(527,43,4,6,'CP-BK-1.Pengetahuan','Algoritma dan Flowchart','2023-10-19 00:20:40','2023-10-19 00:20:40','pengetahuan','X'),(528,43,4,6,'CP-BK-2.Pengetahuan','Brainstorming','2023-10-19 00:20:50','2023-10-19 00:20:50','pengetahuan','X'),(529,43,4,6,'CP-BK- 3. Pengetahuan','Memahami komponen-komponen pada komputer dan fungsinya','2023-10-19 00:20:57','2023-10-19 00:20:57','pengetahuan','X'),(530,43,4,6,'E.1','Keterampilan Algoritma dan Flowchart','2023-10-19 00:21:57','2023-10-19 00:21:57','keterampilan','X'),(531,43,4,6,'CP-BK-1.Keterampilan','Menerapkan Algoritma dan Flowchart dalam kehidupan sehari hari','2023-10-19 00:22:04','2023-10-19 00:22:04','keterampilan','X'),(532,43,4,6,'CP-BK-2.Keterampilan','Menerapkan Brainstorming dalam menggali dan mengumpulkan ide dalam menyelesaikan masalah','2023-10-19 00:22:09','2023-10-19 00:22:09','keterampilan','X'),(533,43,4,6,'CP-BK-3 Keterampilan','Mampu menjelaskan komponen-komponen pada komputer dan fungsinya','2023-10-19 00:22:13','2023-10-19 00:22:13','keterampilan','X'),(534,26,4,6,'3.1 XII','Memahami data kewajiban perpajakan orang pribadi.','2023-10-19 01:02:14','2023-10-19 01:02:14','pengetahuan','XII'),(535,26,4,6,'3.2 XII','Memahami klasifikasi data dalam perhitungan kewajiban perpajakan OP','2023-10-19 01:02:20','2023-10-19 01:02:20','pengetahuan','XII'),(536,26,4,6,'4.1 XII','Melakukan identifikasi kewajiban perpajakan orang pribadi.','2023-10-19 01:02:36','2023-10-19 01:02:36','keterampilan','XII'),(537,26,4,6,'4.2 XII','Melakukan klasifikasi data dalam perhitungan kewajiban perpajakan orang pribadi.','2023-10-19 01:02:43','2023-10-19 01:02:43','keterampilan','XII'),(538,11,4,56,'Dspg E.2','Memahami jenis-jenis profesi akuntansi','2023-10-19 01:16:44','2023-10-19 01:16:44','pengetahuan','X'),(539,11,4,56,'Dspg E.3','Memahami jenis dan bentuk badan usaha','2023-10-19 01:18:18','2023-10-19 01:18:18','pengetahuan','X'),(540,11,4,56,'Dspg E.4','Memahami asumsi, prinsip-prinsip dan konsep dasar akuntansi','2023-10-19 01:21:09','2023-10-19 01:21:09','pengetahuan','X'),(541,24,4,6,'3.1 XII','Menganalisis Pembentukan Kas Kecil','2023-10-19 01:41:04','2023-10-19 01:41:04','pengetahuan','XII'),(542,24,4,6,'3.2 XII','Menganalisis pengelolaan dana kas perusahaan di bank.','2023-10-19 01:41:10','2023-10-19 01:41:10','pengetahuan','XII'),(543,24,4,6,'4.1 XII','Melakukan pencatatan kas kecil.','2023-10-19 01:41:48','2023-10-19 01:41:48','keterampilan','XII'),(544,24,4,6,'4.2 XII','Melakukan pengelolaan dana kas perusahaan di bank.','2023-10-19 01:41:54','2023-10-19 01:41:54','keterampilan','XII'),(545,11,4,56,'Dspg E.K 1','Mengelompokkan pihak-pihak yang membutuhkan informasi akuntansi sesuai perannya','2023-10-19 01:58:42','2023-10-19 01:58:42','keterampilan','X'),(546,11,4,56,'Dspg E.K2','Mengelompokkan profesi akuntansi','2023-10-19 02:00:34','2023-10-19 02:00:34','keterampilan','X'),(547,11,4,56,'Dspg E.K3','Mengelompokkan jenis dan bentuk badan usaha','2023-10-19 02:02:04','2023-10-19 02:02:04','keterampilan','X'),(548,11,4,56,'Dspg E.K4','Mengelompokkan asumsi, prinsip-prinsip dan konsep dasar akuntansi','2023-10-19 02:03:47','2023-10-19 02:03:47','keterampilan','X'),(549,44,4,87,'XI','Memahami kewirausahaan dan wirausaha','2023-10-19 02:47:03','2023-10-19 02:47:03','pengetahuan','XI'),(550,44,4,87,'XIKET1','Mengidentifikasi hakikat kewirausahaan dan wirausaha','2023-10-19 02:50:38','2023-10-19 02:50:38','keterampilan','XI'),(553,23,4,6,'3.1 XI','Memahami  pembukuan tunggal, dan  pembukuan berpasangan untuk akuntansi keuangan pemerintah daerah','2023-10-19 06:28:28','2023-10-19 06:28:28','pengetahuan','XI'),(554,23,4,6,'3.2 XI','Menerapkan persamaan akuntansi, konsep debet dan kredit, penjurnalan, buku besar, saldo normal dan laporan keuangan untuk akuntansi keuangan pemerintah daerah','2023-10-19 06:28:37','2023-10-19 06:28:37','pengetahuan','XI'),(555,23,4,6,'4.1 XI','Mengelompokkan pembukuan tunggal, dan pembukuan berpasangan  untuk akuntansi keuangan pemerintah daerah','2023-10-19 06:28:58','2023-10-19 06:28:58','keterampilan','XI'),(556,23,4,6,'4.2 XI','Melakukan pencatatan persamaan akuntansi, konsep debet dan kredit, penjurnalan, buku besar, saldo normal dan laporan keuangan untuk akuntansi keuangan pemerintah daerah','2023-10-19 06:29:05','2023-10-19 06:29:05','keterampilan','XI'),(557,24,4,6,'3.1 XI','Menjelaskan pencatatan pembentukan kas kecil, pembayaran dengan menggunakan kas kecil dan pengisian kas kecil dengan sistem dana tetap.','2023-10-19 06:58:46','2023-10-19 06:58:46','pengetahuan','XI'),(558,24,4,6,'3.2 XI','Menjelaskan pencatatan pembentukan kas kecil, pembayaran dengan menggunakan kas kecil dan pengisian kas kecil dengan sistem dana berfluktuasi.','2023-10-19 06:59:05','2023-10-19 06:59:05','pengetahuan','XI'),(559,24,4,6,'4.1 XI','Mencatat pembentukan kas kecil, pembayaran dengan menggunakan kas kecil dan pengisian kas kecil dengan sistem dana tetap.','2023-10-19 06:59:35','2023-10-19 06:59:35','keterampilan','XI'),(560,24,4,6,'4.2 XI','Mencatat pembentukan kas kecil, pembayaran dengan menggunakan kas kecil dan pengisian kas kecil dengan sistem dana berfluktuasi.','2023-10-19 06:59:42','2023-10-19 06:59:42','keterampilan','XI'),(562,5,4,66,'CP3','Membaca dan merespon berbagai macam teks seperti narasi, deskripsi, prosedur, eksposisi, recount, dan report. Membaca untuk mempelajari sesuatu atau untuk mendapatkan informasi. Mencari dan mengevaluasi detil spesifik dan inti dari berbagai macam jenis teks. Teks ini dapat berbentuk cetak atau digital, termasuk diantaranya teks visual, multimodal atau interaktif.','2023-12-11 15:38:52','2023-12-11 15:38:52','pengetahuan','X'),(563,5,4,66,'CP3K','Membaca dan merespon berbagai macam teks seperti narasi, deskripsi, prosedur, eksposisi, recount, dan report. Membaca untuk mempelajari sesuatu atau untuk mendapatkan informasi. Mencari dan mengevaluasi detil spesifik dan inti dari berbagai macam jenis teks. Teks ini dapat berbentuk cetak atau digital, termasuk diantaranya teks visual, multimodal atau interaktif.','2023-12-11 15:39:23','2023-12-11 15:39:23','keterampilan','X'),(564,5,4,66,'3.27','Menganalisis fungsi sosial, struktur teks, dan unsur kebahasaan teks interaksi interpersonal lisan dan tulis yang melibatkan tindakan menawarkan jasa, serta menanggapinya, sesuai dengan konteks penggunaannya. (Perhatikan unsur kebahasaan May I help you? What can I do for you? What if ...?)','2023-12-11 15:40:12','2023-12-11 15:40:12','pengetahuan','XII'),(565,5,4,66,'3.28','Menganalisis fungsi sosial, struktur teks, dan unsur kebahasaan beberapa teks khusus dalam bentuk surat lamaran kerja, dengan memberi dan meminta informasi terkait jati diri, latar belakang pendidikan/pengalaman kerja, sesuai dengan konteks penggunaannya','2023-12-11 15:40:32','2023-12-11 15:40:32','pengetahuan','XII'),(566,5,4,66,'3.29','Menganalisis fungsi sosial, struktur teks, dan unsur kebahasaan teks interaksi transaksional lisan yang melibatkan tindakan memberi dan meminta informasi terkait jati diri dalam konteks pekerjaan (wawancara pekerjaan)','2023-12-11 15:40:43','2023-12-11 15:40:43','pengetahuan','XII'),(567,5,4,66,'4.27','Menyusun teks interaksi interpersonal lisan dan tulis sederhana yang melibatkan tindakan menawarkan jasa, dan menanggapinya dengan memperhatikan fungsi sosial, struktur teks, dan unsur kebahasaan yang benar dan sesuai konteks','2023-12-11 15:41:28','2023-12-11 15:41:28','keterampilan','XII'),(568,5,4,66,'4.28','Menyusun teks khusus surat lamaran kerja, yang memberikan informasi antara lain jati diri, latar belakang pendidikan/pengalaman kerja, dengan memperhatikan fungsi sosial, struktur teks, dan unsur kebahasaan, secara benar dan sesuai konteks','2023-12-11 15:41:39','2023-12-11 15:41:39','keterampilan','XII'),(569,5,4,66,'4.29','Menyusun teks interaksi transaksional lisan yang melibatkan tindakan memberi dan meminta informasi terkait jati diri dalam konteks pekerjaan (wawancara pekerjaan), dengan memperhatikan fungsi sosial, struktur teks, dan unsur kebahasaan yang benar dan sesuai konteks penggunaannya di dunia kerja','2023-12-11 15:41:53','2023-12-11 15:41:53','keterampilan','XII'),(570,14,4,62,'CP 7','Perilaku Konsumen','2023-12-11 21:52:09','2023-12-11 21:52:09','pengetahuan','X'),(571,14,4,62,'CP K7','Perilaku Konsumen','2023-12-11 22:15:11','2023-12-11 22:15:11','keterampilan','X'),(572,28,4,62,'3.4','Menganalisis kata kunci SEO On Page','2023-12-11 22:49:20','2023-12-11 22:49:20','pengetahuan','XI'),(573,28,4,62,'4.4','Membuat Kata Kunci SEO ON Page','2023-12-11 22:50:22','2023-12-11 22:50:22','keterampilan','XI'),(574,28,4,62,'3.14','Mengevaluasi Website E -Commerce','2023-12-11 22:51:31','2023-12-11 22:51:31','pengetahuan','XII'),(575,28,4,62,'4.14','Merancang Website E-Commerce','2023-12-11 22:52:02','2023-12-11 22:52:02','keterampilan','XII'),(576,29,4,62,'3.15','Menganalisis Manajemen Pergudangan Dalam Bisnis Ritel','2023-12-11 22:59:43','2023-12-11 22:59:43','pengetahuan','XII'),(577,29,4,62,'4,15','Menggunakan Sistem Manajemen Pergudangan Dalam Bisnis Ritel','2023-12-11 23:00:12','2023-12-11 23:00:12','keterampilan','XII'),(578,30,4,62,'3.14','Menerapkan pengoperasian alat bantu verifikasi dalam transaksi','2023-12-11 23:04:14','2023-12-11 23:04:14','pengetahuan','XII'),(579,30,4,62,'4.14','Mengoperasikan alat bantu verifikasi dalam transaksi','2023-12-11 23:04:52','2023-12-11 23:04:52','keterampilan','XII'),(584,42,4,84,'12.3.2','Menganalisis, mengidentifikasi, dan memahami  teks Carita wayang berdasarkan kaidah-kaidahnya secara lisan dan tulisan','2023-12-12 02:05:19','2023-12-12 02:05:19','pengetahuan','XII'),(585,42,4,84,'12.3.3','Menganalisis isi, struktur dan unsur kebahasaan teks resensi (Buku, film, musik, pertunjukkan)','2023-12-12 02:05:36','2023-12-12 02:05:36','pengetahuan','XII'),(586,42,4,84,'12.3.1','Menganalisis isi, struktur dan aspek kebahasaan teks bahasan tradisi sunda','2023-12-12 02:06:35','2023-12-12 02:06:35','pengetahuan','XII'),(587,42,4,84,'12.4.2','Menanggapi, menginterpretasi, dan  mengomentari isi teks Carita wayang dengan sesuai dengan kaidah-kaidahnya.','2023-12-12 03:27:18','2023-12-12 03:27:18','keterampilan','XII'),(588,42,4,84,'12.4.3','Menulis resensi dengan memperhatikan struktur dan kadah kebahasaan','2023-12-12 03:27:30','2023-12-12 03:27:30','keterampilan','XII'),(589,2,4,63,'CP2.P1','Peserta  didik  mampu  menganalisis  produk perundang-undangan dan mengevaluasi ketidaksesuaian antarproduk perundang-undangan','2023-12-12 03:47:14','2023-12-12 03:47:14','pengetahuan','XI'),(590,2,4,63,'CP2.K1','peserta didik mampu mempraktikkan sikap dan perilaku dalam menjaga keutuhan Negara Kesatuan Republik Indonesia.','2023-12-12 03:49:37','2023-12-12 03:49:37','keterampilan','XI'),(591,20,4,70,'3.2','Memahami prinsip-prinsip pengendalian kontaminasi','2023-12-12 04:46:20','2023-12-12 04:46:20','pengetahuan','X'),(592,20,4,70,'3.3','Memahami proses mesin konversi energi','2023-12-12 04:46:27','2023-12-12 04:46:27','pengetahuan','X'),(593,20,4,70,'4.2','Menerapkan prinsip-prinsip pengendalian kontaminasi','2023-12-12 04:48:18','2023-12-12 04:48:18','keterampilan','X'),(594,20,4,70,'4.3','Mendemontrasikan mesin konversi energi','2023-12-12 04:48:29','2023-12-12 04:48:29','keterampilan','X'),(595,1,4,68,'Fikih XI','Peserta didik mampu menganalisis ketentuan pelaksanaan khutbah, tablig dan dakwah, ketentuan pernikahan dalam Islam, mawaris, dan konsep ijtihad; mempresentasikan tentang ketentuan pelaksanaan khutbah, tabligh dan dakwah, ketentuan pernikahan dalam Islam, mawaris, dan konsep ijtihad; menerapkan ketentuan khutbah, tabligh, dan dakwah, ketentuan pernikahan dalam Islam, mawaris, dan meyakini bahwa ijtihad merupakan salah satu sumber hukum Islam; membiasakan sikap menebarkan Islam rahmat li al-ālamīn, komitmen, bertanggung jawab, menepati janji, adil, amanah, terbuka terhadap ilmu pengetahuan, dan menghargai perbedaan pendapat','2023-12-12 06:30:21','2023-12-12 06:30:21','pengetahuan','XI'),(596,1,4,68,'SPI XI','Peserta didik mampu menganalisis peran dan keteladanan tokoh ulama penyebar ajaran Islam di Indonesia, perkembanganperadaban Islam di dunia, dan peran organisasi-organisasi Islam di Indonesia; mempresentasikan peran dan keteladanan tokoh ulama penyebar ajaran Islam di Indonesia, perkembangan peradaban Islam di dunia, dan peran ormas (organisasi masyarakat) Islam di Indonesia; mengakui keteladanan tokoh ulama Islam di Indonesia, meyakini kebenaran perkembangan peradaban Islam pada masa modern, peradaban Islam di dunia, meyakini pemikiran dan pergerakan organisasi-organisasi Islam berdasarkan ajaran agama; membiasakan sikap gemar membaca, menulis, berprestasi, dan kerja keras, tanggung jawab, bernalar kritis, semangat kebangsaan, berkebinekaan global, menebarkan Islam rahmat li al-ālamīn, rukun, damai, dan saling bekerjasama.','2023-12-12 06:30:31','2023-12-12 06:30:31','pengetahuan','XI'),(597,1,4,68,'K-4 FIQIH','Peserta didik mampu menganalisis ketentuan pelaksanaan khutbah, tablig dan dakwah, ketentuan pernikahan dalam Islam, mawaris, dan konsep ijtihad; mempresentasikan tentang ketentuan pelaksanaan khutbah, tabligh dan dakwah, ketentuan pernikahan dalam Islam, mawaris, dan konsep ijtihad; menerapkan ketentuan khutbah, tabligh, dan dakwah, ketentuan pernikahan dalam Islam, mawaris, dan meyakini bahwa ijtihad merupakan salah satu sumber hukum Islam; membiasakan sikap menebarkan Islam rahmat li al-ālamīn, komitmen, bertanggung jawab, menepati janji, adil, amanah, terbuka terhadap ilmu pengetahuan, dan menghargai perbedaan pendapat','2023-12-12 06:31:21','2023-12-12 06:31:21','keterampilan','XI'),(598,1,4,68,'K-4 SPI XI','Peserta didik mampu menganalisis peran dan keteladanan tokoh ulama penyebar ajaran Islam di Indonesia, perkembanganperadaban Islam di dunia, dan peran organisasi-organisasi Islam di Indonesia; mempresentasikan peran dan keteladanan tokoh ulama penyebar ajaran Islam di Indonesia, perkembangan peradaban Islam di dunia, dan peran ormas (organisasi masyarakat) Islam di Indonesia; mengakui keteladanan tokoh ulama Islam di Indonesia, meyakini kebenaran perkembangan peradaban Islam pada masa modern, peradaban Islam di dunia, meyakini pemikiran dan pergerakan organisasi-organisasi Islam berdasarkan ajaran agama; membiasakan sikap gemar membaca, menulis, berprestasi, dan kerja keras, tanggung jawab, bernalar kritis, semangat kebangsaan, berkebinekaan global, menebarkan Islam rahmat li al-ālamīn, rukun, damai, dan saling bekerjasama.','2023-12-12 06:31:31','2023-12-12 06:31:31','keterampilan','XI'),(600,1,4,68,'3.6','Menganalisis dan mengevaluasi ketentuan pernikahan dalam Islam','2023-12-12 06:32:48','2023-12-12 06:32:48','pengetahuan','XII'),(601,1,4,68,'3.7','Menganalisis dan mengevaluasi ketentuan waris dalam Islam','2023-12-12 06:32:57','2023-12-12 06:32:57','pengetahuan','XII'),(605,42,4,76,'11.3.2','Memahami Carita Pondok','2023-12-12 06:45:54','2023-12-12 06:45:54','pengetahuan','XI'),(606,2,4,63,'KD3.2','Mengevaluasi praktik perlindungan dan penegakan hukum untuk menjamin keadilan dan kedamaian','2023-12-12 07:29:14','2023-12-12 07:29:14','pengetahuan','XII'),(607,2,4,63,'KD3.3','Mengidentifikasi pengaruh kemajuan ilmu pengetahuan dan teknologi terhadap negara dalam bingkai Bhinneka Tunggal Ika','2023-12-12 07:29:35','2023-12-12 07:29:35','pengetahuan','XII'),(608,2,4,63,'KD4.2','Mendemonstrasikan hasil evaluasi praktik perlindungan dan penegakan hukum untuk menjamin keadilan dan kedamaian','2023-12-12 07:32:57','2023-12-12 07:32:57','keterampilan','XII'),(609,2,4,63,'KD4.3','Mempresentasikan hasil identifikasi pengaruh kemajuan ilmu pengetahuan dan teknologi terhadap negara dalam bingkai Bhinneka Tunggal Ika','2023-12-12 07:33:16','2023-12-12 07:33:16','keterampilan','XII'),(613,42,4,76,'11.4.2','Memahami Carita Pondok','2023-12-12 08:31:31','2023-12-12 08:31:31','keterampilan','XI'),(614,41,4,79,'3.3','Mengungkapkan informasi terkait kepemilikan benda (watashi no enpitsu desu) serta meresponnya pada teks transaksional lisan dan tulis, dengan memperhatikan unsur kebahasaan dan struktur teks yang sesuai konteks penggunaannya.','2023-12-12 09:03:00','2023-12-12 09:03:00','pengetahuan','X'),(615,41,4,79,'3.4','Membedakan ungkapan memberi dan meminta informasi terkait keberadaan suatu benda mati dan benda hidup (arimasu /imasu) serta meresponnya pada teks tran- saksional lisan dan tulis, dengan memperhatikan unsur kebahasaan dan struktur teks yang sesuai konteks penggunaannya.','2023-12-12 09:03:06','2023-12-12 09:03:06','pengetahuan','X'),(616,41,4,79,'4.3','Mempresentasikan ungkapan terkait kepemilikan benda (watashi no enpitsu desu) serta meresponnya pada teks transaksional lisan dan tulis, dengan memperhatikan unsur kebahasaan dan struktur teks yang sesuai konteks penggunaannya.','2023-12-12 09:08:36','2023-12-12 09:08:36','keterampilan','X'),(617,41,4,79,'4.4','Mendemostrasikan ungkapan terkait keberadaan suatu benda mati dan benda hidup (arimasu/imasu) serta meresponnya pada teks transaksional lisan dan tulis, dengan memperhatikan unsur kebahasaan dan struktur teks yang sesuai konteks penggunaannya.','2023-12-12 09:08:41','2023-12-12 09:08:41','keterampilan','X'),(618,6,4,76,'3.2','Menganalisis berbagai teori tentang proses masuknya agama dan kebudayaan Hindu dan Budha serta pengaruhnya terhadap kehidupan masyarakat di Indonesia','2023-12-12 12:08:06','2023-12-12 12:08:06','pengetahuan','X'),(619,6,4,76,'4.2','Mengolah informasi tentang berbagai teori tentang proses masuknya agama Hindu dan Budha serta pengaruhnya terhadap kehidupan masyarakat di Indonesia','2023-12-12 12:08:42','2023-12-12 12:08:42','keterampilan','X'),(620,2,4,64,'cP.04','Peserta didik mampu mendiskripsikan pengertian konstitusi, UUD NRI Tahun 1945 sebagai konstitusi tertulis, sejarah singkat perubahan UUD NRI Tahun 1945','2023-12-12 12:42:25','2023-12-12 12:42:25','pengetahuan','X'),(621,42,4,84,'11.3.2.','Menganalisis isi, struktur, dan aspek kebahasaan sisindiran','2023-12-12 12:42:36','2023-12-12 12:42:36','pengetahuan','XI'),(622,42,4,84,'11.3.3.','Menganalisis isi, struktur dan aspek kebahasaan teks panumbu catur dalam kegiatan diskusi, debat, dan sejenisnya','2023-12-12 12:42:52','2023-12-12 12:42:52','pengetahuan','XI'),(623,42,4,84,'11.4.2.','Menyusun dan menampilkan sisindiran secara lisan/tulisan sesuai dengan konteks dan fungsi sosialnya','2023-12-12 12:43:36','2023-12-12 12:43:36','keterampilan','XI'),(624,42,4,84,'11.4.3.','Mendemonstrasikan panumbu catur dalam kegiatan diskusi, debat, dan sejenisnya yang sesuai dengan konteks penggunaan bahasa','2023-12-12 12:43:57','2023-12-12 12:43:57','keterampilan','XI'),(625,2,4,64,'CP.05','Peserta didik mampu mendiskripsikan pengalaman melaksanakan UUD NRI Tahun 1945 dalam kehidupan sehari-hari','2023-12-12 13:12:59','2023-12-12 13:12:59','pengetahuan','X'),(626,2,4,64,'P.1.4','Siswa mampu mamengenal macam-macam konstitusi, UUD NRI Tahun 1945 sebagai konstitusi tertulis , dan sejarah singkat prubahan UUD NRI Tahun 1945','2023-12-12 13:13:29','2023-12-12 13:13:29','keterampilan','X'),(627,2,4,64,'P.1.5','siswa mampu menyebutkan pengalaman melaksanakan konstitusi dalam kehidupan sehari-hari','2023-12-12 13:13:52','2023-12-12 13:13:52','keterampilan','X'),(628,2,4,64,'KD3.3','Mengidentifikasi pengaruh kemajuan ilmu pengetahuan dan teknologi terhadap negara dalam bingkai Bhinneka Tunggal Ika','2023-12-12 13:18:20','2023-12-12 13:18:20','pengetahuan','XII'),(629,2,4,64,'KD4.3','Mempresentasikan hasil identifikasi pengaruh kemajuan ilmu pengetahuan dan teknologi terhadap negara dalam bingkai Bhinneka Tunggal Ika','2023-12-12 13:19:58','2023-12-12 13:19:58','keterampilan','XII'),(632,4,4,67,'C.P. 1.1','Di akhir fase E, peserta didik dapat menggeneralisasi sifat-sifat bilangan berpangkat (termasuk bilanganm pangkat pecahan). mereka dapat menerapkan barisan dan deret aritmatika dan geometri, ter,asuk masalah yang terkait bunga tunggal dan bunga majemuk.','2023-12-13 02:44:02','2023-12-13 02:44:02','pengetahuan','X'),(633,35,4,70,'3.2','Memahami prinsip kerja sistempelumasan','2023-12-13 05:17:58','2023-12-13 05:17:58','pengetahuan','XI'),(634,35,4,70,'3.3','emahami prinsip kerja sistem pendinginan','2023-12-13 05:18:06','2023-12-13 05:18:06','pengetahuan','XI'),(635,35,4,70,'4.2','Merawat secara berkala pada sistem pelumasan','2023-12-13 05:19:55','2023-12-13 05:19:55','keterampilan','XI'),(636,35,4,70,'4.3','Merawat secara berkala pada sistem pendinginan','2023-12-13 05:20:07','2023-12-13 05:20:07','keterampilan','XI'),(637,35,4,70,'3.12','menganalisis gangguan pada blok slinder','2023-12-13 05:48:00','2023-12-13 05:48:00','pengetahuan','XII'),(638,35,4,70,'3.13','menganalisis gangguan pada sistem pendingin','2023-12-13 05:48:15','2023-12-13 05:48:15','pengetahuan','XII'),(639,35,4,70,'4.12','memperbaiki blok slinder','2023-12-13 05:48:39','2023-12-13 05:48:39','keterampilan','XII'),(640,35,4,70,'4.13','memperbaiki sistem pelumasan','2023-12-13 05:48:48','2023-12-13 05:48:48','keterampilan','XII'),(641,6,4,77,'3.2','Menganalisis berbagai teori tentang proses masuknya agama dan kebudayaan Hindu dan Budha serta pengaruhnya terhadap kehidupan masyarakat di Indonesia','2023-12-13 06:04:06','2023-12-13 06:04:06','pengetahuan','X'),(642,6,4,77,'4.2','Mengolah informasi tentang berbagai teori tentang proses masuknya agama Hindu dan Budha serta pengaruhnya terhadap kehidupan masyarakat di Indonesia','2023-12-13 06:12:20','2023-12-13 06:12:20','keterampilan','X'),(643,4,4,67,'C.P.2 SM','Di akhir fase f, peserta didik menerapkan teorema tentang lingkaran, dan menentukan panjang busur dan luas juring lingkaran','2023-12-13 06:30:23','2023-12-13 06:30:23','pengetahuan','XI'),(644,4,4,67,'3.27','Mengevaluasi kajian statistika dalam masalah kontekstual','2023-12-13 07:48:59','2023-12-13 07:48:59','pengetahuan','XII'),(647,4,4,67,'C.K.2.1 SM','Di akhir fase f, peserta didik menerapkan teorema tentang lingkaran, dan menentukan panjang busur dan luas juring lingkaran','2023-12-13 08:47:57','2023-12-13 08:47:57','keterampilan','X'),(648,9,4,84,'CP.TP.E.B1','Makhuk hidup dan lingkungannya','2023-12-13 11:32:48','2023-12-13 11:32:48','pengetahuan','X'),(649,9,4,84,'CP.TP.E.B2','Zat dan perubahannya','2023-12-13 11:33:04','2023-12-13 11:33:04','pengetahuan','X'),(650,9,4,84,'CP.TP.E.B3','Energi dan perubahannya','2023-12-13 11:33:12','2023-12-13 11:33:12','pengetahuan','X'),(651,9,4,84,'CP.TP.E.B4','Bumi dan antariksa','2023-12-13 11:33:19','2023-12-13 11:33:19','pengetahuan','X'),(652,9,4,84,'CP.TP.E1.B1','Peserta didik diharapkan mampu mengidentifikasi, menyimpulkan, dan mengatasi masalah terkait makhluk hidup dan lingkungannya','2023-12-13 11:34:00','2023-12-13 11:34:00','keterampilan','X'),(653,9,4,84,'CP.TP.E1.B2','Peserta didik diharapkan mampu mengklasifikasi, mengidentifikasi, dan mempresentasikan zat dan perubahannya','2023-12-13 11:34:11','2023-12-13 11:34:11','keterampilan','X'),(654,9,4,84,'CP.TP.E1.B3','Peserta didik diharapkan mampu menelaah, mengkaitkan, menjelaskan, dan membandingkan terkait energi dan perubahannya','2023-12-13 11:34:20','2023-12-13 11:34:20','keterampilan','X'),(655,9,4,84,'CP.TP.E1.B4','Peserta didik diharapkan mampu menjelaskan, mengklasifikasi, membandingkan, dan mengidentifikasi terkait bumi dan antariksa','2023-12-13 11:34:27','2023-12-13 11:34:27','keterampilan','X'),(656,2,4,85,'CP2.P1','Peserta  didik  mampu  menganalisis  produk perundang-undangan dan mengevaluasi ketidaksesuaian antarproduk perundang-undangan','2023-12-13 15:38:06','2023-12-13 15:38:06','pengetahuan','XI'),(658,2,4,85,'CP2.K1','peserta didik mampu mempraktikkan sikap dan perilaku dalam menjaga keutuhan Negara Kesatuan Republik Indonesia.','2023-12-13 16:15:28','2023-12-13 16:15:28','keterampilan','XI'),(659,2,4,85,'CP.2.P1','Peserta didik mampu mendiskripsikan pengertian konstitusi, UUD NRI Tahun 1945 sebagai konstitusi tertulis, sejarah singkat perubahan UUD NRI Tahun 1945','2023-12-13 16:58:28','2023-12-13 16:58:28','pengetahuan','X'),(660,2,4,85,'CP.2.K1','Peserta didik mampu mendiskripsikan pengalaman melaksanakan UUD NRI Tahun 1945 dalam kehidupan sehari-hari','2023-12-13 17:04:15','2023-12-13 17:04:15','keterampilan','X'),(661,4,4,67,'C.K.2.1 SM','Di akhir fase f, peserta didik menerapkan teorema tentang lingkaran, dan menentukan panjang busur dan luas juring lingkaran','2023-12-13 17:51:00','2023-12-13 17:51:00','keterampilan','XI'),(662,1,4,68,'4.6','Menyajikan prinsip-prinsip pernikahan dalam Islam','2023-12-14 00:32:35','2023-12-14 00:32:35','keterampilan','XII'),(663,1,4,68,'4.7','Mempraktikkan pelaksanaan pembagian waris dalam Islam','2023-12-14 00:32:53','2023-12-14 00:32:53','keterampilan','XII'),(664,4,4,67,'4.27','Menyelesaikan masalah kontekstual yang berkaitan dengan kajian statistika','2023-12-14 05:19:22','2023-12-14 05:19:22','keterampilan','XII'),(665,39,4,70,'3.2','Menerapkan cara perawatan sistem pelumasan','2023-12-14 05:45:11','2023-12-14 05:45:11','pengetahuan','XI'),(666,39,4,70,'3.3','Menerapkan cara perawatan sistem pendinginan','2023-12-14 05:46:33','2023-12-14 05:46:33','pengetahuan','XI'),(667,39,4,70,'4.2','Merawat berkala sistem pelumasan','2023-12-14 05:46:50','2023-12-14 05:46:50','keterampilan','XI'),(668,39,4,70,'4.3','Merawat berkala sistem pendinginan','2023-12-14 05:46:56','2023-12-14 05:46:56','keterampilan','XI'),(669,39,4,70,'3.12','Menentukan cara pemeriksaan kerusakan mekanisme blok silinder dan kelengkapannya','2023-12-14 06:01:25','2023-12-14 06:01:25','pengetahuan','XII'),(670,39,4,70,'3.13','Menentukan cara pemeriksaan kerusakan sistem pelumasan','2023-12-14 06:01:34','2023-12-14 06:01:34','pengetahuan','XII'),(671,39,4,70,'4.12','Memperbaiki kerusakan mekanisme blok silinder dan kelengkapannya','2023-12-14 06:06:45','2023-12-14 06:06:45','keterampilan','XII'),(672,39,4,70,'4.13','Memperbaiki kerusakan sistem pelumasan','2023-12-14 06:06:55','2023-12-14 06:06:55','keterampilan','XII'),(673,3,4,74,'CP3.X','Peserta didik mampu mengevaluasi informasi berupa gagasan,pikiran, pandangan, arahan atau pesan dari berbagai jenis teks, misalnya deskripsi, laporan, narasi, rekon, eksplanasi, eksposisi dan diskusi, dari teks visual dan audiovisual untuk menemukan makna yang tersurat dan tersirat.  Peserta didik menginterpretasi informasi untuk mengungkapkan gagasan dan perasaan simpati, peduli, empati dan/atau pendapat pro/kontra dari teks visual dan audiovisual secara kreatif.  Peserta didik menggunakan sumber lain untuk menilai akurasi dan kualitas data serta membandingkan isi teks.','2023-12-14 06:35:18','2023-12-14 06:35:18','pengetahuan','X'),(674,3,4,74,'CP3.XI','Peserta didik mampu menulis gagasan,pikiran, pandangan, pengetahuan metakognisi untuk berbagai tujuan secara logis, kritis, dan kreatif.  Peserta didik mampu menulis karya sastra dalam berbagai genre. Peserta didik mampu menulis teks refleksi diri.  Peserta didik mampu menulis hasil penelitian, teks fungsional dunia kerja, dan pengembangan studi lanjut.  Peserta didik mampu memodifikasi/mendekonstruksikan karya sastra untuk tujuan ekonomi kreatif. Peserta didik mampu menerbitkan hasil tulisan di media cetak maupun digital.','2023-12-14 06:36:26','2023-12-14 06:36:26','pengetahuan','XI'),(675,3,4,74,'CK3.X','Peserta didik mampu mengevaluasi informasi berupa gagasan,pikiran, pandangan, arahan atau pesan dari berbagai jenis teks, misalnya deskripsi, laporan, narasi, rekon, eksplanasi, eksposisi dan diskusi, dari teks visual dan audiovisual untuk menemukan makna yang tersurat dan tersirat.  Peserta didik menginterpretasi informasi untuk mengungkapkan gagasan dan perasaan simpati, peduli, empati dan/atau pendapat pro/kontra dari teks visual dan audiovisual secara kreatif.  Peserta didik menggunakan sumber lain untuk menilai akurasi dan kualitas data serta membandingkan isi teks.','2023-12-14 06:37:08','2023-12-14 06:37:08','keterampilan','X'),(676,3,4,74,'CK3.XI','Peserta didik mampu menulis gagasan,pikiran, pandangan, pengetahuan metakognisi untuk berbagai tujuan secara logis, kritis, dan kreatif.  Peserta didik mampu menulis karya sastra dalam berbagai genre. Peserta didik mampu menulis teks refleksi diri.  Peserta didik mampu menulis hasil penelitian, teks fungsional dunia kerja, dan pengembangan studi lanjut.  Peserta didik mampu memodifikasi/mendekonstruksikan karya sastra untuk tujuan ekonomi kreatif. Peserta didik mampu menerbitkan hasil tulisan di media cetak maupun digital.','2023-12-14 06:37:37','2023-12-14 06:37:37','keterampilan','XI'),(677,37,4,70,'3.11','menganalisis gangguan pada rem hidrolik','2023-12-14 09:49:54','2023-12-14 09:49:54','pengetahuan','XII'),(678,37,4,70,'3.12','menganalisi gangguan sistem rem ABS','2023-12-14 09:50:04','2023-12-14 09:50:04','pengetahuan','XII'),(679,37,4,70,'4.11','memperbaiki sistem rem hidrolik','2023-12-14 09:50:27','2023-12-14 09:50:27','keterampilan','XII'),(680,37,4,70,'4.12','memperbaiki sistem rem ABS','2023-12-14 09:50:33','2023-12-14 09:50:33','keterampilan','XII'),(681,37,4,90,'3.11','menganalisis gangguan pada rem hidrolik','2023-12-15 00:31:18','2023-12-15 00:31:18','pengetahuan','XI'),(683,37,4,90,'3.12','menganalisi gangguan sistem rem ABS','2023-12-15 00:33:57','2023-12-15 00:33:57','pengetahuan','XI'),(686,37,4,90,'4.1.0','merawat sistem blok slinder beserta kelengkapanya','2023-12-15 00:53:26','2023-12-15 00:53:26','keterampilan','XI'),(687,37,4,90,'4.11','memperbaiki sistem rem hidrolik','2023-12-15 00:57:53','2023-12-15 00:57:53','keterampilan','XI'),(688,37,4,90,'4.12','memperbaiki sistem rem ABS','2023-12-15 00:58:00','2023-12-15 00:58:00','keterampilan','XI'),(689,38,4,90,'3.2','Menerapkan cara perawatan transmisi manual','2023-12-15 03:33:27','2023-12-15 03:33:27','pengetahuan','XI'),(690,38,4,90,'3.3','Menerapkan cara perawatan transmisi otomatis','2023-12-15 03:33:33','2023-12-15 03:33:33','pengetahuan','XI'),(691,38,4,90,'4.2','Merawat berkala transmisi manual','2023-12-15 03:33:47','2023-12-15 03:33:47','keterampilan','XI'),(692,38,4,90,'4.3','Merawat berkala transmisi otomatis','2023-12-15 03:33:54','2023-12-15 03:33:54','keterampilan','XI'),(697,38,4,90,'3.12','Mendiagnosis kerusakan Transmisi Manual','2023-12-15 03:50:14','2023-12-15 03:50:14','pengetahuan','XII'),(698,38,4,90,'3.13','Mendiagnosis kerusakan Transmisi Otomatis','2023-12-15 03:50:22','2023-12-15 03:50:22','pengetahuan','XII'),(699,38,4,90,'4.12','Memperbaiki transmisi Manual','2023-12-15 03:50:57','2023-12-15 03:50:57','keterampilan','XII'),(700,38,4,90,'4.13','Memperbaiki transmisi Otomatis','2023-12-15 03:51:04','2023-12-15 03:51:04','keterampilan','XII'),(701,3,4,73,'CP3.XI','Peserta didik mampu menulis gagasan,pikiran, pandangan, pengetahuan metakognisi untuk berbagai tujuan secara logis, kritis, dan kreatif.  Peserta didik mampu menulis karya sastra dalam berbagai genre. Peserta didik mampu menulis teks refleksi diri.  Peserta didik mampu menulis hasil penelitian, teks fungsional dunia kerja, dan pengembangan studi lanjut.  Peserta didik mampu memodifikasi/mendekonstruksikan karya sastra untuk tujuan ekonomi kreatif. Peserta didik mampu menerbitkan hasil tulisan di media cetak maupun digital.','2023-12-15 04:11:54','2023-12-15 04:11:54','pengetahuan','XI'),(702,3,4,73,'CK3.XI','Peserta didik mampu menulis gagasan,pikiran, pandangan, pengetahuan metakognisi untuk berbagai tujuan secara logis, kritis, dan kreatif.  Peserta didik mampu menulis karya sastra dalam berbagai genre. Peserta didik mampu menulis teks refleksi diri.  Peserta didik mampu menulis hasil penelitian, teks fungsional dunia kerja, dan pengembangan studi lanjut.  Peserta didik mampu memodifikasi/mendekonstruksikan karya sastra untuk tujuan ekonomi kreatif. Peserta didik mampu menerbitkan hasil tulisan di media cetak maupun digital.','2023-12-15 04:19:28','2023-12-15 04:19:28','keterampilan','XI'),(703,44,4,5,'(XI) CP1. Elemen3-','Desain Kemasan Produk','2023-12-15 11:52:51','2023-12-15 11:52:51','pengetahuan','XI'),(704,44,4,5,'(XI) CP1. Elemen3 K-','Membuat Desain Kemasan Produk','2023-12-15 11:56:32','2023-12-15 11:56:32','keterampilan','XI'),(705,4,4,69,'3. 30','Menentukan nilai limit fungsi aljabar','2023-12-15 14:01:09','2023-12-15 14:01:09','pengetahuan','XII'),(707,3,4,73,'CP3.X','Peserta didik mampu mengevaluasi informasi berupa gagasan,pikiran, pandangan, arahan atau pesan dari berbagai jenis teks, misalnya deskripsi, laporan, narasi, rekon, eksplanasi, eksposisi dan diskusi, dari teks visual dan audiovisual untuk menemukan makna yang tersurat dan tersirat.  Peserta didik menginterpretasi informasi untuk mengungkapkan gagasan dan perasaan simpati, peduli, empati dan/atau pendapat pro/kontra dari teks visual dan audiovisual secara kreatif.  Peserta didik menggunakan sumber lain untuk menilai akurasi dan kualitas data serta membandingkan isi teks.','2023-12-15 15:35:48','2023-12-15 15:35:48','pengetahuan','X'),(708,3,4,73,'CK3.X','Peserta didik mampu mengevaluasi informasi berupa gagasan,pikiran, pandangan, arahan atau pesan dari berbagai jenis teks, misalnya deskripsi, laporan, narasi, rekon, eksplanasi, eksposisi dan diskusi, dari teks visual dan audiovisual untuk menemukan makna yang tersurat dan tersirat.  Peserta didik menginterpretasi informasi untuk mengungkapkan gagasan dan perasaan simpati, peduli, empati dan/atau pendapat pro/kontra dari teks visual dan audiovisual secara kreatif.  Peserta didik menggunakan sumber lain untuk menilai akurasi dan kualitas data serta membandingkan isi teks.','2023-12-15 15:42:15','2023-12-15 15:42:15','keterampilan','X'),(713,42,4,76,'10.3.2','Menganalisis aspek kebahasaan dan rasa bahasa teks terjemahan','2023-12-16 03:20:52','2023-12-16 03:20:52','pengetahuan','X'),(716,42,4,76,'10.4.1','Menanggapi dan mengekspresikan dongeng sesuai dengan kaidah kaidah bahasa sunda','2023-12-16 03:35:39','2023-12-16 03:35:39','keterampilan','X'),(718,42,4,76,'10.4.2','Menerjemahkan teks ke dalam bahasa  sunda atau sebaliknya','2023-12-16 03:35:50','2023-12-16 03:35:50','keterampilan','X'),(719,11,4,56,'Dspg E.5','Memahami siklus akuntansi','2023-12-16 04:33:13','2023-12-16 04:33:13','pengetahuan','X'),(720,11,4,56,'Dspg E.K 5','Mengelompokkan tahapan siklus akuntansi','2023-12-16 05:11:41','2023-12-16 05:11:41','keterampilan','X'),(721,22,4,56,'3.14','Menerapkan posting jurnal-jurnal ke dalam buku besar untuk perusahaan dagang','2023-12-16 05:56:20','2023-12-16 05:56:20','pengetahuan','XI'),(722,22,4,56,'3.15','Menganalisis penyusunan neraca saldo dalam perusahaan dagang','2023-12-16 05:56:29','2023-12-16 05:56:29','pengetahuan','XI'),(723,22,4,56,'4.14','Melakukan posting jurnal-jurnal ke dalam buku besar untuk perusahaan dagang','2023-12-16 06:18:19','2023-12-16 06:18:19','keterampilan','XI'),(724,22,4,56,'4.15','Menyusun neraca saldo dalam perusahaan dagang','2023-12-16 06:18:29','2023-12-16 06:18:29','keterampilan','XI'),(725,3,4,61,'CP3.X','Peserta didik mampu mengevaluasi informasi berupa gagasan,pikiran, pandangan, arahan atau pesan dari berbagai jenis teks, misalnya deskripsi, laporan, narasi, rekon, eksplanasi, eksposisi dan diskusi, dari teks visual dan audiovisual untuk menemukan makna yang tersurat dan tersirat.  Peserta didik menginterpretasi informasi untuk mengungkapkan gagasan dan perasaan simpati, peduli, empati dan/atau pendapat pro/kontra dari teks visual dan audiovisual secara kreatif.  Peserta didik menggunakan sumber lain untuk menilai akurasi dan kualitas data serta membandingkan isi teks.','2023-12-16 09:55:46','2023-12-16 09:55:46','pengetahuan','X'),(726,3,4,61,'CK3.X','Peserta didik mampu mengevaluasi informasi berupa gagasan,pikiran, pandangan, arahan atau pesan dari berbagai jenis teks, misalnya deskripsi, laporan, narasi, rekon, eksplanasi, eksposisi dan diskusi, dari teks visual dan audiovisual untuk menemukan makna yang tersurat dan tersirat.  Peserta didik menginterpretasi informasi untuk mengungkapkan gagasan dan perasaan simpati, peduli, empati dan/atau pendapat pro/kontra dari teks visual dan audiovisual secara kreatif.  Peserta didik menggunakan sumber lain untuk menilai akurasi dan kualitas data serta membandingkan isi teks.','2023-12-16 10:04:04','2023-12-16 10:04:04','keterampilan','X'),(727,26,4,87,'F.2','Menjelaskan pengertian dan fungsi surat pemberitahuan (SPT) serta tatacara penyelesaiannya','2023-12-16 12:25:42','2023-12-16 12:25:42','pengetahuan','XI'),(728,26,4,87,'F.3.3','Mengidentifikasi surat pemberitahuan pajak (SPT) serta tatacara penyelesaiannya','2023-12-16 12:42:20','2023-12-16 12:42:20','keterampilan','XI'),(729,44,4,87,'XI 1','Menganalisis peluang usaha produk barang atau jasa','2023-12-16 13:04:45','2023-12-16 13:04:45','pengetahuan','XI'),(730,44,4,87,'XI 2','Merencanakan dokumen administrasi usaha','2023-12-16 13:16:03','2023-12-16 13:16:03','pengetahuan','XI'),(731,3,4,61,'KD.3.5','Mengidentifikasi informasi (pendapat, alternatif solusi dan simpulan terhadap suatu isu) dalam teks editorial.','2023-12-16 16:18:44','2023-12-16 16:18:44','pengetahuan','XII'),(732,3,4,61,'KD.4.5','Menyeleksi ragam informasi sebagai bahan teks editorial baik secara lisan maupun tulisan.','2023-12-16 16:20:41','2023-12-16 16:20:41','keterampilan','XII'),(733,4,4,75,'C.P.2','Di akhir fase E, peserta didik dapat menyelesaikan masalah yang berkaitan dengan sistem persamaan linear tiga variabel dan sistem pertidaksamaan linear dua variabel. Mereka dapat menyelesaikan masalah yang berkaitan dengan persamaan dan fungsi kuadrat (termasuk akar imajiner), dan persamaan eksponensial (berbasis sama) dan fungsi eksponensial.','2023-12-17 04:01:15','2023-12-17 04:01:15','pengetahuan','X'),(734,4,4,69,'CP. 1. HN','Di akhir fase f, peserta didik dapat menentukan persamaan lingkaran','2023-12-17 04:03:09','2023-12-17 04:03:09','pengetahuan','XI'),(736,4,4,75,'C.K.2','Di akhir fase E, peserta didik dapat menyelesaikan masalah yang berkaitan dengan sistem persamaan linear tiga variabel dan sistem pertidaksamaan linear dua variabel. Mereka dapat menyelesaikan masalah yang berkaitan dengan persamaan dan fungsi kuadrat (termasuk akar imajiner), dan persamaan eksponensial (berbasis sama) dan fungsi eksponensial.','2023-12-17 04:10:35','2023-12-17 04:10:35','keterampilan','X'),(737,4,4,75,'C.P.2 SM','Di akhir fase f, peserta didik menerapkan teorema tentang lingkaran, dan menentukan panjang busur dan luas juring lingkaran','2023-12-17 07:01:31','2023-12-17 07:01:31','pengetahuan','XI'),(738,4,4,75,'C.K.2 SM','Di akhir fase f, peserta didik menerapkan teorema tentang lingkaran, dan menentukan panjang busur dan luas juring lingkaran','2023-12-17 07:07:57','2023-12-17 07:07:57','keterampilan','XI'),(741,42,4,87,'XII 3.2','Menganalisis isi, struktur dan aspek kebahasaan petikan cerita wayang','2023-12-17 12:24:03','2023-12-17 12:24:03','pengetahuan','XII'),(742,42,4,87,'XII 4.2','Mengkreasikan petikan cerita wayang secara lisan atau tulisan ke dalam bentuk lain (seperti drama, Carita pondok, puisi) dengan memperhatikan struktur dan kaidah kebahasaan','2023-12-17 12:30:24','2023-12-17 12:30:24','keterampilan','XII'),(743,44,4,5,'(XII) 3.3','Menerapkan Proses Produksi Massal','2023-12-17 13:23:17','2023-12-17 13:23:17','pengetahuan','XII'),(744,44,4,5,'(XII) 4.3','Melakukan Produksi Massal','2023-12-17 13:25:12','2023-12-17 13:25:12','keterampilan','XII'),(745,44,4,87,'(XII) 3.2','Menentukan Indikator Keberhasilan Tahapan Produksi Massal','2023-12-17 14:12:05','2023-12-17 14:12:05','pengetahuan','XII'),(746,44,4,87,'(XII) 4.2','Membuat Indikator Keberhasilan Tahapan Produksi Massal','2023-12-17 14:19:36','2023-12-17 14:19:36','keterampilan','XII'),(747,8,4,82,'(X) CP 1, Elemen 1, 1.9','Aktivitas Permainan dan  Olahraga Air (Pilihan) renang gaya bebas','2023-12-17 15:12:08','2023-12-17 15:12:08','pengetahuan','X'),(748,8,4,82,'(X) CP 1, Elemen 2, 2.4.1','Pencak silat: kuda-kuda, pola langkah, pukulan, tendangan, tangkisan, elakan, dan hindaran','2023-12-17 15:43:19','2023-12-17 15:43:19','pengetahuan','X'),(749,8,4,82,'(X) CP 1, Elemen 2, 2.5.2','Lari jarak pendek: start, gerakan lari jarak pendek, dan memasuki garis finis','2023-12-17 15:44:46','2023-12-17 15:44:46','pengetahuan','X'),(750,8,4,82,'(X) CP 1, Elemen 2, 2.7','Aktivitas Gerak Berirama','2023-12-17 15:46:49','2023-12-17 15:46:49','pengetahuan','X'),(751,8,4,82,'(X) CP 1, Elemen 1, 1.4.1','Pencak silat: kuda-kuda, pola langkah, pukulan, tendangan, tangkisan, elakan, dan hindaran','2023-12-17 15:48:50','2023-12-17 15:48:50','keterampilan','X'),(753,8,4,82,'(XI) 3.5','Menganalisis konsep latihan dan pengukuran komponen kebugaran jasmani terkait keterampilan (kecepatan, kelincahan, keseimbangan, dan koordinasi) menggunakan instrumen terstandar','2023-12-18 01:10:57','2023-12-18 01:10:57','pengetahuan','XI'),(755,8,4,82,'(XI) 3.8','Menganalisis keterampilan dua gaya renang','2023-12-18 01:11:55','2023-12-18 01:11:55','pengetahuan','XI'),(756,8,4,82,'(XI) 4.4','Mempraktikkan hasil analisis strategi dalam pertarungan bayangan (shadow fighting) olahraga beladiri untuk menghasilkan gerak yang efektif','2023-12-18 01:16:47','2023-12-18 01:16:47','keterampilan','XI'),(757,18,4,5,'CP6. Elemen 1 -','Komputer Grafis berbasis vektor dan bitmap','2023-12-18 04:41:31','2023-12-18 04:41:31','pengetahuan','X'),(758,18,4,5,'CP6. Elemen 1K -','Mengoperasikan Aplikasi Perangkat Lunak berbasis vektor dan bitmap','2023-12-18 04:42:36','2023-12-18 04:42:36','keterampilan','X'),(760,8,4,8,'(XI) 3.8','Menganalisis keterampilan dua gaya renang','2023-12-18 05:28:48','2023-12-18 05:28:48','pengetahuan','XI'),(761,8,4,8,'(XI) 3.3','Menganalisis keterampilan  lari jarak pendek untuk menghasilkan gerak yang efektif serta menyusun rencana perbaikan*','2023-12-18 05:29:36','2023-12-18 05:29:36','pengetahuan','XI'),(762,8,4,8,'(X) CP 1, Elemen 2, 2.4.1','Pencak silat: kuda-kuda, pola langkah, pukulan, tendangan, tangkisan, elakan, dan hindaran','2023-12-18 05:30:50','2023-12-18 05:30:50','pengetahuan','XI'),(763,8,4,8,'(X) CP 1, Elemen 1, 1.4.1','Pencak silat: kuda-kuda, pola langkah, pukulan, tendangan, tangkisan, elakan, dan hindaran','2023-12-18 05:32:48','2023-12-18 05:32:48','keterampilan','XI'),(764,8,4,8,'(XI) 3.4','Mempraktikkan hasil analisis keterampilan jalan, lari, lompat, dan lempar untuk menghasilkan gerak yang efektif serta menyusun rencana perbaikan','2023-12-18 05:33:27','2023-12-18 05:33:27','keterampilan','XI'),(765,8,4,8,'(X) CP 1, Elemen 1, 1.9','Aktivitas Permainan dan  Olahraga Air (Pilihan) renang gaya bebas','2023-12-18 05:34:45','2023-12-18 05:34:45','pengetahuan','X'),(766,8,4,8,'(X) CP 1, Elemen 2, 2.4.1','Pencak silat: kuda-kuda, pola langkah, pukulan, tendangan, tangkisan, elakan, dan hindaran','2023-12-18 05:35:13','2023-12-18 05:35:13','pengetahuan','X'),(767,8,4,8,'(XI) 4.8.1','Mempraktikkan hasil analisis keterampilan dua renang gaya bebas.','2023-12-18 05:36:46','2023-12-18 05:36:46','keterampilan','X'),(768,8,4,8,'(X) CP 1, Elemen 1, 1.4.1','Pencak silat: kuda-kuda, pola langkah, pukulan, tendangan, tangkisan, elakan, dan hindaran','2023-12-18 05:37:03','2023-12-18 05:37:03','keterampilan','X'),(769,42,4,80,'12.3.3.','Menganalisis, mengidentifikasi, dan memahami  struktur kebahasaan teks resensi (buku, film, musik, pertunjukan)','2023-12-18 06:21:34','2023-12-18 06:21:34','pengetahuan','XII'),(770,42,4,80,'12.4.3','Menulis resensi dengan memperhatikan struktur dan kadah kebahasaan','2023-12-18 06:23:01','2023-12-18 06:23:01','keterampilan','XII'),(771,4,4,69,'K. 2','Di akhir fase f, peserta didik dapat menyajikan penyelesain masalah yang berkaitan dengan persamaan lingkaran','2023-12-18 06:48:40','2023-12-18 06:48:40','keterampilan','XI'),(773,9,4,83,'CP.TP.E.B2','Zat dan perubahannya','2023-12-18 08:57:25','2023-12-18 08:57:25','pengetahuan','X'),(774,22,4,88,'3.22','Menerapkan pencatatan transaksi pengeluaran kas untuk pembelian bahan, membayar biaya tenaga kerja langsung, biaya overhead pabrik, biaya administrasi umum dan pemasaran, melunasi utang dagang, dan utang lainnya ke dalam jurnal khusus 4','2023-12-18 09:05:51','2023-12-18 09:05:51','pengetahuan','XII'),(775,22,4,88,'3.24','Menerapkan pencatatan transaksi penjualan secara kredit ke dalam jurnal khusus','2023-12-18 09:06:11','2023-12-18 09:06:11','pengetahuan','XII'),(776,22,4,88,'3.25','Menerapkan posting jurnal-jurnal ke dalam buku besar','2023-12-18 09:06:29','2023-12-18 09:06:29','pengetahuan','XII'),(778,22,4,88,'4.22','Melakukan pencatatan transaksi pengeluaran kas untuk pembelian bahan, membayar biaya tenaga kerja langsung, biaya overhead pabrik, biaya administrasi umum dan pemasaran, melunasi utang dagang, dan utang lainnya ke dalam jurnal khusus','2023-12-18 09:08:16','2023-12-18 09:08:16','keterampilan','XII'),(779,22,4,88,'4.25','Melakukan posting jurnal-jurnal ke dalam buku besar','2023-12-18 09:08:32','2023-12-18 09:08:32','keterampilan','XII'),(780,22,4,88,'4.26','Menyusun Neraca saldo untuk perusahaan manufaktur','2023-12-18 09:29:55','2023-12-18 09:29:55','keterampilan','XII'),(781,4,4,69,'4.27','Menyelesaikan masalah kontekstual yang berkaitan dengan kajian statistika','2023-12-18 10:06:07','2023-12-18 10:06:07','keterampilan','XII'),(783,9,4,83,'CP.TP.E1.B2','Peserta didik diharapkan mampu mengklasifikasi, mengidentifikasi, dan mempresentasikan zat dan perubahannya','2023-12-18 10:13:28','2023-12-18 10:13:28','keterampilan','X'),(784,4,4,69,'4.30','Menyelesaikan masalah yang berkaitan dengan limit fungsi aljabar','2023-12-18 10:16:06','2023-12-18 10:16:06','keterampilan','XII'),(785,23,4,88,'3.10','Menganalisis transaksi akuntansi assets satker dan akuntansi asset desa/kelurahan','2023-12-18 11:02:30','2023-12-18 11:02:30','pengetahuan','XII'),(786,23,4,88,'3.11','Menganalisis transaksi akuntansi kewajiban satker, dan akuntansi kewajiban desa/kelurahan','2023-12-18 11:02:43','2023-12-18 11:02:43','pengetahuan','XII'),(787,23,4,88,'4.10','Melakukan pencatatan akuntansi assets satker dan akuntansi asset desa/kelurahan','2023-12-18 11:03:02','2023-12-18 11:03:02','keterampilan','XII'),(788,23,4,88,'4.11','Melakukan pencatatan akuntansi kewajiban satker, dan akuntansi kewajiban desa/kelurahan','2023-12-18 11:03:10','2023-12-18 11:03:10','keterampilan','XII'),(789,9,4,83,'CP.TP.E.B3','Energi dan perubahannya','2023-12-18 15:01:57','2023-12-18 15:01:57','pengetahuan','X'),(790,9,4,83,'CP.TP.E1.B3','Peserta didik diharapkan mampu menelaah, mengkaitkan, menjelaskan, dan membandingkan terkait energi dan perubahannya','2023-12-18 15:07:28','2023-12-18 15:07:28','keterampilan','X'),(791,1,4,72,'P.Fikih','Menganalisis implementasi fikih mu‘āmalah dan al-kulliyyāt al-khamsah (lima prinsip dasar hukum Islam; menyajikan paparan tentang fikih mu‘āmalah dan al-kulliyyāt al-khamsah meyakini bahwa ketentuan fikih mu‘āmalah dan al-kulliyyāt al-khamsah adalah ajaran agama; serta menumbuhkan jiwa kewirausahaan, kepedulian, dan kepekaan sosial.','2023-12-18 16:20:38','2023-12-18 16:20:38','pengetahuan','X'),(792,9,4,83,'CP.TP.E.B4','Bumi dan antariksa','2023-12-18 16:37:11','2023-12-18 16:37:11','pengetahuan','X'),(793,24,4,6,'3.3 XII','Menerapkan aset tetap','2023-12-18 16:46:20','2023-12-18 16:46:20','pengetahuan','XII'),(794,24,4,6,'3.4 XII','Menerapkan metode penyusutan aset tetap dan pencatatannya','2023-12-18 16:46:31','2023-12-18 16:46:31','pengetahuan','XII'),(795,24,4,6,'4.3 XII','Melakukan pencatatan aset tetap','2023-12-18 16:46:54','2023-12-18 16:46:54','keterampilan','XII'),(796,24,4,6,'4.4 XII','Melakukan pencatatan penyusutan aset tetap','2023-12-18 16:47:03','2023-12-18 16:47:03','keterampilan','XII'),(797,9,4,83,'CP.TP.E1.B4','Peserta didik diharapkan mampu menjelaskan, mengklasifikasi, membandingkan, dan mengidentifikasi terkait bumi dan antariksa','2023-12-18 16:47:53','2023-12-18 16:47:53','keterampilan','X'),(798,23,4,6,'3.3 XI','Menganalisis transaksi pendapatan daerah, belanja daerah, pembiayaan daerah, aset daerah, kewajiban daerah, dan ekuitas dana daerah','2023-12-18 16:58:27','2023-12-18 16:58:27','pengetahuan','XI'),(799,23,4,6,'4.3 XI','Melakukan pencatatan transaksi pendapatan daerah, belanja daerah, pembiayaan daerah, aset daerah, kewajiban daerah, dan ekuitas dana daerah','2023-12-18 16:58:41','2023-12-18 16:58:41','keterampilan','XI'),(800,1,4,72,'K.Fikih','Peserta didik mampu menganalisis implementasi fikih mu‘āmalah dan al-kulliyyāt al-khamsah (lima prinsip dasar hukum Islam; menyajikan paparan tentang fikih mu‘āmalah dan al-kulliyyāt al-khamsah meyakini bahwa ketentuan fikih mu‘āmalah dan al-kulliyyāt al-khamsah adalah ajaran agama; serta menumbuhkan jiwa kewirausahaan, kepedulian, dan kepekaan sosial.','2023-12-18 22:30:39','2023-12-18 22:30:39','keterampilan','X'),(801,22,4,88,'3.26','Mengevaluasi pembuatan neraca saldo untuk perusahaan manufaktur','2023-12-19 01:03:21','2023-12-19 01:03:21','pengetahuan','XII'),(802,22,4,88,'4.23','Melakukan pencatatan transaksi pembelian bahan secara kredit ke dalam jurnal khusus','2023-12-19 01:29:47','2023-12-19 01:29:47','keterampilan','XII'),(805,42,4,81,'10.P1','Peserta didik dapat membandingkan jenis dongeng berdasarkan isi, struktur, dan aspek kebahasaan.','2023-12-19 06:14:05','2023-12-19 06:14:05','pengetahuan','X'),(806,42,4,81,'10.P2','Peserta didik dapat menganalisis isi, struktur, dan aspek kebahasaan teks babad/ sejarah sunda','2023-12-19 06:14:14','2023-12-19 06:14:14','pengetahuan','X'),(807,42,4,81,'10.P3','Peserta didik dapat menganalisis bentuk dan tipe aksara sunda sesuai dengan kaidah-kaidahnya.','2023-12-19 06:14:42','2023-12-19 06:14:42','pengetahuan','X'),(808,42,4,81,'10.K1','Peserta didik dapat menampilkan berbagai jenis dongeng dengan cara ngadongeng , monolog, atau dramatisasi','2023-12-19 06:26:30','2023-12-19 06:26:30','keterampilan','X'),(809,42,4,81,'10.K2','Peserta didik menyajikan isi teks babad atau sejarah sunda dengan memperhatikan struktur dan unsur kebahasaan','2023-12-19 06:26:44','2023-12-19 06:26:44','keterampilan','X'),(810,42,4,81,'10.K3','Peserta didik dapat mengkreasikan aksara sunda sesuai dengan kaidah-kaidahnya','2023-12-19 06:26:52','2023-12-19 06:26:52','keterampilan','X'),(812,27,4,89,'KD 4.1','Siswa dapat memahami serta mempelajari display serta penataan dalam ruangan','2023-12-19 07:12:37','2023-12-19 07:12:37','pengetahuan','XI'),(815,42,4,81,'11.P1','Peserta didik dapat mengolah , menganalisis, menginterpretasikan , mengevaluasi, serta menyajikan informasi isi dan amanat dari teks carita pondok melalui  melalui media lisan, media tulis, media visual serta media audio visual secara ekspresif dan kreatif.','2023-12-19 07:19:05','2023-12-19 07:19:05','pengetahuan','XI'),(816,42,4,81,'11.P2','Peserta didik dapat mengolah , menganalisis, menginterpretasikan , mengevaluasi, serta menyajikan informasi dengan gagasan teks biografi sesuai dengan kaidah dan konteks melalui media lisan, media tulis, media visual serta media audio visual secara logis , kreatif dan benar','2023-12-19 07:19:18','2023-12-19 07:19:18','pengetahuan','XI'),(817,42,4,81,'11.K1','Peserta didik dapat mengolah , menganalisis, menginterpretasikan , mengevaluasi, serta menyajikan informasi isi dan amanat dari teks carita pondok melalui  melalui media lisan, media tulis, media visual serta media audio visual secara ekspresif dan kreatif.','2023-12-19 07:19:40','2023-12-19 07:19:40','keterampilan','XI'),(818,42,4,81,'11.K2','Peserta didik dapat mengolah , menganalisis, menginterpretasikan , mengevaluasi, serta menyajikan informasi dengan gagasan teks biografi sesuai dengan kaidah dan konteks melalui media lisan, media tulis, media visual serta media audio visual secara logis , kreatif dan benar','2023-12-19 07:19:49','2023-12-19 07:19:49','keterampilan','XI'),(819,27,4,89,'4.3','Siswa dapat mempraktekan cara display dalam ruangan','2023-12-19 07:21:43','2023-12-19 07:21:43','keterampilan','XI'),(820,10,4,87,'E2','Etika profesi di bidang  Akuntansi dan Keuangan  Lembaga','2023-12-19 07:37:23','2023-12-19 07:37:23','pengetahuan','X'),(821,27,4,89,'4.4','Siswa dapat memahami cara perhitungan FIFO, LIFO, serta Average','2023-12-19 07:41:57','2023-12-19 07:41:57','pengetahuan','XII'),(822,27,4,89,'3.3','Siswa dapat mempraktekan cara perhitungan FIFO, LIFO, Average','2023-12-19 07:52:04','2023-12-19 07:52:04','keterampilan','XII'),(823,13,4,89,'CP','Siswa dapat memahami dalam pelayanan konsumen','2023-12-19 08:06:15','2023-12-19 08:06:15','pengetahuan','X'),(824,13,4,89,'TP','Siswa dapat mempraktekan bagaimana cara pelayanan dalam konsumen','2023-12-19 08:28:09','2023-12-19 08:28:09','keterampilan','X'),(825,44,4,89,'CP','Siswa dapat memahami dalam proses kewirausahaan','2023-12-19 08:47:35','2023-12-19 08:47:35','pengetahuan','XI'),(826,44,4,89,'TP','Siswa dapat mempraktekan dalam proses wirausahan','2023-12-19 08:53:55','2023-12-19 08:53:55','keterampilan','XI'),(827,1,4,71,'Fikih XI','Peserta didik mampu menganalisis ketentuan pelaksanaan khutbah, tablig dan dakwah, ketentuan pernikahan dalam Islam, mawaris, dan konsep ijtihad; mempresentasikan tentang ketentuan pelaksanaan khutbah, tabligh dan dakwah, ketentuan pernikahan dalam Islam, mawaris, dan konsep ijtihad; menerapkan ketentuan khutbah, tabligh, dan dakwah, ketentuan pernikahan dalam Islam, mawaris, dan meyakini bahwa ijtihad merupakan salah satu sumber hukum Islam; membiasakan sikap menebarkan Islam rahmat li al-ālamīn, komitmen, bertanggung jawab, menepati janji, adil, amanah, terbuka terhadap ilmu pengetahuan, dan menghargai perbedaan pendapat','2023-12-19 15:12:39','2023-12-19 15:12:39','pengetahuan','XI'),(828,1,4,71,'K-4 FIQIH','Peserta didik mampu menganalisis ketentuan pelaksanaan khutbah, tablig dan dakwah, ketentuan pernikahan dalam Islam, mawaris, dan konsep ijtihad; mempresentasikan tentang ketentuan pelaksanaan khutbah, tabligh dan dakwah, ketentuan pernikahan dalam Islam, mawaris, dan konsep ijtihad; menerapkan ketentuan khutbah, tabligh, dan dakwah, ketentuan pernikahan dalam Islam, mawaris, dan meyakini bahwa ijtihad merupakan salah satu sumber hukum Islam; membiasakan sikap menebarkan Islam rahmat li al-ālamīn, komitmen, bertanggung jawab, menepati janji, adil, amanah, terbuka terhadap ilmu pengetahuan, dan menghargai perbedaan pendapat','2023-12-19 15:15:27','2023-12-19 15:15:27','keterampilan','XI'),(829,1,4,71,'P.Fikih','Menganalisis implementasi fikih mu‘āmalah dan al-kulliyyāt al-khamsah (lima prinsip dasar hukum Islam; menyajikan paparan tentang fikih mu‘āmalah dan al-kulliyyāt al-khamsah meyakini bahwa ketentuan fikih mu‘āmalah dan al-kulliyyāt al-khamsah adalah ajaran agama; serta menumbuhkan jiwa kewirausahaan, kepedulian, dan kepekaan sosial.','2023-12-19 15:20:37','2023-12-19 15:20:37','pengetahuan','X'),(830,1,4,71,'K.Fikih','Peserta didik mampu menganalisis implementasi fikih mu‘āmalah dan al-kulliyyāt al-khamsah (lima prinsip dasar hukum Islam; menyajikan paparan tentang fikih mu‘āmalah dan al-kulliyyāt al-khamsah meyakini bahwa ketentuan fikih mu‘āmalah dan al-kulliyyāt al-khamsah adalah ajaran agama; serta menumbuhkan jiwa kewirausahaan, kepedulian, dan kepekaan sosial.','2023-12-19 15:21:25','2023-12-19 15:21:25','keterampilan','X'),(831,1,4,71,'3.7','Menganalisis dan mengevaluasi ketentuan waris dalam Islam','2023-12-19 15:24:08','2023-12-19 15:24:08','pengetahuan','XII'),(832,1,4,71,'4.7','Mempraktikkan pelaksanaan pembagian waris dalam Islam','2023-12-19 15:25:28','2023-12-19 15:25:28','keterampilan','XII'),(833,32,4,4,'CP-BD-Pengetahuan3','Memahami Data Definition Language','2023-12-19 15:53:48','2023-12-19 15:53:48','pengetahuan','XI'),(834,32,4,4,'CP-BD-Keterampilan3','Menerapkan Data Definition Language','2023-12-19 16:04:09','2023-12-19 16:04:09','keterampilan','XI'),(835,32,4,4,'3.3','Menerapkan teknik normalisasi basis data','2023-12-19 16:25:46','2023-12-19 16:25:46','pengetahuan','XII'),(836,25,4,6,'3.3 XII','Menganalisis pencatatan saldo kartu piutang, kartu utang, kartu item perlengkapan (supplies), kartu item barang dagang, dan kartu aset tetap pada perusahaan dagang.','2023-12-19 16:30:40','2023-12-19 16:30:40','pengetahuan','XII'),(837,25,4,6,'3.4 XII','Menganalisis pencatatan transaksi pembelian bahan-bahan  perlengkapan (supplies), barang dagangan, aset tetap, dan transaksi pembayaran.','2023-12-19 16:30:47','2023-12-19 16:30:47','pengetahuan','XII'),(838,25,4,6,'3.5 XII','Menganalisis transaksi penjualan barang dagangan  dan transaksi pelunasan piutang  pada perusahaan dagang','2023-12-19 16:30:53','2023-12-19 16:30:53','pengetahuan','XII'),(839,32,4,4,'4.3','Membuat perancangan sistem basis data menggunakan teknik normalisasi data','2023-12-19 16:30:57','2023-12-19 16:30:57','keterampilan','XII'),(840,25,4,6,'4.3 XII','Melakukan entry saldo kartu piutang, kartu utang, kartu item perlengkapan (supplies), kartu item barang dagang, dan kartu aset tetap pada perusahaan dagang.','2023-12-19 16:31:18','2023-12-19 16:31:18','keterampilan','XII'),(841,25,4,6,'4.4 XII','Melakukan entry transaksi pembelian bahan-bahan perlengkapan (supplies), barang dagangan, aset tetap, dan transaksi pembayaran utang pada perusahaan dagang.','2023-12-19 16:31:29','2023-12-19 16:31:29','keterampilan','XII'),(842,25,4,6,'4.5 XII','Melakukan entry transaksi penjualan barang dagangan dan transaksi pelunasan piutang dagang pada perusahaan dagang.','2023-12-19 16:31:35','2023-12-19 16:31:35','keterampilan','XII'),(843,16,4,3,'EP.3','Pada akhir fase E peserta didik mampu melakukan pemrograman terstruktur, antara lain penerapan struktur data yang terdiri dari data statis','2023-12-19 16:37:22','2023-12-19 16:37:22','pengetahuan','X'),(844,16,4,3,'EK.3','Pada akhir fase E peserta didik mampu melakukan pemrograman terstruktur, antara lain penerapan struktur data yang terdiri dari data statis','2023-12-19 16:39:19','2023-12-19 16:39:19','keterampilan','X'),(845,43,4,4,'CP-BK-3.Pengetahuan','Memahami Aplikasi Pengolah Kata','2023-12-19 17:14:12','2023-12-19 17:14:12','pengetahuan','X'),(846,43,4,4,'CP-BK-3.Keterampilan','Menggunakan Fitur Aplikasi Pengolah Kata','2023-12-19 17:14:32','2023-12-19 17:14:32','keterampilan','X'),(848,34,4,3,'4.5','Membuat konektifitas basis data','2023-12-19 17:21:58','2023-12-19 17:21:58','keterampilan','XII'),(849,34,4,3,'3.5','Menerapkan konektifitas dalam akses basis data','2023-12-19 17:25:12','2023-12-19 17:25:12','pengetahuan','XII'),(850,34,4,3,'FP.3','Pada akhir fase F peserta didik mampu menerapkan interaksi antar objek','2023-12-19 18:30:19','2023-12-19 18:30:19','pengetahuan','XI'),(851,34,4,3,'FK.3','Pada akhir fase F peserta didik mampu menerapkan interaksi antar objek','2023-12-19 18:31:07','2023-12-19 18:31:07','keterampilan','XI'),(852,31,4,3,'FP.3','Pada akhir fase F peserta didik mampu menerapkan relasi antar kelas, menerapkan interaksi antar objek','2023-12-19 18:38:39','2023-12-19 18:38:39','pengetahuan','XI'),(853,31,4,3,'FK.3','Pada akhir fase F peserta didik mampu menerapkan relasi antar kelas, menerapkan interaksi antar objek','2023-12-19 18:39:19','2023-12-19 18:39:19','keterampilan','XI'),(855,43,4,6,'CP-BK-3.Pengetahuan','Memahami Aplikasi Pengolah Kata','2023-12-19 23:28:45','2023-12-19 23:28:45','pengetahuan','X'),(856,43,4,6,'CP-BK-3.Keterampilan','Menggunakan Fitur Aplikasi Pengolah Kata','2023-12-19 23:28:59','2023-12-19 23:28:59','keterampilan','X'),(857,26,4,6,'3.3 XII','Memahami dan menerapkan prosedur pembayaran PPh OP','2023-12-20 00:27:55','2023-12-20 00:27:55','pengetahuan','XII'),(858,26,4,6,'3.4 XII','Menerapkan  prosedur pelaporan  SPT tahunan PPh  OP','2023-12-20 00:28:01','2023-12-20 00:28:01','pengetahuan','XII'),(859,26,4,6,'4.3 XII','Melakukan prosedur pembayaran PPh OP','2023-12-20 00:28:17','2023-12-20 00:28:17','keterampilan','XII'),(860,26,4,6,'4.4 XII','Melakukan prosedur  pelaporan berupa  penyampaian surat  pemberitahuan  (SPT) tahunan PPh  OP','2023-12-20 00:28:23','2023-12-20 00:28:23','keterampilan','XII'),(861,4,4,86,'C.K.2','Di akhir fase E, peserta didik dapat menyelesaikan masalah yang berkaitan dengan sistem persamaan linear tiga variabel dan sistem pertidaksamaan linear dua variabel. Mereka dapat menyelesaikan masalah yang berkaitan dengan persamaan dan fungsi kuadrat (termasuk akar imajiner), dan persamaan eksponensial (berbasis sama) dan fungsi eksponensial.','2023-12-20 11:56:06','2023-12-20 11:56:06','keterampilan','X'),(862,4,4,86,'C.P.2','Di akhir fase E, peserta didik dapat menyelesaikan masalah yang berkaitan dengan sistem persamaan linear tiga variabel dan sistem pertidaksamaan linear dua variabel. Mereka dapat menyelesaikan masalah yang berkaitan dengan persamaan dan fungsi kuadrat (termasuk akar imajiner), dan persamaan eksponensial (berbasis sama) dan fungsi eksponensial.','2023-12-20 11:57:16','2023-12-20 11:57:16','pengetahuan','X'),(863,9,4,86,'CP.P2','Memahami pengetahuan berkaitan dengan makhluk hidup dan lingkungannya, zat dan perubahannya, serta energi dan perubahannya','2023-12-20 12:11:29','2023-12-20 12:11:29','pengetahuan','X'),(864,9,4,86,'CP.K2','Memiliki keterampilan dalam memahami makhluk hidup dan lingkungannya, zat dan perubahannya, serta energi dan perubahannya','2023-12-20 12:12:17','2023-12-20 12:12:17','keterampilan','X'),(865,25,4,6,'3.3 XI','Menganalisis daftar akun untuk perusahaan jasa.','2023-12-21 04:37:25','2023-12-21 04:37:25','pengetahuan','XI'),(866,25,4,6,'4.3 XI','Menyusun daftar akun untuk perusahaan jasa.','2023-12-21 04:38:31','2023-12-21 04:38:31','keterampilan','XI'),(867,24,4,6,'3.3 XI','Menerapkan pencatatan persediaan.','2023-12-21 14:43:44','2023-12-21 14:43:44','pengetahuan','XI'),(868,24,4,6,'3.4 XI','Menerapkan metode persediaan (FIFO, LIFO, Average, dan identifikasi khusus).','2023-12-21 14:44:00','2023-12-21 14:44:00','pengetahuan','XI'),(869,24,4,6,'4.3 XI','Melakukan pencatatan persediaan.','2023-12-21 14:44:33','2023-12-21 14:44:33','keterampilan','XI'),(870,24,4,6,'4.4 XI','Melakukan perhitungan persediaan (FIFO, LIFO, Average, dan identifikasi khusus)','2023-12-21 14:44:44','2023-12-21 14:44:44','keterampilan','XI'),(871,11,4,56,'Dspg E.6','Menerapkan persamaan dasar akuntansi','2024-03-22 19:50:51','2024-03-22 19:50:51','pengetahuan','X'),(872,11,4,56,'Dspg E.8','Menerapkan jurnal, konsep debit kredit, saldo normal, sistematika pencatatan dan bentuk jurnal','2024-03-22 19:53:21','2024-03-22 19:53:21','pengetahuan','X'),(873,11,4,56,'Dspg E.K 6','Membuat persamaan dasar akuntansi','2024-03-22 20:36:17','2024-03-22 20:36:17','keterampilan','X'),(874,11,4,56,'Dspg E.K 8','Melakukan pencatatan buku jurnal, konsep debit dan kredit, saldo normal, sistematika pencatatan dan bentuk jurnal','2024-03-22 20:36:30','2024-03-22 20:36:30','keterampilan','X'),(875,22,4,56,'3.16','Menganalisis transaksi penyesuaian pemakaian supplies, biaya depresiasi aset tetap, pembebanan biaya sewa, biaya asuransi, biaya bunga, biaya kerugian piutang, penyesuaian pendapatan bunga, pembuatan rekonsiliasi bank dan koreksi fiskal','2024-03-22 22:06:11','2024-03-22 22:06:11','pengetahuan','XI'),(876,1,4,68,'Al-Qur’an dan Hadis .XI (2)','peserta didik dapat menganalisis Al-Qur’an dan Hadis tentang berfikir kritis, ilmu pengetahuan dan teknologi, toleransi, memelihara kehidupan manusia, musibah, ujian, cinta tanah air dan moderasi beragama; mempresentasikan pesan-pesan Al-Qur’an dan Hadis tentang pentingnya berfikir kritis (critical thinking), ilmu pengetahuan dan teknologi, toleransi, memelihara kehidupan manusia, musibah, ujian, cinta tanah air dan moderasi beragama; membiasakan membaca Al-Qur’an dengan meyakini bahwa berfikir kritis, ilmu pengetahuan dan teknologi, toleransi, memelihara kehidupan manusia, musibah, ujian, cinta tanah air dan moderasi beragama adalah ajaran agama; membiasakan sikap rasa ingin tahu, berfikir kritis, kreatif, dan adaptif terhadap perkembangan ilmu pengetahuan, dan teknologi, toleransi, peduli sosial, cinta damai, semangat kebangsaan, dan tanggung jawab, sabar, tabah, pantang menyerah, tawakal, dan selalu berprasangka baik kepada Allah Swt. dalam menghadapi ujian dan musibah, cinta tanah air, dan moderasi dalam beragama.','2024-03-23 15:52:14','2024-03-23 15:52:14','pengetahuan','XI'),(877,1,4,68,'Akidah . XI (2)','peserta didik menganalisis cabang-cabang iman, keterkaitan antara iman, Islam dan ihsan, serta dasar-dasar, tujuan dan manfaat ilmu kalam; mempresentasikan tentang cabang-cabang iman, dasar-dasar, tujuan dan manfaat ilmu kalam; meyakini bahwa cabang-cabang iman, keterkaitan antara iman, Islam dan ihsan, serta dasar-dasar, tujuan dan manfaat ilmu kalam adalah ajaran agama; membiasakan sikap tanggung jawab, memenuhi janji, menyukuri nikmat, memelihara lisan, menutup aib orang lain, jujur, peduli sosial, ramah, konsisten, cinta damai, rasa ingin tahu dan pembelajar sepanjang hayat','2024-03-23 15:52:24','2024-03-23 15:52:24','pengetahuan','XI'),(878,1,4,68,'Ahklak . XI ( 2)','peserta didik dapat memecahkan masalah perkelahian antarpelajar, minuman keras (miras), dan narkoba dalam Islam; menganalisis adab menggunakan media sosial dalam Islam, menganalisis dampak negatif sikap munafik, keras hati, dan keras kepala dalam kehidupan sehari hari, sikap inovatif dan etika berorganisasi; Mempresentasikan cara memecahkan masalah perkelahian antarpelajar dan dampak pengiringnya, minuman keras (miras), dan narkoba; menganalisis adab menggunakan media sosial dalam Islam, dampak negatif sikap munafik, keras hati, dan keras kepala dalam kehidupan sehari hari; Meyakini bahwa agama melarang melakukan perkelahian antarpelajar, minuman keras, dan narkoba, munafik, keras hati, dan keras kepala, meyakini bahwa adab menggunakan media sosial dalam Islam dapat memberi keselamatan bagi individu dan masyarakat dan meyakini bahwa sikap inovatif dan etika berorganisasi merupakan perintah agama; Membiasakan sikap taat pada aturan, peduli sosial, tanggung jawab, cinta damai, santun, saling menghormati, semangat kebangsaan, jujur, inovatif, dan rendah hati.','2024-03-23 15:52:36','2024-03-23 15:52:36','pengetahuan','XI'),(879,38,4,90,'3.4','Menerapkan cara perawatan poros propeler','2024-03-24 23:33:14','2024-03-24 23:33:14','pengetahuan','XI'),(880,38,4,90,'4.4','Merawat berkala poros propeler','2024-03-24 23:33:42','2024-03-24 23:33:42','keterampilan','XI'),(881,38,4,90,'3.5','Menerapkan cara perawatan Differential','2024-03-24 23:35:49','2024-03-24 23:35:49','pengetahuan','XI'),(882,38,4,90,'4.5','Merawat berkala Differential','2024-03-24 23:38:30','2024-03-24 23:38:30','keterampilan','XI'),(883,37,4,90,'3.13','Memahami cara merawat berkala sistem rem sepeda motor sesuai SOP','2024-03-25 00:01:07','2024-03-25 00:01:07','pengetahuan','XI'),(884,37,4,90,'4.13','Merawat berkala sistem remsepeda motor','2024-03-25 00:01:42','2024-03-25 00:01:42','keterampilan','XI'),(885,1,4,68,'Al-Qur\'an Hadist  .XI (2)','peserta didik dapat menganalisis Al-Qur’an dan Hadis tentang berfikir kritis, ilmu pengetahuan dan teknologi, toleransi, memelihara kehidupan manusia, musibah, ujian, cinta tanah air dan moderasi beragama; mempresentasikan pesan-pesan Al-Qur’an dan Hadis tentang pentingnya berfikir kritis (critical thinking), ilmu pengetahuan dan teknologi, toleransi, memelihara kehidupan manusia, musibah, ujian, cinta tanah air dan moderasi beragama; membiasakan membaca Al-Qur’an dengan meyakini bahwa berfikir kritis, ilmu pengetahuan dan teknologi, toleransi, memelihara kehidupan manusia, musibah, ujian, cinta tanah air dan moderasi beragama adalah ajaran agama; membiasakan sikap rasa ingin tahu, berfikir kritis, kreatif, dan adaptif terhadap perkembangan ilmu pengetahuan, dan teknologi, toleransi, peduli sosial, cinta damai, semangat kebangsaan, dan tanggung jawab, sabar, tabah, pantang menyerah, tawakal, dan selalu berprasangka baik kepada Allah Swt. dalam menghadapi ujian dan musibah, cinta tanah air, dan moderasi dalam beragama.','2024-03-25 21:43:10','2024-03-25 21:43:10','keterampilan','XI'),(886,1,4,68,'Aqidah .XI (2)','peserta didik menganalisis cabang-cabang iman, keterkaitan antara iman, Islam dan ihsan, serta dasar-dasar, tujuan dan manfaat ilmu kalam; mempresentasikan tentang cabang-cabang iman, dasar-dasar, tujuan dan manfaat ilmu kalam; meyakini bahwa cabang-cabang iman, keterkaitan antara iman, Islam dan ihsan, serta dasar-dasar, tujuan dan manfaat ilmu kalam adalah ajaran agama; membiasakan sikap tanggung jawab, memenuhi janji, menyukuri nikmat, memelihara lisan, menutup aib orang lain, jujur, peduli sosial, ramah, konsisten, cinta damai, rasa ingin tahu dan pembelajar sepanjang hayat.','2024-03-25 21:48:25','2024-03-25 21:48:25','keterampilan','XI'),(887,1,4,68,'Ahklak.XI .2','Peserta   didik   dapat   memecahkan   masalah perkelahian    antarpelajar,    minuman    keras (miras), dan narkoba dalam Islam; menganalisis adab menggunakan media sosial dalam Islam, menganalisis  dampak  negatif  sikap  munafik, keras hati, dan keras kepala dalam kehidupan sehari hari, sikap inovatif dan etika berorganisasi; mempresentasikan cara memecahkan masalah perkelahian antarpelajar dan dampak pengiringnya, minuman keras (miras), dan narkoba; menganalisis adab menggunakan media  sosial  dalam  Islam, dampak negatif sikap munafik, keras hati, dan keras kepala dalam kehidupan sehari hari; meyakini bahwa agama melarang melakukan perkelahian antarpelajar, minuman keras, dan narkoba, munafik, keras hati, dan keras kepala, meyakini   bahwa   adab   menggunakan  media sosial dalam Islam dapat memberi keselamatan bagi individu dan masyarakat dan meyakini bahwa sikap inovatif dan etika berorganisasi merupakan   perintah   agama;   membiasakan sikap taat pada aturan, peduli sosial, tanggung jawab,  cinta  damai,  santun,  saling menghormati, semangat kebangsaan, jujur, inovatif, dan rendah hati.','2024-03-25 21:48:35','2024-03-25 21:48:35','keterampilan','XI'),(888,37,4,90,'3.14','Mengidentifikasi roda sesuai SOP','2024-03-25 22:19:37','2024-03-25 22:19:37','pengetahuan','XI'),(889,37,4,90,'4.14','Memperbaiki Roda','2024-03-25 22:20:11','2024-03-25 22:20:11','keterampilan','XI'),(890,4,4,67,'C.P.2','Di akhir fase E, peserta didik dapat menyelesaikan masalah yang berkaitan dengan sistem persamaan linear tiga variabel dan sistem pertidaksamaan linear dua variabel. Mereka dapat menyelesaikan masalah yang berkaitan dengan persamaan dan fungsi kuadrat (termasuk akar imajiner), dan persamaan eksponensial (berbasis sama) dan fungsi eksponensial.','2024-03-26 07:20:06','2024-03-26 07:20:06','pengetahuan','X'),(891,4,4,67,'C.K.2','Di akhir fase E, peserta didik dapat menyelesaikan masalah yang berkaitan dengan sistem persamaan linear tiga variabel dan sistem pertidaksamaan linear dua variabel. Mereka dapat menyelesaikan masalah yang berkaitan dengan persamaan dan fungsi kuadrat (termasuk akar imajiner), dan persamaan eksponensial (berbasis sama) dan fungsi eksponensial.','2024-03-26 07:21:26','2024-03-26 07:21:26','keterampilan','X'),(893,6,4,76,'3.3','Menganalisis berbagai teori tentang proses masuknya agama dan kebudayaan Islam serta pengaruhnya terhadap kehidupan masyarakat di Indonesia','2024-03-26 20:27:56','2024-03-26 20:27:56','pengetahuan','X'),(894,6,4,76,'4.3','Mengolah informasi tentang berbagai teori tentang masuknya agama dan kebudayaan Islam serta pengaruhnya terhadap kehidupan masyarakat di Indonesia','2024-03-26 20:31:07','2024-03-26 20:31:07','keterampilan','X'),(895,3,4,73,'CP XI 1/2','Peserta didik mampu menulis gagasan, pikiran, pandangan, arahan atau pesan tertulis untuk berbagai tujuan secara logis, kritis, dan kreatif. Peserta didik juga menuliskan hasil penelitian menggunakan metodologi sederhana dengan mengutip sumber rujukan secara etis. Menyampaikan ungkapan rasa simpati, empati, peduli, dan pendapat pro/kontra secara etis dalam memberikan penghargaan secara tertulis dalam teks multimodal. Peserta didik mampu menggunakan dan mengembangkan kosakata baru yang memiliki makna denotatif, konotatif, dan kiasan untuk menulis. Peserta didik menyampaikan tulisan berdasarkan fakta, pengalaman, dan imajinasi secara indah dan menarik dalam bentuk prosa dan puisi dengan penggunaan kosa kata secara kreatif.','2024-03-26 21:07:35','2024-03-26 21:07:35','pengetahuan','XI'),(896,3,4,73,'CP XI 2/2','Peserta didik mampu menyampaikan gagasan, pikiran, pandangan, arahan atau pesan untuk tujuan pengajuan usul, pemecahan masalah, dan pemberian solusi secara lisan dalam bentuk monolog dan dialog logis, kritis, dan kreatif. Peserta didik mampu menggunakan dan memaknai kosakata baru yang memiliki makna denotatif, konotatif, dan kiasan untuk berbicara dan menyajikan gagasannya. Peserta didik mampu menggunakan ungkapan sesuai dengan norma kesopanan dalam berkomunikasi. Peserta didik mampu berdiskusi secara aktif, kontributif, efektif, dan santun. Peserta didik mampu menuturkan dan menyajikan ungkapan simpati, empati, peduli, perasaan, dan penghargaan dalam bentuk teks informatif dan fiksi melalui teks multimoda. Peserta didik mampu mengungkapkan dan mempresentasikan berbagai topik aktual secara kritis.','2024-03-26 21:08:02','2024-03-26 21:08:02','pengetahuan','XI'),(897,3,4,73,'CK XI 1/2','Peserta didik mampu menulis gagasan, pikiran, pandangan, arahan atau pesan tertulis untuk berbagai tujuan secara logis, kritis, dan kreatif. Peserta didik juga menuliskan hasil penelitian menggunakan metodologi sederhana dengan mengutip sumber rujukan secara etis. Menyampaikan ungkapan rasa simpati, empati, peduli, dan pendapat pro/kontra secara etis dalam memberikan penghargaan secara tertulis dalam teks multimodal. Peserta didik mampu menggunakan dan mengembangkan kosakata baru yang memiliki makna denotatif, konotatif, dan kiasan untuk menulis. Peserta didik menyampaikan tulisan berdasarkan fakta, pengalaman, dan imajinasi secara indah dan menarik dalam bentuk prosa dan puisi dengan penggunaan kosa kata secara kreatif.','2024-03-26 21:08:34','2024-03-26 21:08:34','keterampilan','XI'),(898,3,4,73,'CK XI 2/2','Peserta didik mampu menyampaikan gagasan, pikiran, pandangan, arahan atau pesan untuk tujuan pengajuan usul, pemecahan masalah, dan pemberian solusi secara lisan dalam bentuk monolog dan dialog logis, kritis, dan kreatif. Peserta didik mampu menggunakan dan memaknai kosakata baru yang memiliki makna denotatif, konotatif, dan kiasan untuk berbicara dan menyajikan gagasannya. Peserta didik mampu menggunakan ungkapan sesuai dengan norma kesopanan dalam berkomunikasi. Peserta didik mampu berdiskusi secara aktif, kontributif, efektif, dan santun. Peserta didik mampu menuturkan dan menyajikan ungkapan simpati, empati, peduli, perasaan, dan penghargaan dalam bentuk teks informatif dan fiksi melalui teks multimoda. Peserta didik mampu mengungkapkan dan mempresentasikan berbagai topik aktual secara kritis.','2024-03-26 21:08:49','2024-03-26 21:08:49','keterampilan','XI'),(899,5,4,78,'CPP3.1','mengidentifkasi karakteristik dari teks eksposisi analitis, yaitu: tesis, argumen, dan reiterasi','2024-03-26 21:59:20','2024-03-26 21:59:20','pengetahuan','XI'),(900,5,4,78,'CPP3.2','Mengidentifkasi ciri-ciri kebahasaan dari teks eksposisi analitis, pada bab ini difokuskan pada pembahasan fact and opinion, internal conjunction, frase nominal, dan simple present tense;','2024-03-26 21:59:27','2024-03-26 21:59:27','pengetahuan','XI'),(901,5,4,78,'CPK3.1','Memahami informasi implisit dan eksplisit (ide pokok dan informasi detail) dari teks yang dibaca dan didengar','2024-03-26 22:06:44','2024-03-26 22:06:44','keterampilan','XI'),(902,5,4,78,'CPK3.2','Menulis teks eksposisi analitis dengan memperhatikan fungsi sosial, struktur teks, dan unsur kebahasaan, secara benar dan sesuai konteks secara lisan','2024-03-26 22:06:53','2024-03-26 22:06:53','keterampilan','XI'),(903,35,4,70,'3.4','Menjelaskan dasar-dasar dan langkah-langkah kerja sesuai SOP mengenai sistem pendingin','2024-03-27 02:28:04','2024-03-27 02:28:04','pengetahuan','XI'),(904,35,4,70,'4.4','merawat sistem pendingin','2024-03-27 02:28:20','2024-03-27 02:28:20','keterampilan','XI'),(905,14,4,62,'CP 8','Pelayanan Penjualan','2024-03-27 02:46:33','2024-03-27 02:46:33','pengetahuan','X'),(906,14,4,62,'CP 9','Kepuasan Pelanggan','2024-03-27 02:47:05','2024-03-27 02:47:05','pengetahuan','X'),(907,14,4,62,'CP K8','Pelayanan Penjualan','2024-03-27 02:48:13','2024-03-27 02:48:13','keterampilan','X'),(908,14,4,62,'CP K9','Kepuasan Pelanggan','2024-03-27 02:48:25','2024-03-27 02:48:25','keterampilan','X'),(909,28,4,62,'3.5','Menerapkan SEO Off Page','2024-03-27 02:55:30','2024-03-27 02:55:30','pengetahuan','XI'),(910,28,4,62,'3.6','Menerapkan Pembuatan E-mail','2024-03-27 02:55:45','2024-03-27 02:55:45','pengetahuan','XI'),(911,28,4,62,'4.5','Mempraktikkan SEO Off Page','2024-03-27 02:56:20','2024-03-27 02:56:20','keterampilan','XI'),(912,28,4,62,'4.6','Membuat E-mail','2024-03-27 02:56:27','2024-03-27 02:56:27','keterampilan','XI'),(913,5,4,66,'CPP 4','Membaca dan merespon berbagai macam teks seperti narasi, deskripsi, prosedur, eksposisi, recount, dan report. Membaca untuk mempelajari sesuatu atau untuk mendapatkan informasi. Mencari dan mengevaluasi detil spesifik dan inti dari berbagai macam jenis teks. Teks ini dapat berbentuk cetak atau digital, termasuk diantaranya teks visual, multimodal atau interaktif.','2024-03-27 07:05:03','2024-03-27 07:05:03','pengetahuan','X'),(914,5,4,66,'CPP 5','Membaca dan merespon berbagai macam teks seperti narasi, deskripsi, prosedur, eksposisi, recount, dan report. Membaca untuk mempelajari sesuatu atau untuk mendapatkan informasi. Mencari dan mengevaluasi detil spesifik dan inti dari berbagai macam jenis teks. Teks ini dapat berbentuk cetak atau digital, termasuk diantaranya teks visual, multimodal atau interaktif.','2024-03-27 07:05:30','2024-03-27 07:05:30','pengetahuan','X'),(915,5,4,66,'CPK 4','Membaca dan merespon berbagai macam teks seperti narasi, deskripsi, prosedur, eksposisi, recount, dan report. Membaca untuk mempelajari sesuatu atau untuk mendapatkan informasi. Mencari dan mengevaluasi detil spesifik dan inti dari berbagai macam jenis teks. Teks ini dapat berbentuk cetak atau digital, termasuk diantaranya teks visual, multimodal atau interaktif.','2024-03-27 07:27:09','2024-03-27 07:27:09','keterampilan','X'),(916,5,4,66,'CPK 5','Membaca dan merespon berbagai macam teks seperti narasi, deskripsi, prosedur, eksposisi, recount, dan report. Membaca untuk mempelajari sesuatu atau untuk mendapatkan informasi. Mencari dan mengevaluasi detil spesifik dan inti dari berbagai macam jenis teks. Teks ini dapat berbentuk cetak atau digital, termasuk diantaranya teks visual, multimodal atau interaktif.','2024-03-27 07:27:29','2024-03-27 07:27:29','keterampilan','X');

--
-- Table structure for table `mapels`
--

CREATE TABLE `mapels` (
  `id` bigint unsigned NOT NULL AUTO_INCREMENT,
  `uuid` char(36) CHARACTER SET utf8mb4 COLLATE utf8mb4_unicode_ci NOT NULL,
  `kelompok` varchar(255) CHARACTER SET utf8mb4 COLLATE utf8mb4_unicode_ci NOT NULL,
  `jurusan` varchar(255) CHARACTER SET utf8mb4 COLLATE utf8mb4_unicode_ci NOT NULL,
  `tingkat` varchar(255) CHARACTER SET utf8mb4 COLLATE utf8mb4_unicode_ci NOT NULL,
  `kode_mapel` varchar(255) CHARACTER SET utf8mb4 COLLATE utf8mb4_unicode_ci NOT NULL,
  `nama_mapel` varchar(255) CHARACTER SET utf8mb4 COLLATE utf8mb4_unicode_ci NOT NULL,
  `created_at` timestamp NULL DEFAULT NULL,
  `updated_at` timestamp NULL DEFAULT NULL,
  `deleted_at` timestamp NULL DEFAULT NULL,
  PRIMARY KEY (`id`)
) ENGINE=InnoDB AUTO_INCREMENT=45 DEFAULT CHARSET=utf8mb4 COLLATE=utf8mb4_unicode_ci;

--
-- Dumping data for table `mapels`
--

INSERT INTO `mapels` VALUES (1,'54ffa6d0-d3f6-424d-bf81-38bc2a68cd74','A. MUATAN NASIONAL','Semua','Semua','PABP','Pendidikan Agama & Budi Pekerti','2023-09-16 23:36:38','2023-10-07 00:23:55',NULL),(2,'54bfbcdd-7ef0-4f56-b1fb-e843bdb7e703','A. MUATAN NASIONAL','Semua','Semua','PPKN/PP','Pendidikan Pancasila & Kewarganegaraan','2023-09-16 23:36:38','2023-10-07 00:24:01',NULL),(3,'596b5a2f-59ea-4c81-abbb-8a154882603a','A. MUATAN NASIONAL','Semua','Semua','BINDO','Bahasa Indonesia','2023-09-16 23:36:38','2023-10-07 00:24:08',NULL),(4,'0938da16-f262-4a67-9487-b1130d4c6826','A. MUATAN NASIONAL','Semua','Semua','MTK','Matematika','2023-09-16 23:36:38','2023-10-07 00:24:14',NULL),(5,'d0a000df-df99-445e-9a5f-af9e5767e607','A. MUATAN NASIONAL','Semua','Semua','BINGGRIS','Bahasa Inggris','2023-09-16 23:36:39','2023-10-07 00:24:19',NULL),(6,'2c11ef80-0815-46b5-925d-80085f27e540','A. MUATAN NASIONAL','Semua','Sepuluh','SINDO','Sejarah Indonesia','2023-09-16 23:36:39','2023-10-07 00:24:33',NULL),(7,'5c96fd4f-9bd4-42f9-af7e-cd24cf8e746a','B. MUATAN KEWILAYAHAN','Semua','Sepuluh','SENBUD','Seni Budaya','2023-09-16 23:36:39','2023-10-07 00:26:01',NULL),(8,'0c2668b0-0f77-4236-8868-1f586e5ac784','B. MUATAN KEWILAYAHAN','Semua','Semua','PJOK','Pendidikan Jasmani & Rohani','2023-09-16 23:36:39','2023-10-07 00:26:17',NULL),(9,'7f6301ff-3b2d-422c-ae99-4b0a2dd4569f','C1. BIDANG DASAR KEAHLIAN','Semua','Sepuluh','PROIPAS','Project IPA & IPS','2023-09-16 23:36:39','2023-10-06 21:15:44',NULL),(10,'ccea8f9e-7d78-4863-8a11-b226b78c07c2','C2. DASAR PROGRAM KEAHLIAN AK','Akuntansi dan Keuangan Lembaga','Sepuluh','DASPROGAKA1','Dasar Program Akuntansi 1','2023-09-16 23:36:39','2023-10-07 00:27:17',NULL),(11,'505538d3-52c7-45b8-8393-6dd2f1df33b0','C2. DASAR PROGRAM KEAHLIAN AK','Akuntansi dan Keuangan Lembaga','Sepuluh','DASPROGAKA2','Dasar Program Akuntansi 2','2023-09-16 23:36:39','2023-10-07 00:27:41',NULL),(12,'befb6639-8cc8-4d28-81d9-bbdfe4bf29d8','C2. DASAR PROGRAM KEAHLIAN AK','Akuntansi dan Keuangan Lembaga','Sepuluh','DASPROGAKA3','Dasar Program Akuntansi 3','2023-09-16 23:36:39','2023-10-07 00:27:53',NULL),(13,'c56bee6f-ba55-4c3d-b412-38a825347515','C2. DASAR PROGRAM KEAHLIAN BDP','Bisnis Daring dan Pemasaran','Sepuluh','DASPROGBDBR1','Dasar Program Bisnis Daring Dan Bisnis Retail 1','2023-09-16 23:36:39','2023-10-07 00:29:17',NULL),(14,'6da37071-e068-47dc-a3dc-4de548473466','C2. DASAR PROGRAM KEAHLIAN BDP','Bisnis Daring dan Pemasaran','Sepuluh','DASPROGBDBR2','Dasar Program Bisnis Daring Dan Bisnis Retail 2','2023-09-16 23:36:39','2023-10-07 00:29:31',NULL),(15,'66d7769a-4fbd-446d-a92a-425d43c0334b','C2. DASAR PROGRAM KEAHLIAN BDP','Bisnis Daring dan Pemasaran','Sepuluh','DASPROGBDBR3','Dasar Program Bisnis Daring Dan Bisnis Retail 3','2023-09-16 23:36:39','2023-10-07 00:29:45',NULL),(16,'e202b67d-f43f-486f-ac19-e8a59f978f76','C2. DASAR PROGRAM KEAHLIAN RPL','Rekayasa Perangkat Lunak','Sepuluh','DASPROGRPL1','Dasar Program Rekayasa Perangkat Lunak 1','2023-09-16 23:36:39','2023-10-07 00:30:04',NULL),(17,'00f92320-4dc0-4a5f-9169-87a40b35ad93','C2. DASAR PROGRAM KEAHLIAN RPL','Rekayasa Perangkat Lunak','Sepuluh','DASPROGRPL2','Dasar Program Rekayasa Perangkat Lunak 2','2023-09-16 23:36:39','2023-10-07 00:30:23',NULL),(18,'2cdafd48-aa27-462e-b6a0-9dc4ba5b7e71','C2. DASAR PROGRAM KEAHLIAN RPL','Rekayasa Perangkat Lunak','Sepuluh','DASPROGRPL3','Dasar Program Rekayasa Perangkat Lunak 3','2023-09-16 23:36:39','2023-10-07 00:30:33',NULL),(20,'0c1f3680-a9f1-46c8-ba6d-bbbf34c20646','C2. DASAR PROGRAM KEAHLIAN OTOMOTIF','Semua','Sepuluh','DASPROGOTO2','Dasar Program Otomotif 2','2023-09-16 23:36:39','2023-10-07 00:31:07',NULL),(21,'e8d8d460-4f6f-4d01-bd97-4089d278bebc','C2. DASAR PROGRAM KEAHLIAN OTOMOTIF','Semua','Sepuluh','DASPROGOTO3','Dasar Program Otomotif 3','2023-09-16 23:36:39','2023-10-07 00:31:21',NULL),(22,'7333c82b-96e9-455f-806a-ca3e4e53c8a8','C3. KOMPETENSI KEAHLIAN AK','Akuntansi dan Keuangan Lembaga','Semua','PAPJDM','Praktikum Akuntansi Perusahaan Jasa Dagang & Manufaktur','2023-09-16 23:36:39','2023-10-07 00:33:49',NULL),(23,'f58763dd-e8b3-471f-96b8-6d35ee9d9e89','C3. KOMPETENSI KEAHLIAN AK','Akuntansi dan Keuangan Lembaga','Semua','PALIP','Praktikum Akuntansi Lembaga & Instansi Pemerintahan','2023-09-16 23:36:39','2023-10-07 00:34:02',NULL),(24,'842803dc-0717-4a2f-93a6-7c84980c8234','C3. KOMPETENSI KEAHLIAN AK','Akuntansi dan Keuangan Lembaga','Semua','AKEU','Akuntansi Keuangan','2023-09-16 23:36:39','2023-10-07 00:34:16',NULL),(25,'f1a7d2e6-bb8c-4908-b22c-94e8d9e92ee6','C3. KOMPETENSI KEAHLIAN AK','Akuntansi dan Keuangan Lembaga','Semua','KA','Komputer Akuntansi','2023-09-16 23:36:39','2023-10-07 00:34:31',NULL),(26,'f401dcee-edae-4de9-94d0-1fa651dae16d','C3. KOMPETENSI KEAHLIAN AK','Akuntansi dan Keuangan Lembaga','Semua','PAJAK','Administrasi Pajak','2023-09-16 23:36:39','2023-10-07 00:41:52',NULL),(27,'620f0f21-9b94-4000-8533-55bac0d57d03','C3. KOMPETENSI KEAHLIAN BDP','Bisnis Daring dan Pemasaran','Semua','PENPROD','Penataan Produk','2023-09-16 23:36:39','2023-10-07 00:36:58',NULL),(28,'9590c051-e25a-43be-8506-349ad8b52f5d','C3. KOMPETENSI KEAHLIAN BDP','Bisnis Daring dan Pemasaran','Semua','BO','Bisnis Online','2023-09-16 23:36:39','2023-10-07 00:35:21',NULL),(29,'b9b36977-c8e0-481b-a6bf-63c7c80460f8','C3. KOMPETENSI KEAHLIAN BDP','Bisnis Daring dan Pemasaran','Semua','RETAIL','Pengelolaan Bisnis Retail','2023-09-16 23:36:39','2023-10-07 00:35:48',NULL),(30,'548dfcf9-0ee6-487d-94c7-7dded3b5f1af','C3. KOMPETENSI KEAHLIAN BDP','Bisnis Daring dan Pemasaran','Semua','ADTRANS','Administrasi Transaksi','2023-09-16 23:36:39','2023-10-07 00:36:11',NULL),(31,'aeb65c7b-5e82-4bfc-aeb8-2ebb8fa77ab9','C3. KOMPETENSI KEAHLIAN RPL','Rekayasa Perangkat Lunak','Sebelas','PPL','Pemodelan Perangkat Lunak','2023-09-16 23:36:39','2023-10-07 00:36:28',NULL),(32,'64d1635a-7295-4c78-a488-d41c6f72258c','C3. KOMPETENSI KEAHLIAN RPL','Rekayasa Perangkat Lunak','Semua','BD','Basis Data','2023-09-16 23:36:39','2023-10-07 00:38:34',NULL),(33,'b6e95e9d-3fda-4cc1-a291-c36161cf2d4b','C3. KOMPETENSI KEAHLIAN RPL','Rekayasa Perangkat Lunak','Semua','PWPB','Pemrograman Web & Perangkat Bergerak','2023-09-16 23:36:39','2023-10-07 00:38:44',NULL),(34,'bde971bf-677e-483a-98b3-ec4715b0459c','C3. KOMPETENSI KEAHLIAN RPL','Rekayasa Perangkat Lunak','Semua','PBO','Pemrograman Berorientasi Objek','2023-09-16 23:36:39','2023-10-07 00:39:07',NULL),(35,'bbc64c02-6a1a-4d65-977c-9c401309ce98','C3. KOMPETENSI KEAHLIAN TBSM','Teknik dan Bisnis Sepeda Motor','Semua','PSMS','Pemeliharaan Mesin Sepeda Motor','2023-09-16 23:36:39','2023-10-07 00:39:32',NULL),(36,'4d15968b-83e6-4b16-948d-e0204f9ac892','C3. KOMPETENSI KEAHLIAN TBSM','Teknik dan Bisnis Sepeda Motor','Semua','PLSM','Pemeliharaan Listrik Sepeda Motor','2023-09-16 23:36:39','2023-10-07 00:39:46',NULL),(37,'35b776ea-33ac-4089-8e68-7c3238d16551','C3. KOMPETENSI KEAHLIAN TBSM','Teknik dan Bisnis Sepeda Motor','Semua','PSSM','Pemeliharaan Sasis Sepeda Motor','2023-09-16 23:36:39','2023-10-07 00:39:58',NULL),(38,'5751fbde-329c-4c82-a0d1-b7deae13a940','C3. KOMPETENSI KEAHLIAN TKRO','Teknik Kendaraan Ringan Otomotif','Semua','PSPTKR','Pemeliharaan Sasis & Pemindah Tenaga Kendaraan Ringan','2023-09-16 23:36:39','2023-10-07 00:40:16',NULL),(39,'4b9ad5fc-3327-4109-9da7-f8f12264115e','C3. KOMPETENSI KEAHLIAN TKRO','Teknik Kendaraan Ringan Otomotif','Semua','PMKR','Pemeliharaan Mesin Kendaraan Ringan','2023-09-16 23:36:39','2023-10-07 00:40:24',NULL),(40,'cb81f147-9255-4248-9580-4924ccfc7c64','C3. KOMPETENSI KEAHLIAN TKRO','Teknik Kendaraan Ringan Otomotif','Semua','PKKR','Pemeliharaan Kelistrikan Kendaraan Ringan','2023-09-16 23:36:39','2023-10-07 00:40:34',NULL),(41,'d9b91169-4c70-493a-b0d5-1ea0798e712b','D. MUATAN LOKAL','Semua','Semua','BJEPANG','Bahasa Jepang','2023-09-16 23:36:39','2023-10-07 00:40:53',NULL),(42,'2aa946e4-a45e-4c81-ace4-eec43fffa53a','D. MUATAN LOKAL','Semua','Semua','BSUNDA','Bahasa Sunda','2023-09-16 23:36:39','2023-10-07 00:41:01',NULL),(43,'3685c584-31c5-45a0-9ffb-475f75c65c61','C1. BIDANG DASAR KEAHLIAN','Semua','Sepuluh','Informatika','Informatika','2023-09-17 01:04:15','2023-10-18 20:33:37',NULL),(44,'86f0112a-b7b3-4a68-8563-be440a9a92ba','C3. KOMPETENSI KEAHLIAN SEMUA JURUSAN','Semua','Semua','PKK','Produk Kreatif Dan Kewirausahaan','2023-09-17 02:05:14','2023-09-17 02:05:14',NULL);

--
-- Table structure for table `mapping_guru`
--

CREATE TABLE `mapping_guru` (
  `id` bigint unsigned NOT NULL AUTO_INCREMENT,
  `guru_id` bigint unsigned NOT NULL,
  `mapel_id` bigint unsigned NOT NULL,
  `kelas_id` bigint unsigned NOT NULL,
  `tahun_ajaran_id` bigint unsigned NOT NULL,
  `created_at` timestamp NULL DEFAULT NULL,
  `updated_at` timestamp NULL DEFAULT NULL,
  PRIMARY KEY (`id`),
  KEY `mapping_guru_guru_id_foreign` (`guru_id`),
  KEY `mapping_guru_mapel_id_foreign` (`mapel_id`),
  KEY `mapping_guru_kelas_id_foreign` (`kelas_id`),
  KEY `mapping_guru_tahun_ajaran_id_foreign` (`tahun_ajaran_id`),
  CONSTRAINT `mapping_guru_guru_id_foreign` FOREIGN KEY (`guru_id`) REFERENCES `guru` (`id`) ON DELETE CASCADE ON UPDATE CASCADE,
  CONSTRAINT `mapping_guru_kelas_id_foreign` FOREIGN KEY (`kelas_id`) REFERENCES `kelas` (`id`) ON DELETE CASCADE ON UPDATE CASCADE,
  CONSTRAINT `mapping_guru_mapel_id_foreign` FOREIGN KEY (`mapel_id`) REFERENCES `mapels` (`id`) ON DELETE CASCADE ON UPDATE CASCADE,
  CONSTRAINT `mapping_guru_tahun_ajaran_id_foreign` FOREIGN KEY (`tahun_ajaran_id`) REFERENCES `tahun_ajarans` (`id`) ON DELETE CASCADE ON UPDATE CASCADE
) ENGINE=InnoDB AUTO_INCREMENT=352 DEFAULT CHARSET=utf8mb4 COLLATE=utf8mb4_unicode_ci;

--
-- Dumping data for table `mapping_guru`
--

INSERT INTO `mapping_guru` VALUES (2,71,1,7,4,'2023-09-17 00:39:37','2023-09-17 00:39:37'),(3,71,1,8,4,'2023-09-17 00:39:37','2023-09-17 00:39:37'),(4,72,1,3,4,'2023-09-17 00:40:44','2023-09-17 00:40:44'),(5,72,1,5,4,'2023-09-17 00:40:44','2023-09-17 00:40:44'),(6,72,1,4,4,'2023-09-17 00:40:44','2023-09-17 00:40:44'),(7,72,1,6,4,'2023-09-17 00:40:44','2023-09-17 00:40:44'),(8,72,1,9,4,'2023-09-17 00:40:44','2023-09-17 00:40:44'),(9,72,1,10,4,'2023-09-17 00:40:44','2023-09-17 00:40:44'),(10,72,1,11,4,'2023-09-17 00:40:44','2023-09-17 00:40:44'),(11,64,2,3,4,'2023-09-17 00:44:56','2023-09-17 00:44:56'),(12,64,2,4,4,'2023-09-17 00:44:56','2023-09-17 00:44:56'),(13,64,2,5,4,'2023-09-17 00:44:56','2023-09-17 00:44:56'),(14,64,2,6,4,'2023-09-17 00:44:56','2023-09-17 00:44:56'),(15,64,2,7,4,'2023-09-17 00:44:56','2023-09-17 00:44:56'),(16,64,2,8,4,'2023-09-17 00:44:56','2023-09-17 00:44:56'),(17,64,2,9,4,'2023-09-17 00:44:56','2023-09-17 00:44:56'),(18,85,2,10,4,'2023-09-17 00:45:35','2023-09-17 00:45:35'),(19,85,2,11,4,'2023-09-17 00:45:35','2023-09-17 00:45:35'),(20,61,3,3,4,'2023-09-17 00:46:34','2023-09-17 00:46:34'),(21,61,3,4,4,'2023-09-17 00:46:34','2023-09-17 00:46:34'),(22,61,3,5,4,'2023-09-17 00:46:34','2023-09-17 00:46:34'),(23,61,3,6,4,'2023-09-17 00:46:34','2023-09-17 00:46:34'),(27,74,3,7,4,'2023-09-17 00:48:32','2023-09-17 00:48:32'),(28,74,3,8,4,'2023-09-17 00:48:32','2023-09-17 00:48:32'),(29,8,8,3,4,'2023-09-17 00:49:20','2023-09-17 00:49:20'),(30,8,8,4,4,'2023-09-17 00:49:20','2023-09-17 00:49:20'),(31,8,8,5,4,'2023-09-17 00:49:20','2023-09-17 00:49:20'),(32,8,8,6,4,'2023-09-17 00:49:20','2023-09-17 00:49:20'),(33,8,8,8,4,'2023-09-17 00:49:20','2023-09-17 00:49:20'),(34,82,8,7,4,'2023-09-17 00:49:55','2023-09-17 00:49:55'),(35,82,8,9,4,'2023-09-17 00:49:55','2023-09-17 00:49:55'),(36,82,8,10,4,'2023-09-17 00:49:55','2023-09-17 00:49:55'),(37,82,8,11,4,'2023-09-17 00:49:55','2023-09-17 00:49:55'),(38,76,6,3,4,'2023-09-17 00:50:34','2023-09-17 00:50:34'),(39,76,6,4,4,'2023-09-17 00:50:34','2023-09-17 00:50:34'),(40,76,6,5,4,'2023-09-17 00:50:34','2023-09-17 00:50:34'),(41,76,6,6,4,'2023-09-17 00:50:34','2023-09-17 00:50:34'),(42,76,6,7,4,'2023-09-17 00:50:34','2023-09-17 00:50:34'),(43,76,6,8,4,'2023-09-17 00:50:34','2023-09-17 00:50:34'),(44,77,6,9,4,'2023-09-17 00:51:25','2023-09-17 00:51:25'),(45,77,6,10,4,'2023-09-17 00:51:25','2023-09-17 00:51:25'),(46,77,6,11,4,'2023-09-17 00:51:25','2023-09-17 00:51:25'),(47,57,7,3,4,'2023-09-17 00:53:16','2023-09-17 00:53:16'),(48,57,7,4,4,'2023-09-17 00:53:16','2023-09-17 00:53:16'),(49,57,7,5,4,'2023-09-17 00:53:16','2023-09-17 00:53:16'),(50,57,7,6,4,'2023-09-17 00:53:16','2023-09-17 00:53:16'),(51,57,7,7,4,'2023-09-17 00:53:16','2023-09-17 00:53:16'),(52,57,7,8,4,'2023-09-17 00:53:16','2023-09-17 00:53:16'),(53,57,7,9,4,'2023-09-17 00:53:16','2023-09-17 00:53:16'),(54,57,7,10,4,'2023-09-17 00:53:16','2023-09-17 00:53:16'),(55,57,7,11,4,'2023-09-17 00:53:16','2023-09-17 00:53:16'),(56,76,42,7,4,'2023-09-17 00:54:16','2023-09-17 00:54:16'),(57,76,42,8,4,'2023-09-17 00:54:16','2023-09-17 00:54:16'),(58,76,42,10,4,'2023-09-17 00:54:16','2023-09-17 00:54:16'),(59,76,42,11,4,'2023-09-17 00:54:16','2023-09-17 00:54:16'),(60,81,42,3,4,'2023-09-17 00:55:37','2023-09-17 00:55:37'),(61,81,42,4,4,'2023-09-17 00:55:37','2023-09-17 00:55:37'),(62,81,42,5,4,'2023-09-17 00:55:37','2023-09-17 00:55:37'),(63,81,42,6,4,'2023-09-17 00:55:37','2023-09-17 00:55:37'),(64,81,42,9,4,'2023-09-17 00:55:37','2023-09-17 00:55:37'),(65,67,4,10,4,'2023-09-17 00:56:51','2023-09-17 00:56:51'),(66,67,4,11,4,'2023-09-17 00:56:51','2023-09-17 00:56:51'),(67,75,4,7,4,'2023-09-17 00:57:23','2023-09-17 00:57:23'),(68,75,4,8,4,'2023-09-17 00:57:23','2023-09-17 00:57:23'),(69,75,4,9,4,'2023-09-17 00:57:23','2023-09-17 00:57:23'),(70,86,4,3,4,'2023-09-17 00:58:15','2023-09-17 00:58:15'),(71,86,4,4,4,'2023-09-17 00:58:15','2023-09-17 00:58:15'),(72,86,4,5,4,'2023-09-17 00:58:15','2023-09-17 00:58:15'),(73,86,4,6,4,'2023-09-17 00:58:15','2023-09-17 00:58:15'),(74,66,5,7,4,'2023-09-17 01:00:09','2023-09-17 01:00:09'),(75,66,5,10,4,'2023-09-17 01:00:09','2023-09-17 01:00:09'),(76,66,5,11,4,'2023-09-17 01:00:09','2023-09-17 01:00:09'),(77,58,5,3,4,'2023-09-17 01:00:55','2023-09-17 01:00:55'),(78,58,5,4,4,'2023-09-17 01:00:55','2023-09-17 01:00:55'),(79,58,5,5,4,'2023-09-17 01:00:55','2023-09-17 01:00:55'),(80,58,5,6,4,'2023-09-17 01:00:55','2023-09-17 01:00:55'),(81,58,5,8,4,'2023-09-17 01:00:55','2023-09-17 01:00:55'),(82,58,5,9,4,'2023-09-17 01:00:55','2023-09-17 01:00:55'),(83,6,43,7,4,'2023-09-17 01:05:25','2023-09-17 01:05:25'),(84,6,43,9,4,'2023-09-17 01:05:25','2023-09-17 01:05:25'),(85,6,43,8,4,'2023-09-17 01:05:25','2023-09-17 01:05:25'),(86,4,43,3,4,'2023-09-17 01:06:10','2023-09-17 01:06:10'),(87,4,43,4,4,'2023-09-17 01:06:10','2023-09-17 01:06:10'),(88,4,43,5,4,'2023-09-17 01:06:10','2023-09-17 01:06:10'),(89,4,43,6,4,'2023-09-17 01:06:10','2023-09-17 01:06:10'),(90,93,43,10,4,'2023-09-17 01:07:15','2023-09-17 01:07:15'),(91,93,43,11,4,'2023-09-17 01:07:15','2023-09-17 01:07:15'),(92,84,9,3,4,'2023-09-17 01:08:12','2023-09-17 01:08:12'),(93,84,9,4,4,'2023-09-17 01:08:12','2023-09-17 01:08:12'),(94,84,9,5,4,'2023-09-17 01:08:12','2023-09-17 01:08:12'),(95,84,9,6,4,'2023-09-17 01:08:12','2023-09-17 01:08:12'),(96,83,9,7,4,'2023-09-17 01:10:13','2023-09-17 01:10:13'),(97,83,9,8,4,'2023-09-17 01:10:13','2023-09-17 01:10:13'),(98,83,9,9,4,'2023-09-17 01:10:13','2023-09-17 01:10:13'),(99,86,9,10,4,'2023-09-17 01:11:19','2023-09-17 01:11:19'),(100,86,9,11,4,'2023-09-17 01:11:19','2023-09-17 01:11:19'),(101,87,10,7,4,'2023-09-17 01:15:10','2023-09-17 01:15:10'),(102,56,11,7,4,'2023-09-17 01:16:41','2023-09-17 01:16:41'),(103,93,12,7,4,'2023-09-17 01:17:12','2023-09-17 01:17:12'),(104,89,13,8,4,'2023-09-17 01:17:49','2023-09-17 01:17:49'),(105,62,14,8,4,'2023-09-17 01:18:22','2023-09-17 01:18:22'),(106,93,15,8,4,'2023-09-17 01:18:53','2023-09-17 01:18:53'),(107,3,16,3,4,'2023-09-17 01:20:19','2023-09-17 01:20:19'),(108,3,16,4,4,'2023-09-17 01:20:19','2023-09-17 01:20:19'),(109,3,16,5,4,'2023-09-17 01:20:19','2023-09-17 01:20:19'),(110,3,16,6,4,'2023-09-17 01:20:19','2023-09-17 01:20:19'),(111,4,17,3,4,'2023-09-17 01:20:46','2023-09-17 01:20:46'),(112,4,17,4,4,'2023-09-17 01:20:46','2023-09-17 01:20:46'),(113,4,17,5,4,'2023-09-17 01:20:46','2023-09-17 01:20:46'),(114,4,17,6,4,'2023-09-17 01:20:46','2023-09-17 01:20:46'),(115,5,18,3,4,'2023-09-17 01:21:50','2023-09-17 01:21:50'),(116,5,18,4,4,'2023-09-17 01:21:50','2023-09-17 01:21:50'),(117,5,18,5,4,'2023-09-17 01:21:50','2023-09-17 01:21:50'),(118,5,18,6,4,'2023-09-17 01:21:50','2023-09-17 01:21:50'),(122,70,20,9,4,'2023-09-17 01:23:21','2023-09-17 01:23:21'),(123,70,20,10,4,'2023-09-17 01:23:21','2023-09-17 01:23:21'),(124,70,20,11,4,'2023-09-17 01:23:21','2023-09-17 01:23:21'),(125,92,21,9,4,'2023-09-17 01:24:39','2023-12-16 21:46:55'),(126,92,21,10,4,'2023-09-17 01:24:39','2023-12-16 21:47:34'),(127,92,21,11,4,'2023-09-17 01:24:39','2023-12-16 21:48:34'),(128,68,1,12,4,'2023-09-17 01:35:37','2023-09-17 01:35:37'),(129,68,1,13,4,'2023-09-17 01:35:37','2023-09-17 01:35:37'),(130,68,1,14,4,'2023-09-17 01:35:37','2023-09-17 01:35:37'),(131,68,1,15,4,'2023-09-17 01:35:37','2023-09-17 01:35:37'),(132,68,1,16,4,'2023-09-17 01:35:37','2023-09-17 01:35:37'),(133,68,1,17,4,'2023-09-17 01:35:37','2023-09-17 01:35:37'),(134,71,1,18,4,'2023-09-17 01:36:23','2023-09-17 01:36:23'),(135,71,1,19,4,'2023-09-17 01:36:23','2023-09-17 01:36:23'),(136,71,1,20,4,'2023-09-17 01:36:23','2023-09-17 01:36:23'),(137,71,1,21,4,'2023-09-17 01:36:23','2023-09-17 01:36:23'),(138,63,2,12,4,'2023-09-17 01:37:52','2023-09-17 01:37:52'),(139,63,2,13,4,'2023-09-17 01:37:52','2023-09-17 01:37:52'),(140,63,2,14,4,'2023-09-17 01:37:52','2023-09-17 01:37:52'),(141,63,2,18,4,'2023-09-17 01:37:52','2023-09-17 01:37:52'),(142,63,2,19,4,'2023-09-17 01:37:52','2023-09-17 01:37:52'),(143,63,2,20,4,'2023-09-17 01:37:52','2023-09-17 01:37:52'),(144,85,2,16,4,'2023-09-17 01:38:33','2023-09-17 01:38:33'),(145,85,2,17,4,'2023-09-17 01:38:33','2023-09-17 01:38:33'),(146,85,2,21,4,'2023-09-17 01:38:33','2023-09-17 01:38:33'),(147,73,3,16,4,'2023-09-17 01:39:36','2023-09-17 01:39:36'),(148,73,3,18,4,'2023-09-17 01:39:36','2023-09-17 01:39:36'),(149,73,3,19,4,'2023-09-17 01:39:37','2023-09-17 01:39:37'),(150,73,3,20,4,'2023-09-17 01:39:37','2023-09-17 01:39:37'),(151,73,3,21,4,'2023-09-17 01:39:37','2023-09-17 01:39:37'),(152,74,3,17,4,'2023-09-17 01:40:19','2023-09-17 01:40:19'),(153,74,3,12,4,'2023-09-17 01:40:19','2023-09-17 01:40:19'),(154,74,3,13,4,'2023-09-17 01:40:19','2023-09-17 01:40:19'),(155,74,3,14,4,'2023-09-17 01:40:19','2023-09-17 01:40:19'),(156,74,3,15,4,'2023-09-17 01:40:19','2023-09-17 01:40:19'),(157,67,4,16,4,'2023-09-17 01:41:11','2023-09-17 01:41:11'),(158,67,4,17,4,'2023-09-17 01:41:11','2023-09-17 01:41:11'),(159,75,4,12,4,'2023-09-17 01:42:04','2023-09-17 01:42:04'),(160,75,4,13,4,'2023-09-17 01:42:04','2023-09-17 01:42:04'),(161,75,4,14,4,'2023-09-17 01:42:04','2023-09-17 01:42:04'),(162,75,4,15,4,'2023-09-17 01:42:04','2023-09-17 01:42:04'),(163,69,4,18,4,'2023-09-17 01:43:54','2023-09-17 01:43:54'),(164,69,4,19,4,'2023-09-17 01:43:54','2023-09-17 01:43:54'),(165,69,4,20,4,'2023-09-17 01:43:54','2023-09-17 01:43:54'),(166,69,4,21,4,'2023-09-17 01:43:54','2023-09-17 01:43:54'),(167,78,5,17,4,'2023-09-17 01:44:45','2023-09-17 01:44:45'),(168,78,5,18,4,'2023-09-17 01:44:45','2023-09-17 01:44:45'),(169,78,5,19,4,'2023-09-17 01:44:45','2023-09-17 01:44:45'),(170,78,5,20,4,'2023-09-17 01:44:45','2023-09-17 01:44:45'),(171,78,5,12,4,'2023-09-17 01:44:45','2023-09-17 01:44:45'),(172,78,5,13,4,'2023-09-17 01:44:45','2023-09-17 01:44:45'),(173,78,5,14,4,'2023-09-17 01:44:45','2023-09-17 01:44:45'),(174,78,5,15,4,'2023-09-17 01:44:45','2023-09-17 01:44:45'),(175,58,5,16,4,'2023-09-17 01:45:26','2023-09-17 01:45:26'),(176,58,5,21,4,'2023-09-17 01:45:26','2023-09-17 01:45:26'),(177,8,8,12,4,'2023-09-17 01:47:01','2023-09-17 01:47:01'),(178,8,8,13,4,'2023-09-17 01:47:01','2023-09-17 01:47:01'),(179,8,8,14,4,'2023-09-17 01:47:01','2023-09-17 01:47:01'),(180,8,8,15,4,'2023-09-17 01:47:01','2023-09-17 01:47:01'),(181,8,8,16,4,'2023-09-17 01:47:01','2023-09-17 01:47:01'),(182,8,8,17,4,'2023-09-17 01:47:01','2023-09-17 01:47:01'),(183,82,8,18,4,'2023-09-17 01:47:37','2023-09-17 01:47:37'),(184,82,8,19,4,'2023-09-17 01:47:37','2023-09-17 01:47:37'),(185,82,8,20,4,'2023-09-17 01:47:37','2023-09-17 01:47:37'),(186,82,8,21,4,'2023-09-17 01:47:37','2023-09-17 01:47:37'),(187,56,22,16,4,'2023-09-17 01:50:07','2023-09-17 01:50:07'),(188,6,23,16,4,'2023-09-17 01:50:41','2023-09-17 01:50:41'),(189,87,26,16,4,'2023-09-17 01:51:19','2023-09-17 01:51:19'),(190,6,24,16,4,'2023-09-17 01:51:41','2023-09-17 01:51:41'),(191,6,25,16,4,'2023-09-17 01:52:09','2023-09-17 01:52:09'),(192,89,27,17,4,'2023-09-17 01:52:56','2023-09-17 01:52:56'),(193,93,29,17,4,'2023-09-17 01:54:05','2023-09-17 01:54:05'),(194,62,28,17,4,'2023-09-17 01:54:42','2023-09-17 01:54:42'),(195,93,30,17,4,'2023-09-17 01:55:20','2023-09-17 01:55:20'),(196,3,31,12,4,'2023-09-17 01:55:57','2023-09-17 01:55:57'),(197,3,31,13,4,'2023-09-17 01:55:57','2023-09-17 01:55:57'),(198,3,31,14,4,'2023-09-17 01:55:57','2023-09-17 01:55:57'),(199,3,31,15,4,'2023-09-17 01:55:57','2023-09-17 01:55:57'),(200,4,32,12,4,'2023-09-17 01:56:30','2023-09-17 01:56:30'),(201,4,32,14,4,'2023-09-17 01:56:30','2023-09-17 01:56:30'),(202,4,32,13,4,'2023-09-17 01:56:30','2023-09-17 01:56:30'),(203,4,32,15,4,'2023-09-17 01:56:30','2023-09-17 01:56:30'),(204,2,33,12,4,'2023-09-17 01:56:53','2023-09-17 01:56:53'),(205,2,33,14,4,'2023-09-17 01:56:53','2023-09-17 01:56:53'),(206,2,33,13,4,'2023-09-17 01:56:53','2023-09-17 01:56:53'),(207,2,33,15,4,'2023-09-17 01:56:53','2023-09-17 01:56:53'),(208,3,34,12,4,'2023-09-17 01:57:17','2023-09-17 01:57:17'),(209,3,34,13,4,'2023-09-17 01:57:17','2023-09-17 01:57:17'),(210,3,34,14,4,'2023-09-17 01:57:17','2023-09-17 01:57:17'),(211,3,34,15,4,'2023-09-17 01:57:17','2023-09-17 01:57:17'),(212,93,36,18,4,'2023-09-17 01:59:22','2023-09-17 01:59:22'),(213,93,36,19,4,'2023-09-17 01:59:22','2023-09-17 01:59:22'),(214,93,36,20,4,'2023-09-17 01:59:22','2023-09-17 01:59:22'),(215,70,35,18,4,'2023-09-17 02:00:03','2023-09-17 02:00:03'),(216,70,35,19,4,'2023-09-17 02:00:03','2023-09-17 02:00:03'),(217,70,35,20,4,'2023-09-17 02:00:03','2023-09-17 02:00:03'),(218,90,37,18,4,'2023-09-17 02:00:35','2023-09-17 02:00:35'),(219,90,37,19,4,'2023-09-17 02:00:35','2023-09-17 02:00:35'),(220,90,37,20,4,'2023-09-17 02:00:35','2023-09-17 02:00:35'),(221,93,40,21,4,'2023-09-17 02:01:15','2023-09-17 02:01:15'),(222,70,39,21,4,'2023-09-17 02:01:58','2023-09-17 02:01:58'),(223,90,38,21,4,'2023-09-17 02:02:35','2023-09-17 02:02:35'),(224,5,44,12,4,'2023-09-17 02:08:05','2023-09-17 02:08:05'),(225,5,44,13,4,'2023-09-17 02:08:05','2023-09-17 02:08:05'),(226,5,44,14,4,'2023-09-17 02:08:05','2023-09-17 02:08:05'),(227,5,44,15,4,'2023-09-17 02:08:05','2023-09-17 02:08:05'),(228,57,44,18,4,'2023-09-17 02:08:41','2023-09-17 02:08:41'),(229,57,44,19,4,'2023-09-17 02:08:41','2023-09-17 02:08:41'),(230,57,44,20,4,'2023-09-17 02:08:41','2023-09-17 02:08:41'),(231,57,44,21,4,'2023-09-17 02:08:41','2023-09-17 02:08:41'),(232,87,44,16,4,'2023-09-17 02:08:58','2023-09-17 02:08:58'),(233,89,44,17,4,'2023-09-17 02:09:48','2023-09-17 02:09:48'),(234,76,42,16,4,'2023-09-17 02:10:56','2023-09-17 02:10:56'),(235,76,42,17,4,'2023-09-17 02:10:56','2023-09-17 02:10:56'),(236,84,42,12,4,'2023-09-17 02:11:40','2023-09-17 02:11:40'),(237,84,42,13,4,'2023-09-17 02:11:40','2023-09-17 02:11:40'),(238,84,42,14,4,'2023-09-17 02:11:40','2023-09-17 02:11:40'),(239,84,42,15,4,'2023-09-17 02:11:40','2023-09-17 02:11:40'),(240,81,42,18,4,'2023-09-17 02:12:17','2023-09-17 02:12:17'),(241,81,42,19,4,'2023-09-17 02:12:17','2023-09-17 02:12:17'),(242,81,42,20,4,'2023-09-17 02:12:17','2023-09-17 02:12:17'),(243,81,42,21,4,'2023-09-17 02:12:17','2023-09-17 02:12:17'),(244,68,1,22,4,'2023-09-17 02:15:07','2023-09-17 02:15:07'),(245,68,1,23,4,'2023-09-17 02:15:07','2023-09-17 02:15:07'),(246,68,1,24,4,'2023-09-17 02:15:07','2023-09-17 02:15:07'),(247,68,1,27,4,'2023-09-17 02:15:07','2023-09-17 02:15:07'),(248,68,1,28,4,'2023-09-17 02:15:07','2023-09-17 02:15:07'),(249,68,1,29,4,'2023-09-17 02:15:07','2023-09-17 02:15:07'),(250,71,1,25,4,'2023-09-17 02:15:36','2023-09-17 02:15:36'),(251,71,1,26,4,'2023-09-17 02:15:36','2023-09-17 02:15:36'),(252,64,2,22,4,'2023-09-17 02:16:21','2023-09-17 02:16:21'),(253,64,2,23,4,'2023-09-17 02:16:21','2023-09-17 02:16:21'),(254,64,2,24,4,'2023-09-17 02:16:21','2023-09-17 02:16:21'),(255,64,2,25,4,'2023-09-17 02:16:21','2023-09-17 02:16:21'),(256,64,2,26,4,'2023-09-17 02:16:21','2023-09-17 02:16:21'),(257,63,2,27,4,'2023-09-17 02:16:59','2023-09-17 02:16:59'),(258,63,2,28,4,'2023-09-17 02:16:59','2023-09-17 02:16:59'),(259,63,2,29,4,'2023-09-17 02:16:59','2023-09-17 02:16:59'),(260,61,3,22,4,'2023-09-17 02:18:00','2023-09-17 02:18:00'),(261,61,3,24,4,'2023-09-17 02:18:00','2023-09-17 02:18:00'),(262,61,3,23,4,'2023-09-17 02:18:00','2023-09-17 02:18:00'),(263,61,3,25,4,'2023-09-17 02:18:00','2023-09-17 02:18:00'),(264,61,3,26,4,'2023-09-17 02:18:00','2023-09-17 02:18:00'),(265,61,3,27,4,'2023-09-17 02:18:00','2023-09-17 02:18:00'),(266,61,3,28,4,'2023-09-17 02:18:00','2023-09-17 02:18:00'),(267,61,3,29,4,'2023-09-17 02:18:00','2023-09-17 02:18:00'),(268,67,4,22,4,'2023-09-17 02:19:15','2023-09-17 02:19:15'),(269,67,4,23,4,'2023-09-17 02:19:15','2023-09-17 02:19:15'),(270,67,4,24,4,'2023-09-17 02:19:15','2023-09-17 02:19:15'),(271,67,4,26,4,'2023-09-17 02:19:15','2023-09-17 02:19:15'),(272,69,4,25,4,'2023-09-17 02:19:45','2023-09-17 02:19:45'),(273,69,4,28,4,'2023-09-17 02:19:45','2023-09-17 02:19:45'),(275,69,4,27,4,'2023-09-17 02:19:45','2023-09-17 02:19:45'),(276,66,5,22,4,'2023-09-17 02:21:26','2023-09-17 02:21:26'),(277,66,5,23,4,'2023-09-17 02:21:26','2023-09-17 02:21:26'),(278,66,5,24,4,'2023-09-17 02:21:26','2023-09-17 02:21:26'),(279,66,5,27,4,'2023-09-17 02:21:26','2023-09-17 02:21:26'),(280,66,5,26,4,'2023-09-17 02:21:26','2023-09-17 02:21:26'),(281,66,5,28,4,'2023-09-17 02:21:26','2023-09-17 02:21:26'),(282,58,5,25,4,'2023-09-17 02:21:56','2023-09-17 02:21:56'),(283,58,5,29,4,'2023-09-17 02:21:56','2023-09-17 02:21:56'),(284,88,22,25,4,'2023-09-17 02:23:12','2023-09-17 02:23:12'),(285,88,23,25,4,'2023-09-17 02:23:36','2023-09-17 02:23:36'),(286,6,25,25,4,'2023-09-17 02:24:08','2023-09-17 02:24:08'),(287,6,24,25,4,'2023-09-17 02:24:29','2023-09-17 02:24:29'),(288,6,26,16,4,'2023-09-17 02:25:11','2023-10-10 23:26:45'),(289,89,27,26,4,'2023-09-17 02:25:42','2023-09-17 02:25:42'),(290,62,29,26,4,'2023-09-17 02:26:01','2023-09-17 02:26:01'),(291,62,28,26,4,'2023-09-17 02:26:30','2023-09-17 02:26:30'),(292,62,30,26,4,'2023-09-17 02:26:54','2023-09-17 02:26:54'),(293,3,34,22,4,'2023-09-17 02:27:23','2023-09-17 02:27:23'),(294,3,34,23,4,'2023-09-17 02:27:24','2023-09-17 02:27:24'),(295,3,34,24,4,'2023-09-17 02:27:24','2023-09-17 02:27:24'),(296,2,33,22,4,'2023-09-17 02:27:44','2023-09-17 02:27:44'),(297,2,33,24,4,'2023-09-17 02:27:44','2023-09-17 02:27:44'),(298,2,33,23,4,'2023-09-17 02:27:44','2023-09-17 02:27:44'),(299,4,32,22,4,'2023-09-17 02:28:04','2023-09-17 02:28:04'),(300,4,32,23,4,'2023-09-17 02:28:04','2023-09-17 02:28:04'),(301,4,32,24,4,'2023-09-17 02:28:04','2023-09-17 02:28:04'),(302,70,35,27,4,'2023-09-17 02:30:37','2023-09-17 02:30:37'),(303,70,35,28,4,'2023-09-17 02:30:37','2023-09-17 02:30:37'),(306,93,36,27,4,'2023-09-17 02:31:48','2023-09-17 02:31:48'),(307,93,36,28,4,'2023-09-17 02:31:48','2023-09-17 02:31:48'),(308,70,39,29,4,'2023-09-17 02:32:53','2023-09-17 02:32:53'),(309,90,38,29,4,'2023-09-17 02:33:12','2023-09-17 02:33:12'),(310,93,40,29,4,'2023-09-17 02:33:31','2023-09-17 02:33:31'),(311,5,44,22,4,'2023-09-17 02:34:17','2023-09-17 02:34:17'),(312,5,44,24,4,'2023-09-17 02:34:17','2023-09-17 02:34:17'),(313,5,44,23,4,'2023-09-17 02:34:17','2023-09-17 02:34:17'),(314,57,44,27,4,'2023-09-17 02:34:45','2023-09-17 02:34:45'),(315,57,44,28,4,'2023-09-17 02:34:45','2023-09-17 02:34:45'),(316,57,44,29,4,'2023-09-17 02:34:45','2023-09-17 02:34:45'),(317,87,44,25,4,'2023-09-17 02:35:07','2023-09-17 02:35:07'),(318,87,44,26,4,'2023-09-17 02:35:07','2023-09-17 02:35:07'),(319,65,41,22,4,'2023-09-17 02:35:40','2023-09-17 02:35:40'),(320,65,41,24,4,'2023-09-17 02:35:40','2023-09-17 02:35:40'),(321,65,41,23,4,'2023-09-17 02:35:40','2023-09-17 02:35:40'),(322,65,41,29,4,'2023-09-17 02:35:40','2023-09-17 02:35:40'),(323,65,41,28,4,'2023-09-17 02:35:40','2023-09-17 02:35:40'),(324,65,41,27,4,'2023-09-17 02:35:40','2023-09-17 02:35:40'),(325,65,41,26,4,'2023-09-17 02:35:40','2023-09-17 02:35:40'),(326,65,41,25,4,'2023-09-17 02:35:40','2023-09-17 02:35:40'),(327,87,42,22,4,'2023-09-17 02:36:12','2023-09-17 02:36:12'),(328,87,42,24,4,'2023-09-17 02:36:12','2023-09-17 02:36:12'),(329,87,42,23,4,'2023-09-17 02:36:12','2023-09-17 02:36:12'),(330,80,42,27,4,'2023-09-17 02:36:32','2023-09-17 02:36:32'),(331,80,42,28,4,'2023-09-17 02:36:32','2023-09-17 02:36:32'),(332,80,42,29,4,'2023-09-17 02:36:32','2023-09-17 02:36:32'),(333,84,42,25,4,'2023-09-17 02:36:55','2023-09-17 02:36:55'),(334,84,42,26,4,'2023-09-17 02:36:55','2023-09-17 02:36:55'),(335,63,2,15,4,'2023-10-10 22:48:31','2023-10-10 22:48:31'),(336,73,3,10,4,'2023-10-10 22:56:19','2023-10-10 22:56:19'),(337,73,3,11,4,'2023-10-10 22:56:19','2023-10-10 22:56:19'),(338,73,3,9,4,'2023-10-10 22:56:19','2023-10-10 22:56:19'),(339,67,4,29,4,'2023-10-10 23:08:10','2023-10-10 23:08:10'),(340,79,41,7,4,'2023-10-10 23:09:28','2023-10-10 23:09:28'),(341,79,41,8,4,'2023-10-10 23:09:28','2023-10-10 23:09:28'),(342,79,41,3,4,'2023-10-10 23:09:28','2023-10-10 23:09:28'),(343,79,41,4,4,'2023-10-10 23:09:28','2023-10-10 23:09:28'),(344,79,41,5,4,'2023-10-10 23:09:28','2023-10-10 23:09:28'),(345,79,41,6,4,'2023-10-10 23:09:28','2023-10-10 23:09:28'),(346,79,41,9,4,'2023-10-10 23:09:28','2023-10-10 23:09:28'),(347,79,41,10,4,'2023-10-10 23:09:28','2023-10-10 23:09:28'),(348,79,41,11,4,'2023-10-10 23:09:28','2023-10-10 23:09:28'),(349,70,37,27,4,'2023-10-10 23:25:11','2023-10-10 23:25:11'),(350,70,37,28,4,'2023-10-10 23:25:11','2023-10-10 23:25:11'),(351,6,26,25,4,'2023-10-11 00:09:14','2023-10-11 00:09:14');

--
